NOAA-Style Climate Reports


Report for 2011 January
                  MONTHLY CLIMATOLOGICAL SUMMARY FOR 1/2011
                                        HEAT  COOL        
     MEAN                               DEG   DEG       WIND SPEED       DOM MEAN  MEAN
DAY  TEMP  HIGH   TIME     LOW   TIME   DAYS  DAYS RAIN AVG  HI  TIME    DIR BAROM HUM
---------------------------------------------------------------------------------------
1    41.8  46.3   1:05pm  36.1  12:00am   23    0  0.19   4  25  11:15pm SSE 29.96  100
2    32.2  42.0  12:00am  18.9  11:51pm   33    0  0.08   6  25   7:07pm  NW 29.85   97
3    16.8  19.0  12:08am  14.2   7:41am   48    0  0.01  10  37   5:54am  NW 29.97   84
4    17.6  21.4  12:50pm   8.5   6:52am   47    0  0.00   2  19  12:24am WNW 29.83   89
5    15.8  19.6  12:04am   8.2  11:57pm   49    0  0.00   6  28  12:29pm WNW 29.68   94
6     9.1  16.8   1:09pm   1.4  10:47pm   56    0  0.00   1  11   2:57am WNW 29.65   91
7    10.3  17.2   2:29pm   2.2  12:22am   55    0  0.00   3  17   8:58am ESE 29.54   88
8    16.2  22.5   2:18pm   9.6   5:38am   49    0  0.00   1  13   7:57pm   N 29.48   92
9    14.5  17.0  12:08am   9.4  11:53pm   50    0  0.00  11  36   5:35pm  NW 29.67   94
10    9.0  10.7   1:57pm   6.7   7:12am   56    0  0.00   9  31   2:18am  NW 30.12   92
11   10.0  16.1   1:01pm   2.7   6:58pm   55    0  0.00   1  11  12:00am   N 30.20   92
12   13.6  18.0   6:38pm   6.3   1:32am   49    0  0.00   9  37   5:52pm   N 29.72   93
13   10.1  15.1  12:00am   4.8  11:54pm   55    0  0.00   8  30   5:15am  NW 30.08   92
14    6.9  10.3  11:58am   4.6   1:14am   58    0  0.00   2  19  11:27pm  NW 30.27   91
15    7.8  17.3  11:58pm  -6.0   7:18am   57    0  0.00   3  25   3:38pm SSE 30.00   91
16    9.4  17.4  12:10am  -3.7  11:55pm   56    0  0.00   5  25   6:06am  NW 29.94   92
17   -3.5   4.9   1:33pm -10.5   7:10am   69    0  0.00   2  23  11:45pm  NW 30.34   87
18   15.1  26.8  11:57pm   2.6  12:00am   50    0  0.00   6  34   1:26am SSE 30.03   93
19   19.1  29.1   2:50am  10.3  11:53pm   46    0  0.00   4  25   4:53am   N 29.72   95
20   10.1  15.6  12:31pm   6.5   5:26pm   55    0  0.00   1  14  12:35pm  NW 29.92   92
21    9.7  15.3   1:03pm   2.4  11:51pm   55    0  0.00   5  31   1:44pm  NW 29.58   92
22    0.8   9.9   2:08pm  -5.1   6:14am   64    0  0.00   3  29   2:22am  NW 29.87   89
23   -6.6   2.0  12:00am -21.0  11:57pm   69    0  0.00   6  24  12:24pm  NW 30.03   86
24  -15.8  -6.2   2:50pm -24.9   6:39am   81    0  0.00   3  28  12:09am  NW 30.44   83
25    8.5  18.8  10:55pm  -6.6  12:00am   56    0  0.00   3  16  12:48am  SW 30.15   91
26   20.3  24.7  12:37pm  17.7  11:54pm   45    0  0.00   1  16  11:58am SSE 29.96   95
27   16.8  18.7  12:56pm  14.8   7:26am   48    0  0.00   4  25  11:31am   N 29.70   94
28   15.5  25.0  12:28pm   3.5   6:35am   50    0  0.04   1  16  11:33am  SW 29.80   92
29   17.6  23.7  11:57am  11.1  11:59pm   47    0  0.00   2  18   2:48pm NNW 29.86   93
30   11.5  15.9   2:42pm   2.1  11:58pm   51    0  0.00   5  34   9:36pm  NW 30.04   92
31   -3.0   4.3   1:41pm  -8.5   7:30am   68    0  0.00   4  26  12:05am  NW 30.46   84
---------------------------------------------------------------------------------------
TOT  11.5  46.3   1/1/11 -24.9  1/24/11 1650    0  0.32   4  37  1/12/11  NW 29.93   91

HEAT BASE: 65.0
COOL BASE: 65.0