NOAA-Style Climate Reports


Report for 2011 March
                  MONTHLY CLIMATOLOGICAL SUMMARY FOR 3/2011
                                        HEAT  COOL        
     MEAN                               DEG   DEG       WIND SPEED       DOM MEAN  MEAN
DAY  TEMP  HIGH   TIME     LOW   TIME   DAYS  DAYS RAIN AVG  HI  TIME    DIR BAROM HUM
---------------------------------------------------------------------------------------
1     0.0   0.0  12:00am   0.0  12:00am   65    0  0.00   0   0  12:00am   N 29.88    0
2     0.0   0.0  12:00am   0.0  12:00am   65    0  0.00   0   0  12:00am   N 29.76    0
3     0.0   0.0  12:00am   0.0  12:00am   65    0  0.00   0   0  12:00am   N 30.29    0
4     5.2  62.4   6:40pm   0.0  12:00am   60    0  0.00   0   0  12:00am   N 30.40   12
5    30.9  39.3  10:29pm  21.9  12:10am   34    0  0.06   6  38  11:40am   S 30.24   94
6    32.7  43.0  11:27am  19.2  11:41pm   32    0  1.02  10  36   2:45pm SSW 29.94   98
7    15.5  21.1  12:44am  10.7   2:50pm   49    0  0.00  12  41   7:20am   N 29.93   94
8    10.2  27.9   1:10pm  -7.7   5:36am   55    0  0.34   2  14  12:00am NNW 30.57   92
9    16.0  27.2   2:18pm   0.4  12:56am   49    0  0.04   6  30   7:58pm SSE 30.65   93
10   26.4  31.3  11:45pm  18.6  12:00am   39    0  0.01  12  41   5:41pm SSE 30.30   98
11   35.4  40.4   2:55pm  29.9   3:04am   30    0  0.47   9  37  12:40am SSE 29.80  100
12   29.5  35.7  12:47am  27.0   9:07am   35    0  0.11   5  25  12:59am   W 29.64   99
13   28.9  30.7   5:31am  25.2  11:47pm   35    0  0.06   6  25   3:54pm  NW 29.87   99
14   22.1  31.0   4:47pm  11.4  11:59pm   43    0  0.22   3  16  12:43am NNE 30.28   92
15   22.6  40.0   5:33pm   4.6   6:34am   42    0  0.03   3  22   3:38pm SSW 30.41   79
16   29.8  35.6   5:34pm  25.7  12:54am   35    0  0.04   5  23   1:29am SSE 30.08   95
17   39.2  51.5   3:54pm  31.4   8:02am   26    0  0.01   7  24   7:16am WNW 29.98   75
18   40.7  51.2  11:27am  29.3  11:54pm   24    0  0.02  12  48  12:04pm  NW 29.67   76
19   24.1  30.2   3:22pm  14.2  11:02pm   41    0  0.04   6  26  11:15am   N 30.19   73
20   21.8  35.9   5:45pm   7.8   6:00am   43    0  0.00   2  18  12:40pm  NW 30.56   58
21   25.5  28.2   3:10am  20.9  12:00am   39    0  0.00   9  43   2:15pm SSE 30.10   75
22   25.3  27.8   1:30pm  21.2  11:57pm   40    0  0.05   6  25   6:22am  NW 29.88   97
23   16.9  26.2   3:15pm   8.5  11:32pm   48    0  0.16   3  19  12:27am   N 29.86   87
24   16.1  26.1   2:21pm   4.6   7:28am   49    0  0.01   4  23   3:29pm  NW 29.75   90
25   17.9  23.5   4:44pm   9.5  11:57pm   47    0  0.03   7  29   4:45pm  NW 29.84   82
26   14.2  20.6   3:50pm   8.4   4:28am   51    0  0.00  12  42   5:45pm  NW 29.87   81
27   13.8  21.5   4:22pm   6.0   7:40am   51    0  0.00  13  41   8:15pm  NW 29.84   61
28   15.9  22.6   2:16pm  11.2   5:39am   49    0  0.00  12  37   2:29am  NW 29.84   70
29   21.0  26.9   6:26pm  14.3   6:34am   44    0  0.00   9  29  12:42pm  NW 30.00   78
30   28.1  39.1   5:55pm  20.5   3:28am   37    0  0.00   5  25   4:12pm  NW 30.04   73
31   30.8  42.0   3:07pm  19.8   1:42am   34    0  0.00   4  22   3:10pm SSE 29.86   69
---------------------------------------------------------------------------------------
TOT  21.2  62.4   3/4/11  -7.7   3/8/11 1356    0  2.72   6  46  3/18/11  NW 30.04   74

HEAT BASE: 65.0
COOL BASE: 65.0