NOAA-Style Climate Reports


Report for 2011 May
                  MONTHLY CLIMATOLOGICAL SUMMARY FOR 5/2011
                                        HEAT  COOL        
     MEAN                               DEG   DEG       WIND SPEED       DOM MEAN  MEAN
DAY  TEMP  HIGH   TIME     LOW   TIME   DAYS  DAYS RAIN AVG  HI  TIME    DIR BAROM HUM
---------------------------------------------------------------------------------------
1    47.9  65.3   6:19pm  28.3   6:29am   17    0  0.00   3  18  11:30pm  NE 30.23   48
2    52.0  66.4   3:00pm  39.7   6:24am   13    0  0.00   8  31   3:00pm SSE 30.10   65
3    50.7  53.5   7:36pm  46.8  10:06am   14    0  0.07   4  31  10:36pm  SE 30.01   94
4    41.9  51.6  12:00am  34.2   8:33pm   23    0  0.75   8  31   8:24am  NW 29.88   98
5    33.9  38.7   1:49pm  31.5   9:00pm   31    0  0.34   8  29   4:53pm  NW 29.81   99
6    42.7  55.0   3:38pm  29.8   6:57am   22    0  0.02   7  37   3:39pm WSW 29.76   74
7    47.9  59.4   2:49pm  34.4   5:49am   17    0  0.00   3  25   4:40pm  NW 29.77   71
8    45.4  56.5   4:48pm  35.1   5:19am   20    0  0.00   5  24  11:48am NNE 29.90   77
9    46.6  56.2   4:10pm  36.6   6:31am   18    0  0.00   9  35   2:56pm  NE 29.99   60
10   46.7  57.5   4:58pm  34.2   2:59am   18    0  0.00   7  25   4:24pm ENE 30.04   66
11   49.9  61.5   5:38pm  40.6   6:25am   15    0  0.00   5  22   3:42pm   E 30.10   73
12   52.3  67.0   4:06pm  35.8   3:52am   13    0  0.00   3  22   1:13pm SSE 30.01   70
13   58.6  72.5   4:33pm  45.0   6:00am    8    1  0.00   5  24   3:02pm   S 29.80   68
14   51.2  58.5  11:59am  46.6   5:24am   14    0  0.52   4  22  12:28am   S 29.71   90
15   47.4  49.8   8:28am  42.8  11:54pm   18    0  1.52   5  34   9:50pm ENE 29.67   99
16   45.4  51.4   3:35pm  42.3   3:36am   20    0  0.22   5  26   6:40am  SE 29.81   97
17   49.5  59.8   3:38pm  42.6   1:55am   16    0  0.05   4  23   7:49pm SSE 30.05   98
18   55.3  62.8   1:07pm  49.3   2:58am   10    0  0.00   8  29   1:11pm SSE 30.11   92
19   58.5  69.1   5:24pm  54.4   2:36am    7    0  0.20   6  24  12:56am SSE 30.01   91
20   58.5  71.0   1:45pm  52.4  12:55am    7    0  0.18   2  18   3:13pm SSE 29.91   91
21   58.5  69.4   5:19pm  52.1  10:43pm    7    0  0.35   2  22  12:14am ENE 29.91   91
22   55.9  68.5   3:10pm  47.9  11:47pm    9    0  0.00   6  23  10:50pm SSW 30.01   90
23   49.1  52.4  11:21pm  46.2   6:50am   16    0  0.05   8  35   5:57pm   S 29.88  100
24   60.2  69.2   3:50pm  52.3  12:00am    5    0  0.03   8  28  12:17pm   W 29.63   88
25   54.0  66.6   6:08pm  43.0   6:11am   11    0  0.00   4  19   6:55am   N 29.87   81
26   62.6  77.6   4:09pm  50.8  12:00am    5    3  1.69   7  40   7:05pm SSE 29.79   85
27   62.7  75.1   5:12pm  55.5  11:51pm    4    2  1.20   4  38   7:37pm SSW 29.87   90
28   60.5  70.1   2:08pm  53.6   5:42am    5    0  0.49   6  32   4:09am SSE 29.95   97
29   65.8  75.8   5:32pm  60.5   5:31am    2    2  0.03   6  28  12:29pm  SW 29.92   92
30   66.0  74.9   3:03pm  52.6  11:58pm    2    3  0.39   6  25   4:41pm  NW 29.99   80
31   65.3  79.7   5:26pm  50.9   2:56am    4    5  0.00   2  17   2:47pm WSW 30.10   76
---------------------------------------------------------------------------------------
TOT  53.0  79.7  5/31/11  28.3   5/1/11  390   18  8.10   5  38  5/27/11 SSE 29.92   84

HEAT BASE: 65.0
COOL BASE: 65.0