NOAA-Style Climate Reports


Report for 2011 June
                  MONTHLY CLIMATOLOGICAL SUMMARY FOR 6/2011
                                        HEAT  COOL        
     MEAN                               DEG   DEG       WIND SPEED       DOM MEAN  MEAN
DAY  TEMP  HIGH   TIME     LOW   TIME   DAYS  DAYS RAIN AVG  HI  TIME    DIR BAROM HUM
---------------------------------------------------------------------------------------
1    68.2  81.0   5:16pm  58.0   4:08am    2    5  0.28   9  38   7:35pm WSW 29.79   75
2    47.2  59.8  12:00am  40.7  11:53pm   18    0  0.04  11  38   3:13am WNW 29.72   81
3    46.9  58.4   6:05pm  39.3   1:58am   18    0  0.00   9  34   9:55am  NW 29.96   76
4    50.8  65.1   4:25pm  36.6   4:22am   14    0  0.00   3  22  11:46am   N 30.01   70
5    51.8  62.9   3:08pm  43.0   4:22am   13    0  0.03   3  14  12:00am SSW 29.99   83
6    59.0  75.5   4:42pm  44.1   1:08am    8    2  0.01   3  18   1:04pm   N 29.97   78
7    63.5  79.8   4:19pm  48.0   5:01am    6    5  0.00   2  17  11:00am WSW 29.84   72
8    69.7  85.3   4:38pm  53.5   5:15am    3    8  0.00   4  26   6:04pm WSW 29.74   74
9    67.2  79.3   2:28pm  58.7  11:57pm    1    4  0.33   5  31   8:16pm WSW 29.70   86
10   58.8  68.9   3:19pm  50.6   5:48am    6    0  0.00   5  24   1:29pm   N 29.92   78
11   51.3  56.2  12:15am  46.8  11:55pm   14    0  0.54   7  32   4:18pm SSE 30.02   87
12   46.8  48.9   5:22pm  44.2   2:47am   18    0  0.47   7  35  12:39am   S 29.88   99
13   51.8  58.0   3:22pm  48.3  12:00am   13    0  0.73   3  18  11:33am  NW 29.82   99
14   50.5  61.1   5:19pm  45.4   9:33am   14    0  0.01   6  24   8:38am ENE 29.88   90
15   63.1  75.9   3:37pm  51.5   3:49am    5    3  0.00   6  22  11:50am NNE 29.79   69
16   64.1  79.9   4:05pm  47.8   5:24am    6    5  0.00   3  23   1:12pm  NW 29.79   69
17   59.9  69.4  10:21am  51.4   5:56am    5    0  0.00   2  17   9:19pm   S 29.81   87
18   62.1  72.7   4:51pm  48.7  11:58pm    4    1  0.41   5  29   6:14pm  NW 29.73   85
19   54.2  66.6   5:05pm  41.2   6:22am   11    0  0.00   6  28  10:25am NNW 29.80   70
20   55.9  69.6   5:03pm  42.0   5:34am   10    1  0.00   3  23   2:43pm  NW 29.86   78
21   59.8  75.2   3:55pm  45.0   5:40am    8    2  0.00   2  19   3:51pm  NW 29.89   72
22   59.5  71.3  11:55am  47.0   5:48am    7    1  0.11   4  19   9:27pm SSE 29.89   77
23   57.4  60.6   6:04pm  54.8  12:01am    8    0  0.15   7  30  12:57pm SSE 29.78   98
24   52.1  56.2  12:00am  48.7  11:52pm   13    0  0.66   7  25   2:22am SSE 29.74   99
25   54.3  66.5   4:46pm  47.9   3:57am   11    0  0.31   5  19   9:49am   S 29.77   97
26   59.8  67.2   4:55pm  54.9  12:59am    5    0  0.17   4  18   6:44pm WSW 29.83   98
27   63.9  76.4   4:08pm  52.7  11:33pm    4    3  0.00   2  18   4:09pm NNW 29.94   82
28   63.0  73.6  12:24pm  51.5   3:20am    4    2  0.00   4  26  11:37pm   S 29.84   87
29   62.2  70.5  12:00pm  53.8  11:44pm    3    1  0.09   5  25   1:03pm   W 29.71   88
30   53.8  62.4   5:28pm  49.7   2:44am   11    0  0.10   9  32  12:25am WNW 29.81   96
---------------------------------------------------------------------------------------
TOT  57.6  85.3   6/8/11  36.6   6/4/11  266   44  4.44   5  38   6/1/11  NW 29.84   83

HEAT BASE: 65.0
COOL BASE: 65.0