NOAA-Style Climate Reports


Report for 2011 July
                  MONTHLY CLIMATOLOGICAL SUMMARY FOR 7/2011
                                        HEAT  COOL        
     MEAN                               DEG   DEG       WIND SPEED       DOM MEAN  MEAN
DAY  TEMP  HIGH   TIME     LOW   TIME   DAYS  DAYS RAIN AVG  HI  TIME    DIR BAROM HUM
---------------------------------------------------------------------------------------
1    58.3  67.4   5:31pm  52.9   5:37am    7    0  0.02   5  18   5:12am  NW 29.94   93
2    63.4  77.7   5:21pm  51.1   6:02am    5    3  0.01   2  22   5:37pm SSW 29.97   84
3    64.7  70.8   5:22pm  58.9   2:05am    2    1  0.10   3  18   1:26pm SSW 29.77   90
4    66.0  78.7   2:02pm  53.8  11:53pm    4    5  0.01   4  26   5:20pm  NW 29.74   79
5    65.1  79.6   4:20pm  52.1   5:42am    4    4  0.00   3  30   2:02pm WNW 29.82   76
6    63.4  80.2   2:06pm  53.2   5:09am    5    3  0.30   3  42   4:31pm WSW 29.80   87
7    60.5  70.9   4:20pm  47.8  11:38pm    5    1  0.09   5  26   1:50pm  NW 29.87   83
8    61.0  74.9   3:57pm  47.5   2:17am    6    2  0.00   3  24  11:49am   S 29.86   82
9    60.3  69.7   4:24pm  52.7  11:07pm    5    0  0.06   6  26  10:41am  NW 29.79   85
10   63.1  76.7   4:05pm  48.7   2:52am    5    3  0.00   2  19   1:41pm WSW 29.96   75
11   71.4  83.0   3:45pm  59.0   2:38am    1    7  0.06   4  28   3:55pm WSW 29.78   74
12   68.0  77.3   4:59pm  61.6  11:58pm    0    3  0.68   4  29   4:12pm WNW 29.57   93
13   61.0  70.5   2:28pm  53.9   6:08am    4    1  0.01   5  24  11:30am   N 29.69   89
14   61.5  73.4   4:54pm  50.5   4:22am    5    2  0.00   4  25   4:35pm   N 29.95   71
15   62.8  76.6   3:56pm  48.8   6:01am    5    3  0.00   4  24   3:40pm   N 30.01   72
16   64.4  79.7   4:00pm  49.6   3:59am    6    5  0.00   2  16   1:36pm  NW 30.06   74
17   67.7  81.5   2:25pm  51.5   4:44am    4    7  0.16   5  46  11:08pm   W 29.96   77
18   66.8  75.4   5:50pm  61.4   5:57am    1    3  0.01   5  28  12:55am   W 29.78   90
19   66.4  76.4   3:08pm  53.7  11:41pm    2    3  0.00   5  19   4:09pm  NW 29.79   79
20   68.0  82.6   4:38pm  52.6   3:19am    4    7  0.00   4  25   4:42pm WSW 29.77   80
21   75.6  85.6   5:14pm  67.4   4:02am    0   11  0.00   8  36   4:58pm WSW 29.57   80
22   75.6  86.8   4:51pm  66.8  11:26pm    0   11  0.00   6  32   2:42am WNW 29.69   73
23   71.5  82.8   3:19pm  61.1   7:11am    1    7  0.05   5  31   1:49pm   W 29.78   73
24   62.6  72.8   3:54pm  51.2  11:59pm    4    2  0.10   4  25   1:13pm   N 29.88   80
25   57.1  67.3  11:18am  47.4   3:02am    8    0  0.09   6  26   5:33pm SSE 29.86   89
26   59.8  74.5   4:18pm  50.6  11:56pm    6    1  0.48   4  32   5:57pm  SW 29.63   93
27   58.2  65.6   5:30pm  49.7   1:13am    7    0  0.00   4  22  12:15pm  NW 29.81   94
28   64.1  80.0   4:59pm  48.6   5:50am    5    4  0.00   2  16   4:19pm  NW 29.98   80
29   64.6  73.3   1:54pm  56.3  12:20am    2    2  0.10   3  26   8:26pm   S 29.82   94
30   62.5  71.6   5:29pm  52.5  11:50pm    3    1  0.18   5  28   3:34am  NW 29.85   93
31   61.2  75.5   2:56pm  47.7   6:04am    7    3  0.00   2  22   1:46pm  NW 29.98   81
---------------------------------------------------------------------------------------
TOT  64.4  86.8  7/22/11  47.4  7/25/11  124  105  2.51   4  46  7/17/11  NW 29.83   83

HEAT BASE: 65.0
COOL BASE: 65.0