NOAA-Style Climate Reports


Report for 2011 August
                  MONTHLY CLIMATOLOGICAL SUMMARY FOR 8/2011
                                        HEAT  COOL        
     MEAN                               DEG   DEG       WIND SPEED       DOM MEAN  MEAN
DAY  TEMP  HIGH   TIME     LOW   TIME   DAYS  DAYS RAIN AVG  HI  TIME    DIR BAROM HUM
---------------------------------------------------------------------------------------
1    66.8  82.5   3:54pm  52.9   4:58am    4    6  0.00   3  26   3:22pm   W 29.77   79
2    59.9  68.0   3:35pm  53.3   5:05am    5    0  0.31   3  26   2:41pm   N 29.66   90
3    60.5  73.6   5:06pm  50.3   4:12am    6    1  0.05   1  14  12:15am   N 29.72   88
4    62.8  77.4   5:44pm  52.8   5:55am    5    3  0.01   1  16   6:26pm   N 29.88   86
5    65.8  81.0   3:08pm  53.9   1:21am    4    4  0.00   2  16   3:33pm SSW 30.00   83
6    67.6  79.8   2:49pm  58.2   6:18am    2    5  0.00   2  22   4:07pm SSW 29.90   88
7    65.9  74.2   4:50pm  62.6   6:35am    1    2  0.13   2  18   4:35am SSE 29.62   95
8    65.7  74.8   5:23pm  59.0  10:33pm    2    2  0.04   5  25   5:41pm   N 29.54   89
9    62.7  75.3   1:09pm  51.5   6:14am    4    2  0.21   5  34   8:23pm SSE 29.59   88
10   61.8  74.3   3:37pm  53.8   9:51pm    5    1  0.82   4  31  12:28am   S 29.49   93
11   57.9  66.7  12:11pm  52.4   4:57am    7    0  0.00   3  23  11:09am   W 29.69   89
12   57.7  69.0   2:51pm  50.7  11:55pm    8    0  0.02   5  25   2:30pm  NW 29.90   89
13   62.1  76.8   4:42pm  49.3   5:00am    6    3  0.00   2  18   3:50pm WSW 29.98   83
14   62.7  72.9   2:42pm  55.0  12:32am    4    1  0.04   4  24   3:16pm   S 29.86   91
15   57.0  60.0  12:00am  53.0  11:59pm    8    0  1.23   6  29   4:21pm  SE 29.79   98
16   55.9  68.8   5:16pm  51.5   3:24am    9    0  0.83   4  18   6:27pm   N 29.80   97
17   59.7  73.4   5:16pm  49.0   5:05am    7    2  0.01   2  18   4:13pm  NW 30.03   82
18   63.6  77.9   4:39pm  50.1   1:06am    5    4  0.01   3  25   2:49pm WSW 29.91   81
19   64.9  78.4   2:59pm  54.5   6:41am    4    3  0.00   2  22  11:58am WSW 29.83   87
20   65.1  79.5   3:58pm  53.9   6:38am    4    5  0.00   1  18   4:21pm  NW 29.89   82
21   62.9  76.0  12:06pm  55.5  12:59am    4    2  0.35   3  24   2:33pm SSE 29.80   92
22   56.4  63.8   3:22pm  45.6  11:59pm    9    0  0.06   7  34   3:07pm WNW 29.68   89
23   53.8  66.1   5:27pm  41.2   5:25am   11    0  0.00   3  30   1:39pm WNW 29.92   84
24   61.0  72.7   3:06pm  48.7   6:24am    6    2  0.00   5  30   3:23pm SSW 29.92   80
25   61.6  69.0   3:13pm  57.5  10:30pm    4    0  0.29   6  26  12:00am   S 29.75   96
26   61.3  74.1   5:55pm  53.5  11:59pm    5    2  0.00   3  23   5:19am  NW 29.92   89
27   63.7  74.8   4:11pm  53.3  12:12am    4    3  0.00   2  17  12:49pm  SW 29.85   87
28   60.4  64.4   4:48pm  51.1  11:57pm    5    0  5.32   9  47   2:00pm   E 29.36   98
29   53.4  64.9   4:47pm  44.9  11:34pm   12    0  0.08   9  52   1:24am WNW 29.76   88
30   56.2  70.7   4:41pm  44.1   1:43am   10    1  0.02   3  29   1:06pm WSW 30.04   85
31   59.6  71.2   2:15pm  49.9   6:25am    6    1  0.00   2  17   2:28pm  NW 30.15   84
---------------------------------------------------------------------------------------
TOT  61.2  82.5   8/1/11  41.2  8/23/11  173   55  9.83   4  52  8/29/11 WNW 29.81   88

HEAT BASE: 65.0
COOL BASE: 65.0