NOAA-Style Climate Reports


Report for 2011 September
                  MONTHLY CLIMATOLOGICAL SUMMARY FOR 9/2011
                                        HEAT  COOL        
     MEAN                               DEG   DEG       WIND SPEED       DOM MEAN  MEAN
DAY  TEMP  HIGH   TIME     LOW   TIME   DAYS  DAYS RAIN AVG  HI  TIME    DIR BAROM HUM
---------------------------------------------------------------------------------------
1    60.4  72.6   3:37pm  50.1   2:27am    6    1  0.00   4  17  11:20am SSE 30.14   87
2    62.4  73.4   3:35pm  53.0   5:41am    5    2  0.00   5  19  12:17pm SSE 30.02   80
3    65.8  77.2   4:57pm  57.6   2:59am    2    3  0.01   4  17   2:16pm SSW 29.83   91
4    70.4  80.7   3:44pm  61.1  12:25am    0    6  0.04   5  32  10:36pm SSW 29.74   91
5    61.4  64.8  12:00am  54.2  11:57pm    4    0  1.02   3  19   4:57am SSW 29.73   98
6    54.6  62.8   3:07pm  50.0   7:00am   10    0  0.36   5  22   9:37am   N 30.02   92
7    53.3  56.1   1:55pm  51.7   1:40am   12    0  0.30   3  18  11:12am SSE 30.18   97
8    57.3  66.3   2:01pm  51.9   3:05am    8    0  0.06   1  14  12:24am  NW 30.04   97
9    60.0  70.4   2:55pm  52.1   7:14am    6    1  0.00   4  24   4:56pm  NW 29.82   87
10   52.0  62.7   3:49pm  39.7  11:36pm   13    0  0.00   4  19  11:00am   N 29.94   79
11   52.3  67.2   4:02pm  38.8   2:20am   13    0  0.00   4  25   2:37pm SSW 30.03   89
12   61.5  74.7   4:20pm  51.1   6:50am    5    2  0.01   3  18   1:57pm WSW 29.88   88
13   63.4  75.0   3:13pm  51.8   4:31am    4    3  0.00   5  30   2:55pm  SW 29.77   84
14   57.8  66.2   4:41pm  48.7  11:57pm    7    0  0.18   3  28  12:35am WNW 29.83   90
15   47.6  53.0   2:17am  38.8  11:57pm   17    0  0.53   5  22   8:31am  NW 29.90   99
16   39.0  46.0   2:15pm  35.7   9:55pm   26    0  0.02   8  32   1:20pm WNW 30.17   91
17   42.1  57.1   5:04pm  29.1   6:01am   23    0  0.00   1  13  11:47am  NW 30.43   84
18   46.0  59.8   4:06pm  35.4   4:49am   19    0  0.00   2  14  10:57am ESE 30.45   81
19   47.2  60.9   3:55pm  34.1   6:29am   18    0  0.00   3  22  10:46pm  SE 30.24   80
20   50.1  56.2   5:10pm  45.9   6:05am   15    0  0.11   3  18  12:02am SSW 30.01   96
21   55.2  67.5   5:32pm  43.6   7:28am   10    0  0.00   2  22   2:15pm  SE 30.16   90
22   60.4  65.7   2:50pm  56.5   6:25am    5    0  0.03   3  22   1:12am SSE 30.06   97
23   62.8  71.9   2:28pm  52.5   7:31am    3    1  0.07   2  13   9:51pm  SE 30.06   89
24   64.1  70.3   2:22pm  60.5   3:20am    2    1  0.45   3  18  12:50am  SE 29.96   99
25   61.6  72.2   4:31pm  51.2  11:58pm    4    1  0.01   4  19   4:23pm  NW 30.04   92
26   57.9  72.8   4:16pm  48.4   5:03am    9    2  0.00   3  18   2:55pm  NW 29.98   81
27   59.4  74.8   2:45pm  46.5   7:25am    8    2  0.01   2  18  10:33pm NNE 29.97   82
28   59.1  67.4   3:46pm  53.6  11:23pm    6    0  0.00   7  31  11:56am SSE 29.98   83
29   55.0  57.8   4:57pm  52.5   4:00am   10    0  1.21   6  30   8:13pm SSE 29.69   98
30   54.5  63.7   3:30pm  47.9   6:51am   11    0  0.02   5  30  12:49am  SW 29.59   92
---------------------------------------------------------------------------------------
TOT  56.5  80.7   9/4/11  29.1  9/17/11  280   25  4.44   4  32  9/16/11 SSE 29.99   89

HEAT BASE: 65.0
COOL BASE: 65.0