NOAA-Style Climate Reports


Report for 2011 December
                  MONTHLY CLIMATOLOGICAL SUMMARY FOR 12/2011
                                        HEAT  COOL        
     MEAN                               DEG   DEG       WIND SPEED       DOM MEAN  MEAN
DAY  TEMP  HIGH   TIME     LOW   TIME   DAYS  DAYS RAIN AVG  HI  TIME    DIR BAROM HUM
---------------------------------------------------------------------------------------
1    24.2  29.6   1:58pm  18.6   9:00pm   41    0  0.00   6  26  12:08am  NW 30.13   88
2    26.1  32.6   1:24pm  19.0   2:47am   39    0  0.01   3  26  11:45pm WNW 30.30   93
3    25.1  33.6   2:27pm  19.7   7:47am   40    0  0.04   3  19  12:16am   S 30.58   83
4    32.5  42.1   2:00pm  24.8   6:13am   33    0  0.01   7  30   2:52pm SSE 30.39   80
5    40.3  45.0   3:10pm  35.3   3:26am   25    0  0.00   3  16  12:02am SSW 30.21   84
6    39.1  44.5   2:58am  31.5  11:53pm   26    0  0.29   2  13   2:15am  NW 29.98   98
7    31.9  33.4   2:34pm  29.0  11:55pm   33    0  0.00   2  16  11:46pm NNW 29.80   99
8    21.9  29.0  12:00am  14.0   8:25pm   43    0  0.01   9  42  12:18pm  NW 29.84   95
9    25.7  29.3   1:37pm  22.1   7:57am   39    0  0.00   3  25   2:57am SSW 30.19   93
10   20.8  27.4   2:27am  14.1   6:57pm   44    0  0.00   4  24   1:27pm  NW 30.23   91
11   18.8  25.4   1:32pm  13.4   8:05am   46    0  0.02   3  18  11:36am SSW 30.49   84
12   25.6  40.4   1:45pm  17.2   7:53am   39    0  0.17   1  18   2:25am SSW 30.45   79
13   27.8  32.3  12:23pm  20.5  12:00am   37    0  0.02   3  16   3:24am  NW 30.35   81
14   28.8  30.9  12:00pm  27.9   7:53pm   36    0  0.01   2  28  11:45pm SSE 30.32   98
15   33.8  41.1  10:21pm  27.9  12:12am   31    0  0.51   8  37   3:20am   S 29.82   99
16   30.3  41.1  12:18am  22.7  11:56pm   35    0  0.15  11  49   9:00am   W 29.79   97
17   13.2  22.7  12:00am   0.6  11:09pm   52    0  0.00   4  18   6:11am  NW 30.12   92
18    2.0  12.8   2:02pm  -6.0   7:45am   63    0  0.00   1  10   5:02am   N 30.28   85
19   20.4  31.9   8:18pm  -0.9  12:00am   45    0  0.00   4  28   1:18pm   S 29.96   87
20   14.6  28.3  12:00am   4.1   8:28pm   50    0  0.00   6  31   4:18am  NW 30.09   87
21   26.6  39.7  11:47pm   8.8  12:05am   38    0  0.29   3  17   5:47am  SE 29.90   95
22   31.8  41.0   3:33am  26.6   9:03pm   33    0  0.18   5  34   4:37am WNW 29.88   99
23   23.8  29.9   9:38am   8.0  11:57pm   41    0  0.00   4  30   3:06pm  NW 30.00   97
24    2.0   9.7   1:24pm  -5.9   9:05pm   63    0  0.00   1  14   4:44am  NW 30.43   87
25   12.5  23.3  11:57pm  -3.5  12:29am   53    0  0.00   4  24   4:08am SSE 30.18   91
26   18.7  24.7   3:55am  11.5   8:16pm   46    0  0.00   3  24   8:30am WNW 30.06   95
27   25.3  36.3  11:59pm  14.1   1:13am   40    0  0.00   5  31  11:03pm SSE 29.82   93
28   23.6  39.9   2:57am   3.1  11:57pm   41    0  0.56  11  41  12:47am WNW 29.31   96
29    2.3   9.8   2:04pm  -3.9   7:56am   63    0  0.00   8  40  12:59am  NW 29.88   85
30   13.8  25.2  11:59pm  -0.4   3:09am   51    0  0.00   3  23  11:21pm SSE 30.08   92
31   32.2  35.4   2:47pm  25.2  12:00am   33    0  0.12   6  32   6:03am SSE 29.90   99
---------------------------------------------------------------------------------------
TOT  23.1  45.0  12/5/11  -6.0 12/18/11 1300    0  2.39   4  49 12/16/11  NW 30.09   91

HEAT BASE: 65.0
COOL BASE: 65.0