NOAA-Style Climate Reports


Report for 2012 January
                  MONTHLY CLIMATOLOGICAL SUMMARY FOR 1/2012
                                        HEAT  COOL        
     MEAN                               DEG   DEG       WIND SPEED       DOM MEAN  MEAN
DAY  TEMP  HIGH   TIME     LOW   TIME   DAYS  DAYS RAIN AVG  HI  TIME    DIR BAROM HUM
---------------------------------------------------------------------------------------
1    32.0  34.7   7:06pm  29.5   5:30am   33    0  0.16   6  41   7:26pm  NW 29.83   99
2    26.1  35.2   2:45am  13.7  11:57pm   39    0  0.04   7  31   8:36pm   W 29.48   96
3     0.5  13.7  12:00am  -9.7  11:58pm   65    0  0.00   8  30   6:27am  NW 29.90   88
4    -0.5   9.7  11:59pm -10.8   2:44am   66    0  0.00   3  19  12:24am  NW 30.06   87
5    13.7  18.9   1:03pm   6.9  11:53pm   51    0  0.00   5  31   3:14pm WNW 29.80   91
6    17.5  27.6   8:53pm   6.5   1:46am   48    0  0.00   2  23  10:35am SSE 29.79   94
7    29.2  37.1  12:20pm  21.1  12:33am   36    0  0.04   1  22   7:14pm WNW 29.70   97
8    17.6  29.3  12:08am   6.2  11:47pm   47    0  0.00   8  32  11:08am  NW 30.10   92
9    15.0  24.3   4:03pm   4.7   2:48am   50    0  0.00   2  19  11:55pm SSW 30.16   88
10   22.8  26.9   2:59pm  11.2  11:54pm   42    0  0.00   7  36   6:17pm  NW 29.80   86
11   15.6  24.9   2:13pm   5.4   7:52am   49    0  0.02   3  24  11:45pm SSE 30.06   76
12   22.8  25.6  11:55pm  20.0   5:28am   42    0  0.00   8  40  12:08pm  SE 29.74   95
13   25.2  30.3   1:37pm  17.6  11:59pm   40    0  0.00   8  35   6:02pm   S 29.26   97
14    0.5  17.6  12:00am -13.3  11:54pm   65    0  0.00   8  32   7:17am  NW 29.81   88
15   -9.5  -4.2   2:18pm -14.7   8:05am   75    0  0.00   5  23   4:48am  NW 30.37   85
16    3.8  15.3  11:58pm -11.8   7:47am   61    0  0.00   4  31   4:50pm SSE 30.40   89
17   25.1  31.2  11:54pm  15.3  12:00am   40    0  0.00   5  25   6:31pm SSW 29.74   97
18   12.7  32.2   2:02am  -0.9  11:41pm   52    0  0.00  12  47   8:34am WNW 29.74   90
19    5.4  15.2   3:03pm -10.3   7:12am   60    0  0.00   6  35   7:04pm SSE 30.14   85
20    8.2  16.3   5:56am  -5.7   9:34pm   57    0  0.00   7  29  12:19pm WNW 30.08   86
21    1.3   9.0   2:46pm  -3.9   7:49pm   64    0  0.00   0  10  12:31am NNE 30.27   84
22    6.8  19.1   1:28pm  -6.0   7:22am   58    0  0.01   4  31  10:41pm   S 30.51   83
23   25.0  35.5  11:54pm  14.3  12:00am   40    0  0.01  10  36   8:13pm SSE 30.16   96
24   32.1  38.8   5:28am  25.4  11:58pm   33    0  0.83   6  29   8:16pm WNW 29.84   99
25   20.4  25.5  12:00am  16.6   8:22pm   45    0  0.00  10  38  12:10pm  NW 30.13   92
26   21.1  27.4   1:22pm  15.3   8:22am   44    0  0.02   5  23   8:38pm SSE 30.13   84
27   28.3  31.8   3:53pm  23.1  11:34pm   37    0  0.01   4  32   3:34am SSE 29.53   98
28   26.0  29.6   1:43pm  22.8   7:40am   39    0  0.00   0   0  12:00am   N 29.79   97
29   22.1  27.0  12:00am  18.1   7:07am   43    0  0.00   0   0  12:00am   N 29.87   91
30   13.6  23.0   1:35am   1.1  10:45pm   51    0  0.00   1  17   4:29pm WNW 30.08   90
31   17.0  27.9  11:49pm   2.1  12:00am   48    0  0.00   2  16  12:34pm SSE 30.10   94
---------------------------------------------------------------------------------------
TOT  16.0  38.8  1/24/12 -14.7  1/15/12 1518    0  1.14   5  47  1/18/12  NW 29.95   91

HEAT BASE: 65.0
COOL BASE: 65.0