NOAA-Style Climate Reports


Report for 2012 March
                  MONTHLY CLIMATOLOGICAL SUMMARY FOR 3/2012
                                        HEAT  COOL        
     MEAN                               DEG   DEG       WIND SPEED       DOM MEAN  MEAN
DAY  TEMP  HIGH   TIME     LOW   TIME   DAYS  DAYS RAIN AVG  HI  TIME    DIR BAROM HUM
---------------------------------------------------------------------------------------
1    18.3  20.1  11:56am  13.6  10:47pm   47    0  0.00   7  29   3:35am  SE 29.87   94
2    18.4  24.2   2:12pm  13.8   1:23am   47    0  0.00   5  28   7:04pm SSE 30.02   94
3    28.8  38.7   3:11pm  20.7  12:00am   36    0  0.16  11  46   5:11am SSE 29.48   92
4    24.7  30.3   1:42pm  10.4  11:58pm   40    0  0.02   5  32   1:06am  NW 29.52   86
5     5.1  10.7   4:19pm  -1.6   7:55am   60    0  0.01   6  26   3:00pm  NW 29.97   82
6    11.0  25.3   4:52pm  -2.3   3:58am   53    0  0.00   4  23   7:00am  NW 30.50   62
7    37.4  53.7   3:26pm  20.8  12:00am   28    0  0.13   7  29  11:58pm SSW 30.26   48
8    47.0  56.7  12:27pm  31.2  11:58pm   18    0  0.41  11  42   9:48pm  SW 29.80   71
9    21.3  31.2  12:00am  13.8  10:13pm   44    0  0.09   7  40  12:04am  NW 29.94   92
10   19.4  27.6   2:43pm  11.3   8:26pm   46    0  0.02   3  23   2:23pm  NW 30.36   83
11   32.3  47.6   5:31pm  18.4   7:26am   31    0  0.01   5  23  11:05am SSW 30.27   64
12   42.3  54.2   5:03pm  30.4   4:43am   23    0  0.00   3  19  10:48am  NW 30.16   63
13   45.7  55.5   3:42pm  34.4  11:18pm   19    0  0.04   3  24   3:53pm SSE 29.89   75
14   34.8  41.4   3:26am  29.8   7:18am   30    0  0.06   3  22   3:13am  NW 30.05   93
15   33.9  40.6   4:53pm  30.7   7:29am   31    0  0.04   3  25  11:12pm SSE 30.25   94
16   33.4  37.4   8:00pm  31.2   8:33am   32    0  0.18   5  25   1:59am SSE 30.13   99
17   40.0  53.1   4:51pm  32.6   7:54am   25    0  0.01   3  17   1:54am SSW 30.26   84
18   51.4  70.9   4:03pm  35.5   3:29am   14    1  0.00   3  25   4:38pm   W 30.15   67
19   53.0  69.7   4:01pm  40.2   2:53am   12    0  0.00   2  13   4:16pm  NW 30.11   81
20   54.1  73.1   4:49pm  38.0   5:32am   12    1  0.01   2  16   1:32pm  NW 30.20   78
21   56.7  74.9   5:04pm  43.8   4:10am   11    2  0.00   2  17   1:31pm  NW 30.21   77
22   57.0  73.1   3:21pm  43.3   2:56am    9    1  0.00   5  28   4:24pm  NW 30.07   77
23   48.1  56.2   2:34pm  40.1  11:58pm   17    0  0.00   8  41  11:58am   N 30.06   54
24   38.3  47.3   4:55pm  29.8   7:26am   27    0  0.00   3  28   3:14am NNE 30.07   40
25   38.0  40.2   4:24am  35.4  10:40am   27    0  0.09   3  22  11:17am SSW 29.82   85
26   24.3  39.7  12:09am  16.1  11:53pm   41    0  0.02  12  43   7:47pm NNW 29.81   79
27   19.9  32.8   4:58pm   9.3   7:09am   45    0  0.01   9  37   4:00am NNW 30.18   47
28   27.7  34.4  10:57pm  20.4   6:37am   37    0  0.14   5  28  11:28am SSE 29.77   79
29   27.0  33.0  12:00am  23.6  11:37pm   38    0  0.00   7  24  12:49am  NW 29.73   97
30   23.7  32.3   4:50pm  16.6   7:31am   41    0  0.05   7  31   1:20pm  NW 29.99   82
31   29.0  43.0   4:16pm  16.0   2:22am   36    0  0.01   1  17   3:46pm NNE 29.95   63
---------------------------------------------------------------------------------------
TOT  33.6  74.9  3/21/12  -2.3   3/6/12  977    6  1.51   5  46   3/3/12  NW 30.03   77

HEAT BASE: 65.0
COOL BASE: 65.0