NOAA-Style Climate Reports


Report for 2012 April
                  MONTHLY CLIMATOLOGICAL SUMMARY FOR 4/2012
                                        HEAT  COOL        
     MEAN                               DEG   DEG       WIND SPEED       DOM MEAN  MEAN
DAY  TEMP  HIGH   TIME     LOW   TIME   DAYS  DAYS RAIN AVG  HI  TIME    DIR BAROM HUM
---------------------------------------------------------------------------------------
1    28.6  39.5  11:13am  19.0   6:21am   36    0  0.00   1  16  12:48pm   N 29.75   76
2    30.9  38.9   2:52pm  26.1   7:30am   34    0  0.04   7  40   5:07pm   N 29.72   68
3    31.1  42.0   4:57pm  19.8   6:57am   34    0  0.00   8  31   2:37pm  NW 29.80   45
4    34.7  42.7   1:47pm  26.9   7:32am   30    0  0.00   8  36   1:42pm  NW 29.57   60
5    27.6  30.0   6:38pm  24.2   8:15am   37    0  0.00   8  31   5:45am  NW 29.76   78
6    30.7  38.6   2:47pm  23.6   7:17am   34    0  0.00   8  31  12:49pm  NW 29.92   59
7    32.6  40.2   1:41pm  26.2   7:34am   32    0  0.00   8  31   1:47pm   N 29.98   57
8    32.9  38.3   8:50pm  27.6   6:58am   32    0  0.00   6  29   5:18pm  NW 29.73   74
9    32.6  36.6   5:02am  30.9  11:03pm   32    0  0.37   6  29   6:29pm WSW 29.41   93
10   33.4  41.0   3:32pm  31.0  12:00am   32    0  0.70   5  29   3:53pm WSW 29.55   97
11   34.7  44.0   5:03pm  30.5   6:26am   30    0  0.13   3  18   4:40pm NNE 29.79   92
12   35.3  45.0   1:58pm  27.0  11:09pm   30    0  0.02   6  26   2:08pm   N 29.98   86
13   39.2  52.0   4:12pm  26.1   6:23am   26    0  0.00   6  31   4:06pm  NW 30.06   66
14   44.3  59.0   2:42pm  28.0   6:47am   21    0  0.00   4  25   4:04pm WNW 30.00   53
15   54.0  66.5   3:18pm  42.1  12:14am   11    0  0.00   4  31   2:10pm WSW 29.86   63
16   65.9  79.3   5:44pm  53.3   5:10am    4    5  0.00   7  35   3:21pm SSW 29.81   65
17   54.8  66.5   1:33am  35.9  11:59pm   10    0  0.00   9  31   6:04pm WNW 29.94   58
18   37.6  52.8   5:49pm  27.5   7:19am   27    0  0.00   4  22  12:34am  NW 30.17   67
19   46.8  64.3   4:30pm  28.5   5:35am   18    0  0.00   4  32   4:18pm  SW 29.97   60
20   55.7  70.0   5:14pm  38.9   6:16am   10    1  0.00   5  30   2:47pm SSW 29.82   62
21   48.2  60.5   1:28pm  33.7  11:29pm   17    0  0.33   6  28   5:48pm   S 29.68   87
22   32.0  33.9   5:18pm  29.1   7:35am   33    0  0.59   6  25   5:17am NNE 29.84   98
23   43.9  58.2   4:17pm  33.5  12:34am   21    0  0.62  11  41   9:16am SSE 29.36   98
24   39.3  46.5  12:00am  34.4   7:14am   26    0  0.09   9  38   1:57pm   S 29.34   85
25   35.6  44.3   2:56pm  29.4   5:11am   29    0  0.02   5  40   1:13pm SSW 29.69   85
26   40.0  54.0   3:34pm  27.4   7:03am   25    0  0.11   5  36   5:50pm   S 29.73   79
27   29.4  41.2   1:56am  21.9  11:40pm   36    0  0.20  13  53   3:17pm WNW 29.68   97
28   26.5  37.7   5:25pm  19.6   7:09am   39    0  0.01  11  38   2:19pm WNW 30.07   74
29   31.4  39.7   4:54pm  23.5   6:15am   34    0  0.00  10  40  11:48am WNW 30.08   51
30   39.8  54.9   5:31pm  25.6   6:08am   25    0  0.00   3  18   3:10am  NW 30.21   48
---------------------------------------------------------------------------------------
TOT  38.3  79.3  4/16/12  19.0   4/1/12  806    6  3.23   7  53  4/27/12  NW 29.81   73

HEAT BASE: 65.0
COOL BASE: 65.0