NOAA-Style Climate Reports


Report for 2012 June
                  MONTHLY CLIMATOLOGICAL SUMMARY FOR 6/2012
                                        HEAT  COOL        
     MEAN                               DEG   DEG       WIND SPEED       DOM MEAN  MEAN
DAY  TEMP  HIGH   TIME     LOW   TIME   DAYS  DAYS RAIN AVG  HI  TIME    DIR BAROM HUM
---------------------------------------------------------------------------------------
1    53.0  64.9   2:09pm  38.1   4:15am   12    0  0.00   3  23   9:18pm SSE 29.98   68
2    48.1  53.1  12:00am  45.4   7:26am   17    0  0.78   9  44  12:49pm SSE 29.78   92
3    48.8  56.0   3:05pm  44.1  11:36pm   16    0  0.11   6  29   3:06pm  SE 29.69   95
4    44.9  48.0   1:10pm  43.2   5:16am   20    0  0.35   5  23  10:20am ENE 29.74   97
5    48.4  60.8   3:50pm  40.4  11:05pm   16    0  0.01   4  23  12:55pm  NE 29.85   88
6    49.9  63.4   4:21pm  40.0  12:26am   15    0  0.07   1  34   4:28pm ENE 29.91   88
7    53.1  66.4   1:51pm  41.9   3:27am   12    0  0.00   2  24   3:19pm   N 29.89   81
8    55.7  68.6   2:05pm  43.2  12:29am   10    0  0.03   3  30   3:06pm   W 29.76   82
9    56.4  69.4   4:43pm  44.8   5:51am    9    0  0.00   5  32  12:31pm  NW 29.82   74
10   60.2  77.6   4:37pm  41.5   4:39am    8    3  0.00   2  13  10:23am  NW 30.03   72
11   63.8  75.1   4:33pm  54.8   4:54am    4    3  0.00   6  23   3:15pm SSE 30.10   73
12   61.7  74.1  12:44pm  54.6   2:35am    5    2  0.14   6  30   2:35pm SSW 29.92   86
13   58.2  64.7   1:48pm  50.0  11:59pm    7    0  0.20   5  24   1:46pm  NW 29.92   93
14   57.1  69.7   4:04pm  40.3   4:52am    9    1  0.00   4  22   8:17am  NE 30.21   68
15   59.7  74.6   4:19pm  41.5   5:34am    8    2  0.00   2  18   2:16pm   E 30.25   64
16   61.5  76.0   3:10pm  46.5   1:28am    7    3  0.00   3  18   9:49pm SSE 30.21   75
17   60.3  74.4   4:05pm  47.7   5:40am    7    2  0.00   6  25   4:07pm   S 30.07   77
18   58.2  69.9   3:23pm  48.0   4:59am    8    1  0.00   5  23  12:30pm SSE 30.01   83
19   62.7  77.5   3:09pm  47.9   5:08am    5    3  0.00   4  19   8:57pm  SW 29.98   87
20   73.3  85.4   4:38pm  60.5   5:37am    0    9  0.00   6  26   4:38pm WNW 29.88   79
21   74.7  86.4   4:41pm  64.8   5:31am    0   10  0.00   5  28  10:46am  NW 29.73   78
22   67.5  78.1   2:19pm  54.3  10:56pm    2    5  0.00   5  26  11:44am  NW 29.70   79
23   61.6  72.6  11:15am  49.9  11:58pm    4    1  0.06   4  25  12:05pm  NW 29.81   85
24   60.0  75.4   3:37pm  43.1   5:27am    8    3  0.08   3  26   8:22pm  NW 29.88   75
25   55.3  63.2  12:43pm  48.4  11:59pm   10    0  0.89   3  18   7:35pm NNW 29.67   96
26   50.1  52.0   2:17pm  47.5   3:56am   15    0  0.33   6  29   9:27pm  NW 29.59  100
27   53.2  55.5   5:40pm  51.3   9:32am   12    0  0.30  10  37  12:12pm WNW 29.56  100
28   59.4  71.3   5:37pm  50.9  11:43pm    7    1  0.00   6  32   4:57pm WNW 29.67   89
29   66.4  82.2   2:35pm  50.2   1:39am    4    5  0.19   5  37   4:59pm   W 29.55   79
30   68.8  79.9   2:11pm  54.5   3:36am    2    6  0.00   6  36  12:10pm   W 29.57   65
---------------------------------------------------------------------------------------
TOT  58.4  86.4  6/21/12  38.1   6/1/12  257   59  3.54   5  44   6/2/12  NW 29.86   82

HEAT BASE: 65.0
COOL BASE: 65.0