NOAA-Style Climate Reports


Report for 2012 July
                  MONTHLY CLIMATOLOGICAL SUMMARY FOR 7/2012
                                        HEAT  COOL        
     MEAN                               DEG   DEG       WIND SPEED       DOM MEAN  MEAN
DAY  TEMP  HIGH   TIME     LOW   TIME   DAYS  DAYS RAIN AVG  HI  TIME    DIR BAROM HUM
---------------------------------------------------------------------------------------
1    64.8  76.7   2:18pm  53.6  11:40pm    3    3  0.00   4  30   4:43pm  NW 29.71   81
2    60.6  72.4   1:47pm  50.3   3:14am    6    1  0.12   4  25   6:55pm  NW 29.83   86
3    59.9  73.3   3:38pm  47.0   5:21am    7    2  0.00   3  29   2:00pm  NW 29.85   84
4    62.7  78.1   2:26pm  54.1  12:00am    4    2  1.90   2  46   4:20pm WSW 29.70   95
5    61.4  68.7   2:26pm  56.7  11:53pm    4    0  0.00   5  22   5:32am   N 29.77   94
6    66.5  80.0   2:59pm  52.4   5:16am    3    5  0.01   2  16   2:59pm WNW 29.82   83
7    68.8  77.2  11:37am  58.4  10:52pm    1    4  0.00   5  28  12:47pm  NW 29.72   81
8    61.2  69.3   3:29pm  51.0  11:54pm    4    1  0.00   6  30   1:35pm  NW 29.79   74
9    55.2  67.7   4:37pm  42.8   5:33am   10    0  0.00   4  29  12:10pm  NW 29.91   75
10   58.4  74.6   2:27pm  42.6   5:08am    9    2  0.00   3  23  12:03pm WNW 30.00   74
11   62.5  78.1   3:19pm  47.6   5:11am    7    4  0.00   2  22  12:15pm  NW 30.10   75
12   65.2  81.5   3:44pm  47.9   5:11am    6    6  0.00   3  30  11:58am   W 30.09   72
13   67.6  84.5   4:19pm  51.4   3:20am    5    7  0.00   2  22   3:15pm WSW 30.09   70
14   68.9  84.9   4:39pm  54.2   3:42am    3    7  0.00   2  18   2:55pm  NW 30.06   75
15   68.6  82.0  12:27pm  57.4   5:04am    2    6  0.07   1  28   2:19pm SSW 29.94   84
16   67.5  78.4   3:12pm  59.0   3:07am    1    4  0.00   4  22   1:03pm  NW 29.75   91
17   67.7  80.7   2:53pm  59.8   3:32am    1    4  0.44   3  25   2:34pm WSW 29.64   94
18   64.1  72.0  12:59pm  51.2  11:51pm    3    2  0.00   6  32   3:30pm  NW 29.78   84
19   55.5  66.6   3:14pm  43.6   5:45am   10    0  0.00   3  22  12:30pm   N 29.97   79
20   57.2  73.4   3:19pm  41.6   5:04am    9    2  0.00   1  14   2:14pm NNE 30.04   76
21   61.3  76.7   3:55pm  45.8   4:29am    7    3  0.00   2  16  11:37am WSW 30.03   75
22   67.1  79.2   4:32pm  54.0   6:15am    2    5  0.00   3  19   3:18pm WSW 30.00   74
23   69.2  81.9   4:48pm  60.0  10:39pm    1    6  0.13   4  44   7:48pm  SW 29.83   81
24   62.0  71.0   1:35pm  54.4   9:11pm    3    0  0.94   7  29   5:38pm  NW 29.58   94
25   57.8  68.2   3:54pm  50.1   4:41am    8    0  0.00   5  26  11:42am  NW 29.78   82
26   56.8  60.4   4:32pm  52.1  12:06am    8    0  0.25   1  11   9:44am SSE 29.65   97
27   64.3  75.4   5:08pm  58.1   6:58am    3    2  0.00   3  16   1:39pm NNE 29.73   88
28   64.9  73.2  11:07am  57.0   2:59am    3    3  0.00   1  13   5:36pm  NE 29.92   85
29   64.7  77.3   2:20pm  57.4  12:50am    3    2  0.00   1  14   4:18pm  SE 29.96   89
30   65.1  79.3   3:20pm  52.2   5:37am    4    4  0.00   2  19   2:41pm  SW 30.00   83
31   67.7  79.2   3:35pm  59.0  12:00am    2    5  0.00   5  29   1:09pm SSW 29.93   78
---------------------------------------------------------------------------------------
TOT  63.4  84.9  7/14/12  41.6  7/20/12  141   92  3.86   3  46   7/4/12  NW 29.87   82

HEAT BASE: 65.0
COOL BASE: 65.0