NOAA-Style Climate Reports


Report for 2012 August
                  MONTHLY CLIMATOLOGICAL SUMMARY FOR 8/2012
                                        HEAT  COOL        
     MEAN                               DEG   DEG       WIND SPEED       DOM MEAN  MEAN
DAY  TEMP  HIGH   TIME     LOW   TIME   DAYS  DAYS RAIN AVG  HI  TIME    DIR BAROM HUM
---------------------------------------------------------------------------------------
1    63.9  75.9   4:19pm  55.8   3:26am    3    2  0.00   3  14   3:47am SSW 29.80   91
2    67.1  81.1   3:44pm  55.8   4:40am    3    5  0.00   2  17   4:32pm WNW 29.79   85
3    68.0  80.0   2:43pm  57.9   5:51am    2    5  0.08   3  23   2:42pm   W 29.91   85
4    70.2  86.1   4:19pm  54.8   4:04am    3    8  0.00   3  25   6:43pm SSE 30.11   79
5    69.9  78.7   5:01pm  62.8   5:46am    0    5  0.68   7  34   4:50pm SSW 29.92   89
6    60.5  67.4   6:09pm  50.3  10:24pm    5    0  0.01   5  25   1:15pm  NW 29.90   88
7    61.1  78.1   4:09pm  46.9   5:35am    7    4  0.00   2  19  12:31pm WSW 29.94   79
8    63.7  79.7   3:13pm  50.8   3:24am    5    4  0.00   1  14   3:13pm  NW 29.92   82
9    63.4  77.3   1:37pm  56.1   1:12am    3    2  1.64   1  29   3:31pm  SE 29.88   94
10   64.0  71.3  12:45pm  61.2   2:21am    2    1  0.32   5  28   1:28pm  SE 29.82   99
11   66.2  76.4   1:41pm  58.2   6:18am    1    3  0.02   4  23   5:11pm SSE 29.81   94
12   68.2  78.3   2:28pm  56.9  11:59pm    1    4  0.11   4  25  12:22pm  SW 29.82   84
13   62.9  74.6   3:44pm  53.5   5:47am    4    2  0.00   2  17   2:36pm  NW 29.87   88
14   62.9  75.5   2:38pm  54.5   3:33am    4    2  0.00   1  18  11:06am WNW 29.88   89
15   64.5  74.2   3:05pm  56.8  12:03am    2    2  0.05   2  16   1:19pm  NW 29.82   91
16   62.8  73.1   3:27pm  53.9  11:59pm    4    1  0.01   4  28   4:36pm  NW 29.81   87
17   61.4  76.9   2:31pm  51.2   6:06am    6    2  0.19   2  24   6:10pm   W 29.75   90
18   56.4  68.4   3:29pm  46.9  10:20pm    9    0  0.00   3  22   1:56pm  NW 29.84   85
19   54.5  69.3   4:14pm  41.1   5:52am   11    1  0.00   1  13   2:35pm  NW 29.92   82
20   58.6  74.7   3:36pm  45.0   5:18am    8    2  0.00   2  18   2:14pm  SW 29.86   80
21   59.0  70.2   4:01pm  47.0  11:58pm    7    1  0.02   3  22  11:51am  NW 29.94   82
22   58.1  73.5   4:54pm  45.6   4:49am    9    2  0.00   2  19   3:15pm   W 30.07   79
23   60.7  76.4   2:34pm  47.3   5:37am    7    3  0.04   3  25  12:19pm   W 30.07   84
24   64.2  77.5   4:01pm  53.5   5:50am    5    4  0.03   2  17   1:55am  NW 30.13   82
25   65.7  79.2   2:50pm  52.4   5:50am    4    5  0.01   3  16  12:46pm SSW 30.21   85
26   67.0  81.2   3:03pm  54.8   4:29am    3    5  0.00   1  13   3:18pm SSE 30.21   82
27   64.3  75.6   1:21pm  54.0   6:02am    3    2  0.05   3  28   2:55pm WSW 29.99   89
28   61.5  69.0  12:38pm  51.1  11:39pm    4    0  0.40   5  30   5:25pm   N 29.77   92
29   54.3  66.9   3:20pm  43.4   6:43am   11    0  0.00   5  28   3:07pm  NW 29.91   74
30   59.2  73.1   3:41pm  42.5   3:03am    8    2  0.00   5  26   1:58pm   W 29.91   76
31   62.8  70.9   3:55pm  58.4   4:39am    3    1  0.15   5  25   5:12pm WSW 29.81   82
---------------------------------------------------------------------------------------
TOT  62.8  86.1   8/4/12  41.1  8/19/12  146   78  3.81   3  34   8/5/12  NW 29.92   85

HEAT BASE: 65.0
COOL BASE: 65.0