NOAA-Style Climate Reports


Report for 2012 October
                  MONTHLY CLIMATOLOGICAL SUMMARY FOR 10/2012
                                        HEAT  COOL        
     MEAN                               DEG   DEG       WIND SPEED       DOM MEAN  MEAN
DAY  TEMP  HIGH   TIME     LOW   TIME   DAYS  DAYS RAIN AVG  HI  TIME    DIR BAROM HUM
---------------------------------------------------------------------------------------
1    47.1  49.8   2:46pm  44.0   6:41am   18    0  0.34   6  32  12:40pm   W 29.65  100
2    52.4  60.1  11:50am  43.9   7:08am   13    0  0.00   1  11  12:49am  SW 29.96   95
3    55.7  58.9   2:20pm  52.6  12:00am    9    0  0.26   2  14  10:51am  SE 30.05  100
4    56.0  58.3   1:47pm  47.6  11:58pm    9    0  0.44   1  14  12:04pm SSE 30.04  100
5    56.3  67.4   2:57pm  45.7   7:32am    9    0  0.00   3  24   2:41pm WSW 29.90   89
6    49.8  59.0   9:42am  38.3  11:59pm   15    0  0.46   6  28   7:02pm WNW 29.72   95
7    38.3  43.9   2:04pm  33.0   4:26am   27    0  0.09   2  22   1:51am   W 29.99   89
8    36.8  46.7   3:24pm  29.8  11:57pm   28    0  0.04   2  18   1:29pm WNW 30.19   90
9    39.2  50.0   3:22pm  27.8   5:32am   26    0  0.00   4  23  11:19am SSE 30.23   89
10   42.7  47.2   2:25pm  38.0  11:59pm   22    0  0.68   7  37   8:28pm SSE 29.87   97
11   36.9  42.3   3:02pm  32.3   6:23am   28    0  0.08   7  40   6:18am   W 29.93   84
12   33.5  41.3   4:00am  25.9  11:35pm   32    0  0.06   8  37   3:48pm  NW 30.09   83
13   31.8  41.9   4:08pm  21.0   7:28am   33    0  0.00   4  28  11:15am  NW 30.34   74
14   39.5  49.5  11:33pm  30.8   2:30am   25    0  0.23   6  24   4:20am   S 30.00   99
15   51.5  58.5  12:20pm  46.7  11:54pm   13    0  0.35   5  26  10:26am SSE 29.62   99
16   36.3  46.9   1:29am  31.6  10:40am   29    0  0.02   9  35  10:35am WNW 29.67   94
17   39.2  52.7   4:25pm  28.6   5:07am   26    0  0.00   2  18   3:05am  NW 29.93   83
18   47.7  60.3   2:21pm  37.3   4:38am   17    0  0.00   7  32   1:35pm SSE 29.98   68
19   48.4  55.3  11:40pm  43.1   2:36am   17    0  0.96   9  40   3:03pm SSE 29.87   98
20   56.0  64.5   2:31pm  43.1  11:58pm    9    0  0.01   6  36   6:01pm   S 29.59   87
21   41.4  46.3   1:50pm  36.7   1:56am   24    0  0.02   6  34  12:04pm   W 29.75   92
22   41.3  45.6   3:38pm  37.6   4:38am   24    0  0.01  12  43   7:50am  NW 29.90   90
23   40.4  49.8   3:39pm  33.3  11:59pm   25    0  0.00   4  23  12:10am  NW 30.07   83
24   38.9  54.3   3:33pm  26.5   7:20am   26    0  0.00   1  13   1:23pm  NW 30.17   72
25   46.5  59.0   2:29pm  32.1   4:25am   19    0  0.00   4  19   9:53am   S 30.20   65
26   52.9  68.3   1:48pm  39.9   7:12am   13    0  0.00   2  17  12:07am SSE 30.10   84
27   52.7  64.9   2:00pm  42.7   7:15am   12    0  0.00   2  18  12:23pm SSE 30.00   89
28   48.8  57.5  12:32pm  42.8   7:34am   16    0  0.00   2  18   7:56pm   E 29.93   85
29   49.1  55.3   4:03pm  44.1   2:06am   16    0  0.24  10  53  10:41pm   E 29.61   92
30   53.7  61.7   2:21pm  49.3  11:57pm   11    0  1.48   9  47  12:12am  SE 29.45   96
31   45.8  51.9  10:48am  37.0  11:57pm   19    0  0.04   6  32  11:17am SSE 29.43   96
---------------------------------------------------------------------------------------
TOT  45.4  68.3 10/26/12  21.0 10/13/12  608    0  5.81   5  53 10/29/12 SSE 29.91   89

HEAT BASE: 65.0
COOL BASE: 65.0