NOAA-Style Climate Reports


Report for 2012 November
                  MONTHLY CLIMATOLOGICAL SUMMARY FOR 11/2012
                                        HEAT  COOL        
     MEAN                               DEG   DEG       WIND SPEED       DOM MEAN  MEAN
DAY  TEMP  HIGH   TIME     LOW   TIME   DAYS  DAYS RAIN AVG  HI  TIME    DIR BAROM HUM
---------------------------------------------------------------------------------------
1    37.4  38.9   3:09pm  36.0   7:44am   28    0  0.01   3  16   3:58pm SSW 29.45   95
2    34.5  36.6  12:00am  31.6  11:14pm   30    0  0.04   5  25   8:55pm  NW 29.52   97
3    30.9  32.3   2:50am  30.1  10:44am   34    0  0.04   9  29   1:20pm  NW 29.72   99
4    27.9  30.4  12:00am  25.1  11:18pm   37    0  0.01   6  28   5:53am  NW 29.91   99
5    23.2  27.7  12:57pm  18.7  11:59pm   42    0  0.01   2  19   2:50pm  NW 30.03   95
6    19.5  29.1  12:46pm  13.8   6:36am   45    0  0.03   1  14   4:54am  NW 30.20   90
7    20.5  27.0   1:03pm  11.3   6:38am   45    0  0.00   3  19   3:46pm NNE 30.14   89
8    25.0  27.4   6:47pm  21.5   6:45am   40    0  0.00   9  36  11:38pm   N 29.91   94
9    28.8  33.5   1:51pm  23.6   7:43am   36    0  0.09   8  31   1:15pm  NW 29.99   92
10   30.2  37.1   1:17pm  22.7   8:22pm   35    0  0.04   5  32   4:02am  NW 30.28   83
11   41.3  53.6   1:54pm  28.4  12:00am   24    0  0.01   5  25   4:22am   S 30.36   75
12   52.0  62.0   1:05pm  41.2   4:15am   13    0  0.00   8  41   8:40pm   S 30.21   72
13   34.2  55.1   2:27am  22.8  11:48pm   31    0  0.82   8  38   1:41am  NW 30.21   93
14   24.5  32.0   1:36pm  18.1   7:14am   40    0  0.05   2  19  11:35am  NE 30.54   84
15   22.7  32.9   1:24pm  16.2   4:31am   42    0  0.03   0   7  12:10pm  NW 30.43   90
16   25.6  35.6   1:40pm  16.8   1:31am   39    0  0.00   2  17   8:45am NNE 30.38   86
17   26.3  35.3   1:31pm  17.1  11:38pm   39    0  0.00   2  13   6:35am  NW 30.60   85
18   25.3  40.5   1:05pm  14.2   7:02am   38    0  0.00   1  14  10:36pm SSE 30.68   76
19   27.9  41.7   1:50pm  19.9   7:18am   37    0  0.01   1  11  12:36pm SSE 30.45   82
20   30.7  44.5   1:31pm  21.5   4:21am   34    0  0.00   1  13  11:35am  NE 30.20   79
21   33.0  47.3   1:22pm  24.6  11:58pm   32    0  0.00   1  10  11:41am ESE 30.21   73
22   35.7  51.3  12:49pm  24.1   6:36am   29    0  0.00   2  13  10:38pm SSW 30.17   68
23   41.5  51.2   1:24pm  34.3   5:06am   23    0  0.09   4  24   3:31pm SSW 29.77   64
24   26.5  38.5  12:00am  18.2  11:54pm   39    0  0.12   8  37   9:04pm WNW 29.51   95
25   15.6  19.3  11:27am  11.3  10:27pm   49    0  0.00   9  46   3:31am WNW 29.70   91
26   16.7  23.4   9:18am   9.3  10:33pm   48    0  0.00   3  29  11:32am  NW 30.01   92
27   19.3  26.8   2:06pm  11.9  12:28am   46    0  0.00   1  13  11:55am  SW 30.27   93
28   22.3  28.6  12:31pm  16.3  12:20am   43    0  0.00   2  17  10:32pm WSW 30.15   90
29   19.9  25.8  12:59pm  11.9  11:56pm   45    0  0.01   7  32   2:33am WNW 30.13   91
30    4.7  11.9  12:00am  -0.8   6:43am   60    0  0.00   1  18   1:18am  NW 30.50   89
---------------------------------------------------------------------------------------
TOT  27.4  62.0 11/12/12  -0.8 11/30/12 1124    0  1.41   4  46 11/25/12  NW 30.12   87

HEAT BASE: 65.0
COOL BASE: 65.0