NOAA-Style Climate Reports


Report for 2012 December
                  MONTHLY CLIMATOLOGICAL SUMMARY FOR 12/2012
                                        HEAT  COOL        
     MEAN                               DEG   DEG       WIND SPEED       DOM MEAN  MEAN
DAY  TEMP  HIGH   TIME     LOW   TIME   DAYS  DAYS RAIN AVG  HI  TIME    DIR BAROM HUM
---------------------------------------------------------------------------------------
1    17.0  26.3  11:38pm   5.3  12:00am   48    0  0.00   6  30   8:10pm SSE 30.56   93
2    34.1  39.9  11:59pm  26.3  12:00am   31    0  0.49   7  30   2:39am   S 30.14   99
3    33.0  41.1   3:17am  29.1  10:14pm   32    0  0.07   5  35   5:21am  NW 30.13  100
4    37.0  45.2  11:56pm  29.7  12:38am   28    0  0.03   6  24   9:07pm   S 30.09  100
5    29.9  47.0  12:54am  18.9  11:54pm   35    0  0.48  10  40   3:33pm  NW 29.93   97
6    18.8  25.5   2:07pm  14.5   8:22pm   46    0  0.00   5  34  12:11am  NW 30.28   89
7    27.2  31.2  11:15am  23.2   7:03am   38    0  0.00   4  23   8:03am  NW 30.08   75
8    31.1  37.6   9:56pm  24.4   2:56am   34    0  0.02   3  19   4:39pm SSE 29.90   98
9    27.9  35.7  12:00am  22.5   6:04pm   37    0  0.00   6  28   2:02am WNW 30.17   91
10   33.5  40.6   7:17pm  26.5   2:00am   31    0  0.42   7  31   8:13pm SSE 29.68   99
11   22.1  31.6  12:00am  17.5  11:26pm   43    0  0.00   6  30  10:20am  NW 29.86   96
12   20.6  27.6   2:09pm   9.9   7:16am   44    0  0.01   2  18   3:10pm   W 30.30   92
13   23.8  30.6  12:48pm  17.7   9:40pm   41    0  0.00   1  12  12:05pm   W 30.36   91
14   25.8  33.4  11:26am  18.1   4:38am   39    0  0.00   5  35   8:42pm WNW 30.12   90
15   15.4  25.2  12:00am   6.8  10:24pm   50    0  0.00   3  28  12:27am  NW 30.30   81
16   17.5  21.7  11:39pm  10.4  12:00am   48    0  0.00   6  25  12:07pm SSE 30.20   87
17   25.8  30.1   6:22pm  21.2  12:23am   39    0  0.00   7  23  12:10am SSE 29.96   97
18   31.7  34.2   2:28pm  28.5  12:32am   33    0  0.00   6  31  10:08am  SE 29.54   99
19   27.6  31.7  12:00am  25.9  11:57pm   37    0  0.00   6  19   3:34am NNW 29.73   98
20   25.2  27.0  11:57am  23.7   7:35am   40    0  0.00   3  24  11:45pm   S 30.10   97
21   31.1  40.4   5:05pm  25.6  12:10am   34    0  0.01  12  54   1:41pm SSE 29.33   98
22   20.3  29.1  12:00am  11.6  10:53pm   45    0  0.00  10  38   7:09pm WNW 29.30   93
23   14.8  21.9   9:32pm   8.0   7:11am   50    0  0.00   8  38   2:57am WNW 29.74   94
24   12.5  19.7   1:34pm   7.2   9:42pm   53    0  0.00   4  29  12:01am WNW 30.00   93
25   12.0  20.3  10:44am   4.9   1:37am   53    0  0.00   3  17   3:10pm  NW 30.15   92
26   13.9  25.2  12:04pm   0.7   2:35am   51    0  0.00   1  19  10:14pm ESE 30.27   90
27   19.2  24.6  10:00am  13.5   6:56pm   46    0  0.00   8  32   9:06am NNE 29.69   95
28   16.0  17.4  12:36pm  14.5   7:59am   49    0  0.00   5  26   2:52am  NW 29.92   94
29   16.7  20.7   5:21pm  11.5   7:26am   48    0  0.00   0   8   1:25am  NW 29.83   94
30    6.5  16.3  12:01am   2.1   4:17pm   58    0  0.00   5  17   2:40pm  NW 29.78   91
31   15.5  22.5  11:52pm   3.6  12:00am   49    0  0.00   2  14   3:14am  NW 29.90   94
---------------------------------------------------------------------------------------
TOT  22.7  47.0  12/5/12   0.7 12/26/12 1311    0  1.53   5  52 12/21/12  NW 29.98   93

HEAT BASE: 65.0
COOL BASE: 65.0