NOAA-Style Climate Reports


Report for 2013 January
                  MONTHLY CLIMATOLOGICAL SUMMARY FOR 1/2013
                                        HEAT  COOL        
     MEAN                               DEG   DEG       WIND SPEED       DOM MEAN  MEAN
DAY  TEMP  HIGH   TIME     LOW   TIME   DAYS  DAYS RAIN AVG  HI  TIME    DIR BAROM HUM
---------------------------------------------------------------------------------------
1     8.9  23.4   2:07am   0.0   9:12pm   56    0  0.00   5  19   5:54am WNW 29.78   92
2    -1.3   7.4  11:18am -14.8  11:59pm   65    0  0.00   2  17  12:49pm  NW 30.00   88
3    -4.4   9.2  11:56pm -15.2  12:15am   69    0  0.00   0   7  12:41pm  NW 30.14   87
4    19.1  23.3   6:05pm   9.2  12:00am   46    0  0.00   5  24  10:30pm   W 29.79   95
5    13.6  23.3   3:19am   1.0   8:58pm   51    0  0.00   6  30   6:43am WNW 30.07   93
6    19.8  25.6  10:10pm   6.4  12:19am   45    0  0.00   3  16  11:41am  SW 29.98   96
7    12.9  25.7  12:15am   3.3   6:53pm   52    0  0.00   3  17   1:42am  NW 30.23   93
8    22.0  30.3   1:08pm  12.6  12:05am   41    0  0.01   5  24  10:30am  SW 30.26   95
9    23.1  31.4   8:20pm  11.8   5:50am   42    0  0.00   5  44   8:41pm SSE 30.14   94
10   26.0  29.4  12:00am  16.6  11:59pm   38    0  0.00  10  44   1:26am WNW 30.34   94
11   22.3  29.8  11:40pm  11.7   2:14am   43    0  0.00   6  29  12:41pm   S 30.34   89
12   33.6  39.1   2:48pm  29.2  12:39am   31    0  0.10   3  19  12:04am   S 30.08   99
13   39.1  45.9  10:50am  30.1  12:40am   26    0  0.12   4  26  10:41am  SW 29.97   97
14   36.4  44.4   2:31am  25.2  11:57pm   29    0  0.01   7  36  10:30am  NW 29.98   90
15   20.6  25.3  12:00am  13.1   7:57pm   44    0  0.00   3  18   1:26am  NW 30.26   85
16   21.9  24.7   9:47pm  17.2  12:00am   43    0  0.00   3  18   9:22am SSE 29.96   93
17   12.4  24.9   8:48am  -2.6  11:50pm   53    0  0.00   6  37  10:08am   W 29.94   79
18   -1.7   7.8  11:47pm -12.5   7:50am   67    0  0.00   3  31  12:02pm  NW 30.31   69
19   19.7  29.3  10:40pm   7.3  12:45am   45    0  0.00   4  23  11:37am SSW 30.01   87
20   22.6  33.9   9:36am   3.2  11:59pm   42    0  0.00   9  48   2:48pm   W 29.60   85
21    2.8   9.9  12:58pm  -8.3   7:08am   62    0  0.00   3  24   2:54am WNW 29.96   84
22   -0.4   7.3   1:40pm  -9.8  11:49pm   65    0  0.00   4  35   8:05pm  NW 29.90   85
23  -14.7  -9.8  12:00am -19.7   7:33am   80    0  0.00   8  29   4:54am WNW 30.14   77
24  -10.9  -1.6   1:58pm -19.4  12:26am   76    0  0.00  10  41   2:08pm  NW 30.21   74
25   -3.8   3.9   2:40pm -10.4   4:36am   69    0  0.00   6  32   2:12am  NW 30.27   79
26    0.2   7.3   1:12pm  -6.1   6:28am   65    0  0.00   5  26   2:48pm  NW 30.16   80
27    1.6   8.1   2:25pm  -4.7   7:42am   63    0  0.00   5  26   1:07am  NW 30.44   79
28    9.4  15.7  12:30pm  -3.2   5:07am   56    0  0.00   3  22   4:25pm SSE 30.27   81
29   18.8  27.1  11:45pm   4.6   6:57am   46    0  0.13   4  30   6:29pm SSE 30.10   92
30   37.9  48.5   6:47pm  27.1  12:00am   27    0  0.52   8  34   9:45am SSE 29.63   99
31   31.6  46.7   6:39am  13.9  11:44pm   33    0  0.79  14  58  11:57am   W 29.08   88
---------------------------------------------------------------------------------------
TOT  14.2  48.5  1/30/13 -19.7  1/23/13 1572    0  1.68   5  58  1/31/13  NW 30.04   88

HEAT BASE: 65.0
COOL BASE: 65.0