NOAA-Style Climate Reports


Report for 2013 March
                  MONTHLY CLIMATOLOGICAL SUMMARY FOR 3/2013
                                        HEAT  COOL        
     MEAN                               DEG   DEG       WIND SPEED       DOM MEAN  MEAN
DAY  TEMP  HIGH   TIME     LOW   TIME   DAYS  DAYS RAIN AVG  HI  TIME    DIR BAROM HUM
---------------------------------------------------------------------------------------
1    24.9  27.9  12:30am  22.2  11:27pm   40    0  0.00   6  23   2:42am   N 29.64   97
2    21.7  25.4   1:31pm  16.2  11:46pm   42    0  0.01   6  24   1:42pm   N 29.70   96
3    18.3  23.5   1:03pm  15.1   4:41am   47    0  0.00   5  24  10:52pm NNW 29.67   95
4    15.9  18.5  11:07am  14.6   5:41pm   49    0  0.00   4  24   3:23am  NW 29.71   94
5    23.5  30.5   3:03pm  16.3  12:00am   41    0  0.06   1  13   6:32pm  NE 30.02   96
6    27.2  31.2  11:07am  22.7  11:10pm   38    0  0.02   6  26  12:42pm ESE 30.14   90
7    24.4  29.9  11:34am  21.2   6:10am   41    0  0.03   4  19  12:14am ENE 30.16   85
8    25.6  34.1   2:22pm  20.4   4:31am   39    0  0.03   7  26   1:44pm NNE 30.19   82
9    31.9  45.5   2:17pm  22.2   6:06am   33    0  0.08   4  23   4:41am NNE 30.29   65
10   35.0  47.6   2:06pm  22.0   3:55am   29    0  0.00   6  28   8:25pm   S 30.24   63
11   38.2  45.3  11:05am  32.6   8:17am   27    0  0.00   6  37   9:59pm   S 30.06   66
12   38.2  42.6   7:10pm  31.2  11:56pm   27    0  1.19  10  36   7:09pm   S 29.83   97
13   28.5  33.3   2:32pm  18.6  11:47pm   36    0  0.01   5  32  12:18am  NW 29.74   93
14   16.1  23.3   2:08am   6.2  10:54pm   49    0  0.01   8  36   6:52pm WNW 29.74   87
15   14.8  26.6   3:30pm   4.0   6:59am   50    0  0.00   6  29   1:12am WNW 29.74   82
16   14.5  19.7   2:07pm   5.4  11:07pm   51    0  0.00   4  24   1:44am  NW 29.80   87
17    7.5  16.1   4:10pm  -2.4   7:07am   57    0  0.00   6  34   4:37pm  NW 30.10   77
18   14.6  29.4   2:26pm  -5.6   7:26am   50    0  0.01   2  29  11:11pm  SE 30.35   54
19   20.6  23.5   1:04pm  17.4  11:48pm   44    0  0.00   6  31   5:10am SSE 29.87   91
20   19.5  23.5   3:33pm  14.5  11:58pm   45    0  0.00   6  29  10:17am WNW 29.66   94
21   18.3  29.1   4:28pm  11.1   5:38am   45    0  0.12   4  23  12:53pm WSW 29.67   85
22   18.0  29.6   3:05pm   7.2   5:38am   47    0  0.05   5  32   8:15pm  NW 29.66   86
23   21.1  23.8  12:20pm  17.2  12:22am   44    0  0.00  10  37  12:16pm WNW 29.66   95
24   23.6  28.5   3:11pm  14.0  11:54pm   40    0  0.09   6  26  12:14pm  NW 29.80   93
25   27.1  39.5   2:56pm  13.6   2:03am   38    0  0.07   3  19   2:57pm  NE 29.69   81
26   29.5  38.6   2:48pm  21.6   7:09am   35    0  0.00   5  29   2:22pm NNE 29.68   75
27   29.3  35.8  12:43pm  21.1   5:26am   36    0  0.00   5  24   3:04pm  NW 29.81   84
28   32.5  40.4   4:30pm  28.0   6:53am   32    0  0.13   4  24   2:46pm  NW 29.95   90
29   33.3  39.8   3:01pm  30.5  11:09pm   32    0  0.05   6  28   5:55pm  NW 30.01   90
30   32.0  41.9   3:19pm  23.0  11:59pm   33    0  0.01   5  28   3:34pm  NW 30.05   67
31   34.3  46.2   2:56pm  17.4   4:42am   31    0  0.03   6  31   4:57pm   S 29.94   58
---------------------------------------------------------------------------------------
TOT  24.5  47.6  3/10/13  -5.6  3/18/13 1250    0  2.00   5  37  3/11/13  NW 29.89   84

HEAT BASE: 65.0
COOL BASE: 65.0