NOAA-Style Climate Reports


Report for 2013 April
                  MONTHLY CLIMATOLOGICAL SUMMARY FOR 4/2013
                                        HEAT  COOL        
     MEAN                               DEG   DEG       WIND SPEED       DOM MEAN  MEAN
DAY  TEMP  HIGH   TIME     LOW   TIME   DAYS  DAYS RAIN AVG  HI  TIME    DIR BAROM HUM
---------------------------------------------------------------------------------------
1    30.2  39.0  10:50am  18.9  11:59pm   35    0  0.20   7  35   9:57pm   W 29.58   93
2    17.6  22.7   1:14pm  13.4   5:28am   47    0  0.01  10  37   4:46pm WNW 29.76   87
3    21.8  30.5   3:21pm  15.7   6:39am   41    0  0.00  15  43   2:53pm WNW 29.93   68
4    30.3  43.8   5:18pm  17.1   5:28am   34    0  0.02   9  40  12:58am WNW 30.08   52
5    31.5  38.6  10:07am  21.1  11:37pm   32    0  0.00   7  32  10:29pm  NW 29.80   67
6    20.0  30.1   5:01pm  11.9   6:55am   45    0  0.01   8  37   6:31am  NW 30.17   58
7    34.6  46.3   3:09pm  18.2  12:26am   30    0  0.00   9  40   2:18pm   S 30.02   52
8    36.7  47.3   4:55pm  30.8   9:00am   28    0  0.00   6  29   3:02am  NW 30.01   76
9    35.8  40.6   1:08am  32.9  11:54pm   29    0  0.39   7  35   1:00pm  NW 29.93   96
10   36.7  40.9   1:47pm  32.8  12:00am   28    0  0.15   2  12   7:44am  NW 29.93   98
11   29.2  33.8  12:52am  23.6   7:02am   36    0  0.00   6  26   6:31am   N 30.04   69
12   25.3  27.5  10:27pm  22.8   6:01am   40    0  0.00   6  30   8:59am SSE 30.00   89
13   31.8  42.5   2:44pm  26.9   3:18am   33    0  0.61   2  18   9:38pm   W 29.81   95
14   32.2  38.7   2:34pm  27.5  11:36pm   33    0  0.36   5  28   3:23pm  NW 29.98   93
15   37.5  50.9   5:16pm  21.0   5:31am   28    0  0.01   4  26   9:35pm SSE 30.26   70
16   42.6  48.4   9:10pm  35.2   4:24am   22    0  0.24   9  36  11:02pm   S 30.08   86
17   38.0  46.6   4:57pm  26.8  11:57pm   27    0  0.00   8  37  12:14am  NW 30.20   73
18   38.3  50.1   4:22pm  25.7   2:13am   27    0  0.02   9  42   7:26pm SSE 30.21   65
19   52.7  65.1   2:21pm  39.9  11:59pm   12    0  0.53  10  38  10:59pm   S 29.70   87
20   34.9  40.1   2:13pm  26.2  11:56pm   30    0  0.26   9  36   5:10pm   W 29.79   78
21   27.9  39.2   4:32pm  19.2   6:18am   37    0  0.00   7  31   9:56am WNW 30.51   67
22   34.1  49.1   3:29pm  19.0   3:39am   30    0  0.00   5  24   9:51pm SSE 30.64   53
23   34.0  41.6  11:23am  20.9   5:52am   31    0  0.00   5  24  12:12pm SSE 30.37   74
24   49.7  69.6   4:38pm  27.7   2:41am   16    0  0.03   4  29   6:03pm SSW 29.86   70
25   39.8  51.4  12:41am  27.8  11:56pm   25    0  0.05   7  35   3:52am   W 30.00   71
26   36.8  50.3  12:33pm  25.1   5:17am   28    0  0.02   2  17  11:57am SSW 30.37   74
27   41.0  55.1   4:58pm  28.4   5:58am   24    0  0.01   2  17   4:40pm WNW 30.36   68
28   48.4  65.6   3:48pm  29.3   5:37am   17    0  0.00   3  28  10:42pm SSE 30.22   56
29   51.8  64.7   1:43pm  40.2   6:01am   13    0  0.00   5  30   2:09pm SSE 30.12   57
30   53.4  66.6   3:43pm  44.0   5:18am   12    0  0.00   3  23  12:53pm SSW 30.20   67
---------------------------------------------------------------------------------------
TOT  35.9  69.6  4/24/13  11.9   4/6/13  871    0  2.92   6  42   4/3/13 WNW 30.06   74

HEAT BASE: 65.0
COOL BASE: 65.0