NOAA-Style Climate Reports


Report for 2013 May
                  MONTHLY CLIMATOLOGICAL SUMMARY FOR 5/2013
                                        HEAT  COOL        
     MEAN                               DEG   DEG       WIND SPEED       DOM MEAN  MEAN
DAY  TEMP  HIGH   TIME     LOW   TIME   DAYS  DAYS RAIN AVG  HI  TIME    DIR BAROM HUM
---------------------------------------------------------------------------------------
1    56.0  72.8   4:17pm  36.8   5:55am   10    2  0.00   2  18   1:55pm SSE 30.34   50
2    57.1  75.2   2:09pm  39.8   6:03am   10    2  0.00   4  23   4:48pm  SE 30.34   54
3    50.5  66.4   4:59pm  32.0   5:19am   15    0  0.00   4  23  12:03pm SSW 30.37   59
4    55.5  71.1   4:19pm  37.9   5:32am   11    1  0.00   3  19  12:54pm SSE 30.23   58
5    56.2  72.5   4:42pm  37.5   4:26am   10    2  0.00   3  19   8:19pm   S 30.15   50
6    58.3  74.0   4:48pm  38.4   5:54am    9    2  0.00   3  24   3:25pm SSW 30.08   45
7    60.9  77.6   4:59pm  42.3   5:18am    8    4  0.00   3  23   1:28pm  SW 30.04   45
8    59.9  73.3   1:39pm  46.4   5:48am    6    1  0.00   6  31   2:56pm SSE 30.05   72
9    56.8  67.7   1:46pm  51.2  11:12pm    8    0  0.27   4  24   2:10am SSE 29.87   88
10   56.7  67.2   1:27pm  49.0   2:50am    8    0  0.00   3  22  11:59pm  NW 29.86   87
11   55.1  60.0  12:33pm  45.3  11:59pm   10    0  0.23   6  29  10:47am SSW 29.63   95
12   45.4  57.1  12:23pm  34.2  11:59pm   20    0  0.00   5  25   4:52pm WNW 29.60   80
13   35.8  41.4   1:05pm  31.5   5:36am   29    0  0.01   7  36   3:07am WSW 29.83   72
14   37.3  50.4   4:00pm  27.0   4:06am   27    0  0.01   4  26  10:14am  NW 30.01   67
15   42.3  60.2   2:00pm  26.3   5:06am   22    0  0.15   6  34  12:00pm SSW 29.81   75
16   50.8  64.9   1:05pm  41.9  11:58pm   14    0  0.01   8  44  12:30pm   W 29.62   75
17   44.7  56.0   2:29pm  37.3  11:20pm   20    0  0.01   5  29   2:10pm  NW 30.02   79
18   50.9  66.7   4:03pm  35.3   5:35am   14    0  0.00   2  18   1:32pm  NW 30.22   67
19   51.7  63.9  11:16am  39.6   5:31am   13    0  0.20   5  24   9:59pm   S 30.19   80
20   53.5  63.5   6:37pm  47.4  11:29pm   11    0  0.21   5  24  12:00am WSW 29.96   97
21   55.1  65.9   5:18pm  47.2  12:26am   10    0  0.76   4  32   9:22pm  SE 29.86   96
22   56.2  68.7   1:35pm  46.5   4:23am    9    0  0.53   5  26   1:50am   S 29.79   97
23   60.5  71.0   5:06pm  54.0  12:00am    5    0  0.52   5  29   2:49pm SSW 29.71   95
24   45.5  56.9  12:00am  38.1  11:55pm   20    0  0.74   6  31   7:53pm   N 29.76  100
25   34.2  38.3  12:26am  30.8   8:38pm   29    0  0.81   7  42   3:27pm  NE 29.88   99
26   34.4  40.1   2:24pm  29.9  11:56pm   30    0  0.75   6  34   3:09pm NNW 29.90   98
27   42.8  57.7   3:35pm  28.8   2:49am   22    0  0.01   5  38  11:49am  NW 30.10   77
28   52.3  68.3   3:48pm  33.0   3:19am   13    0  0.00   3  22   3:12pm SSW 30.15   64
29   52.4  58.4  11:57pm  47.8   5:38am   13    0  0.25   6  26   6:13am SSE 29.99   93
30   65.2  77.8   4:51pm  56.9  11:51pm    3    3  0.00   7  31  11:11am WNW 29.98   86
31   71.0  85.3   3:44pm  56.6   1:09am    2    8  0.00   4  25   1:14pm   W 29.93   73
---------------------------------------------------------------------------------------
TOT  51.8  85.3  5/31/13  26.3  5/15/13  432   26  5.47   5  44  5/16/13   S 29.98   77

HEAT BASE: 65.0
COOL BASE: 65.0