NOAA-Style Climate Reports


Report for 2013 June
                  MONTHLY CLIMATOLOGICAL SUMMARY FOR 6/2013
                                        HEAT  COOL        
     MEAN                               DEG   DEG       WIND SPEED       DOM MEAN  MEAN
DAY  TEMP  HIGH   TIME     LOW   TIME   DAYS  DAYS RAIN AVG  HI  TIME    DIR BAROM HUM
---------------------------------------------------------------------------------------
1    71.2  84.6   3:17pm  58.8   3:08am    1    8  0.12   4  36   4:57pm  SW 29.80   75
2    65.8  82.0   2:19pm  57.5  11:56pm    2    3  0.58   4  41   3:04pm  SW 29.67   93
3    56.8  64.6   9:51am  45.6  11:58pm    8    0  0.00   5  25   3:13pm WNW 29.73   86
4    45.8  55.7   5:19pm  40.2   4:12am   19    0  0.00   8  36   5:06pm WNW 29.92   82
5    49.4  63.8   3:31pm  33.4   5:33am   16    0  0.00   3  22   3:42pm  NW 30.13   71
6    51.0  62.0   1:10pm  42.7   1:42am   14    0  0.04   3  17  12:55pm  SE 30.11   76
7    47.1  49.1   3:52pm  44.4   6:24am   18    0  0.70   7  26   5:54am SSE 29.98   98
8    51.1  55.6  11:16am  47.0  12:00am   14    0  0.33   6  24  12:44pm  NW 29.82   99
9    56.0  67.3   3:41pm  48.8   9:46pm    9    0  0.03   3  28   2:54pm   W 30.04   90
10   57.2  68.5   1:15pm  45.0   5:20am    8    1  0.03   3  17   3:55pm SSE 30.09   77
11   51.0  53.3   5:44pm  49.7  11:28pm   14    0  1.06   5  30   6:01am  SE 29.69   99
12   51.2  59.0   4:54pm  47.5   3:31am   14    0  0.18   7  31   9:45am NNE 29.69   94
13   53.9  64.7  12:27pm  42.4   3:55am   11    0  0.00   2  14  10:56am  SW 29.72   84
14   58.4  70.3   4:11pm  48.1  12:07am    8    1  0.00   5  29   4:41pm  NE 29.69   76
15   56.5  67.2   3:38pm  43.6   5:29am    9    0  0.00   6  29   2:31pm   N 29.85   60
16   54.0  66.1  12:12pm  42.0   4:56am   11    0  0.49   3  25  11:05pm SSW 29.76   88
17   56.9  68.1   1:50pm  48.7   5:05am    8    0  0.10   5  32   1:42pm   W 29.76   91
18   52.9  65.4   5:16pm  41.5   5:46am   12    0  0.00   2  14  11:42am   N 29.90   82
19   52.5  64.8   4:02pm  39.9  11:56pm   13    0  0.00   5  23  10:39am   N 30.02   71
20   54.6  70.7   4:43pm  37.7   4:34am   11    1  0.00   3  23   3:15pm WNW 30.18   72
21   60.5  75.5   4:01pm  44.1   3:44am    7    3  0.00   3  25  11:24am  NW 30.17   72
22   61.6  72.0   1:51pm  51.5  12:43am    5    1  0.24   1  14   5:37pm  SE 30.10   89
23   65.9  77.3   1:09pm  59.5  12:00am    2    3  0.63   3  30   8:05pm  SW 29.98   96
24   68.2  82.3   2:41pm  60.2  11:56pm    1    4  0.18   5  25   1:17pm WSW 29.87   91
25   66.3  83.4   2:21pm  56.1   4:54am    3    4  1.16   3  25   4:05pm WSW 29.76   91
26   63.8  71.5   5:48pm  57.7  12:13am    2    1  0.07   1  14   3:50pm WSW 29.72   98
27   67.1  77.0   1:40pm  59.4   2:40am    2    4  0.00   3  14   1:19pm SSW 29.71   90
28   61.3  70.3   4:38pm  55.5   8:09am    4    0  0.67   8  44   6:45am SSE 29.47   97
29   65.3  76.5   3:35pm  58.2  11:12pm    2    2  0.09   4  28   4:57pm  SW 29.49   91
30   66.8  78.4   3:41pm  58.2   1:08am    2    4  0.10   3  17   3:42pm   W 29.74   86
---------------------------------------------------------------------------------------
TOT  58.0  84.6   6/1/13  33.4   6/5/13  249   39  6.80   4  44  6/28/13 WNW 29.85   86

HEAT BASE: 65.0
COOL BASE: 65.0