NOAA-Style Climate Reports


Report for 2013 July
                  MONTHLY CLIMATOLOGICAL SUMMARY FOR 7/2013
                                        HEAT  COOL        
     MEAN                               DEG   DEG       WIND SPEED       DOM MEAN  MEAN
DAY  TEMP  HIGH   TIME     LOW   TIME   DAYS  DAYS RAIN AVG  HI  TIME    DIR BAROM HUM
---------------------------------------------------------------------------------------
1    63.5  69.5   3:12pm  59.0   8:57pm    2    1  0.57   3  19   9:11pm  NE 29.95   96
2    63.4  71.6   2:32pm  60.0  12:00am    2    0  0.77   3  16  12:14am  SE 30.05   99
3    68.3  77.6   1:35pm  60.9   1:00am    1    4  0.25   2  14   9:40am WSW 30.08   96
4    70.1  80.9   1:42pm  62.5   4:44am    0    5  0.44   2  22   3:13pm WSW 30.07   94
5    70.5  83.1   3:04pm  62.3   6:07am    0    6  0.10   4  23  12:02pm   W 30.03   90
6    69.3  77.9   3:27pm  63.2   5:17am    0    4  0.00   5  25   4:15pm   W 29.97   87
7    66.6  74.9   2:59pm  57.1   1:39am    2    3  0.01   2  16  10:30am WNW 29.93   88
8    67.9  78.3   5:37pm  62.2   5:16am    1    4  0.17   2  16   3:28pm  NW 29.92   93
9    69.2  79.9   3:53pm  64.4  12:04am    0    4  0.00   3  19   4:14pm SSW 29.97   91
10   65.0  68.3   1:47pm  62.9   4:59am    1    1  0.14   6  25   1:43pm   S 29.81  100
11   65.2  74.2   2:49pm  54.5   9:55pm    2    2  0.33   4  24   3:24am  NW 29.80   89
12   63.8  77.3   3:41pm  49.7   5:30am    5    3  0.00   3  16   4:28pm  NE 30.07   76
13   65.3  76.0   1:30pm  52.4   4:36am    4    4  0.00   2  16   2:54pm SSW 30.22   84
14   70.0  82.4   4:30pm  59.3  12:47am    1    6  0.00   2  17   3:28pm  NW 30.21   87
15   72.1  83.2   2:20pm  61.9   3:02am    1    8  0.00   4  24   2:49pm  NW 30.13   82
16   70.7  83.1   5:28pm  59.4   4:42am    1    7  0.00   3  24   1:54pm  NW 30.13   83
17   72.3  87.1   2:00pm  60.3   3:42am    1    8  1.13   4  58   7:22pm   W 30.04   84
18   70.7  80.9   2:32pm  64.6   6:37am    0    6  0.12   3  22   3:12am  NW 29.92   92
19   72.9  85.6   3:52pm  62.3  11:55pm    0    8  0.25   8  50   8:09pm WSW 29.70   87
20   66.3  74.3  12:50pm  58.5  10:15pm    1    2  0.22   4  28   5:24pm WNW 29.63   89
21   60.6  71.7   4:48pm  49.3  11:59pm    6    1  0.00   4  17  11:53am   N 29.91   78
22   62.1  74.6   5:10pm  47.4   4:59am    5    3  0.00   3  19  11:20pm NNE 29.93   85
23   63.2  71.5   5:55pm  57.9  11:12pm    3    1  2.13   2  22   1:05am  NW 29.62   97
24   55.9  62.6  12:58am  47.2   9:49pm    9    0  0.15   5  28   8:41am  NW 29.72   94
25   54.3  67.7   3:11pm  37.2   4:34am   11    0  0.00   2  13   9:03am NNE 30.07   82
26   60.1  70.7   3:43pm  51.7   2:43am    5    1  0.00   4  19   6:08pm   N 30.00   85
27   63.6  77.5   3:56pm  49.6   4:44am    5    4  0.00   2  14  12:23pm SSE 29.96   78
28   65.0  73.8   3:17pm  58.6   4:16am    2    2  0.25   6  26   8:05pm   S 29.91   88
29   65.1  75.0   2:26pm  57.5  10:22pm    2    3  0.38   4  26   3:47pm   W 29.94   84
30   59.2  69.1   3:06pm  50.8  11:33pm    6    0  0.00   4  29  12:11pm  NW 30.04   83
31   61.1  75.3   3:11pm  48.0   6:00am    7    3  0.00   1  16   1:26pm  NW 30.04   80
---------------------------------------------------------------------------------------
TOT  65.6  87.1  7/17/13  37.2  7/25/13   86  105  7.41   3  58  7/17/13  NW 29.96   88

HEAT BASE: 65.0
COOL BASE: 65.0