NOAA-Style Climate Reports


Report for 2013 August
                  MONTHLY CLIMATOLOGICAL SUMMARY FOR 8/2013
                                        HEAT  COOL        
     MEAN                               DEG   DEG       WIND SPEED       DOM MEAN  MEAN
DAY  TEMP  HIGH   TIME     LOW   TIME   DAYS  DAYS RAIN AVG  HI  TIME    DIR BAROM HUM
---------------------------------------------------------------------------------------
1    61.7  74.0   1:54pm  52.0   1:26am    5    2  0.13   5  31   6:12pm   S 29.86   89
2    63.0  72.9   3:57pm  51.4  11:57pm    4    2  0.28   4  30  12:18pm WNW 29.75   84
3    56.8  67.7   3:50pm  49.6   2:04am    8    0  0.48   4  28   3:06pm WNW 29.75   93
4    55.2  63.8   1:21pm  50.0   9:56pm   10    0  0.17   5  28   1:25pm  NW 29.80   93
5    52.2  62.7   4:29pm  44.0   6:07am   13    0  0.09   6  30  12:36pm  NW 29.95   81
6    56.4  71.3   3:17pm  42.6   4:05am   10    1  0.00   1  16   3:50pm  SE 30.07   80
7    61.9  73.1   4:22pm  49.7   5:55am    5    2  0.00   6  29  11:59pm SSE 30.06   80
8    66.1  77.1   1:50pm  59.3   4:43am    2    3  0.00   4  29  12:00am SSW 29.93   90
9    65.7  68.8   6:33pm  62.9  12:04am    0    1  0.48   2  19   4:09am SSE 29.79  100
10   58.8  65.4   3:53pm  45.0  11:47pm    6    0  0.00   7  34  11:33am WNW 29.86   81
11   56.6  70.0   3:24pm  44.1  12:44am    9    0  0.00   3  25  11:55am WNW 30.00   81
12   59.2  70.5   2:59pm  47.8   4:17am    7    1  0.00   2  22  11:27am WNW 29.93   82
13   59.2  70.2   3:20pm  50.5   1:34am    6    0  0.07   2  19  10:27am SSW 29.73   95
14   54.1  60.9   1:13pm  47.9  11:58pm   11    0  0.04   7  30   3:48pm  NW 29.71   92
15   54.3  66.8   2:33pm  41.4   6:40am   11    0  0.00   3  23  10:34am WNW 29.99   82
16   56.6  70.2   2:44pm  43.7   5:13am    9    1  0.35   3  24   9:45pm  NW 30.10   84
17   56.8  69.0   4:02pm  45.2   5:44am    9    1  0.01   3  23   2:08pm  NW 30.24   84
18   57.8  71.8   3:00pm  46.3   4:30am    9    1  0.00   2  13   3:12pm   W 30.18   84
19   61.6  73.3   4:45pm  48.3   4:27am    5    2  0.01   5  30   1:24pm  NW 29.97   85
20   63.8  76.1   4:55pm  51.5   6:04am    4    3  0.00   3  23   1:35pm WNW 30.01   83
21   66.4  79.7   3:43pm  54.4   5:49am    3    5  0.00   3  22   4:07pm WSW 30.03   83
22   65.3  79.6   3:35pm  54.8   6:04am    4    4  0.19   4  26   4:56pm WSW 29.85   87
23   58.2  66.8   2:23pm  43.3  11:47pm    7    0  0.00   6  26   1:40pm   N 29.96   84
24   55.5  72.1   4:02pm  41.5   5:07am   11    1  0.00   2  17  12:04pm  NW 30.27   80
25   57.7  71.4   3:20pm  43.7   6:03am    9    1  0.00   2  16   3:20pm WSW 30.25   80
26   60.2  64.9   4:01pm  54.7   2:34am    5    0  0.13   2  22  12:02am WSW 29.93   98
27   67.7  79.3   2:57pm  60.3  11:59pm    1    4  0.00   2  13   8:03pm   N 29.83   90
28   66.2  79.8   3:12pm  56.9   6:22am    2    4  0.04   2  22   8:31pm NNE 29.85   91
29   62.8  72.4   3:05pm  55.9   3:34am    3    1  0.01   2  14   7:04am SSW 29.97   93
30   65.5  76.3   1:24pm  59.0   5:23am    2    3  0.00   3  18   2:28pm WNW 29.83   91
31   65.8  75.1  12:12pm  61.3   1:33am    1    2  0.08   2  14  11:03am WSW 29.72   95
---------------------------------------------------------------------------------------
TOT  60.3  79.8  8/28/13  41.4  8/15/13  190   44  2.56   3  34  8/10/13 WNW 29.94   87

HEAT BASE: 65.0
COOL BASE: 65.0