NOAA-Style Climate Reports


Report for 2013 November
                  MONTHLY CLIMATOLOGICAL SUMMARY FOR 11/2013
                                        HEAT  COOL        
     MEAN                               DEG   DEG       WIND SPEED       DOM MEAN  MEAN
DAY  TEMP  HIGH   TIME     LOW   TIME   DAYS  DAYS RAIN AVG  HI  TIME    DIR BAROM HUM
---------------------------------------------------------------------------------------
1    53.1  59.3   2:39pm  46.4  11:07pm   12    0  0.69  10  55  11:32am SSW 29.37   88
2    40.6  47.7   1:22pm  28.4  11:52pm   24    0  0.03   4  35   7:43pm   N 29.62   90
3    23.5  30.6   2:03pm  18.6  11:49pm   42    0  0.00   6  26  12:26am   N 30.19   78
4    21.9  32.1   2:54pm  12.5   6:48am   43    0  0.00   2  16   7:59am NNE 30.64   73
5    31.5  42.2   1:07pm  23.1   1:21am   33    0  0.00   5  24   9:53am SSW 30.57   66
6    41.3  51.2   2:35pm  29.9   3:06am   24    0  0.00   6  26   2:40pm SSW 30.18   82
7    38.7  47.9   8:57am  26.8  11:56pm   26    0  0.46   8  41   9:36am WNW 29.74   95
8    26.0  28.4  12:10pm  23.3   3:20am   39    0  0.00   9  36   6:11pm WNW 29.89   91
9    26.7  31.0   3:42pm  24.3   6:35am   38    0  0.00   6  36   3:00am WNW 30.08   82
10   31.2  36.1   1:09pm  27.3  12:26am   34    0  0.16   6  28   9:47pm WSW 29.76   97
11   27.7  31.4  11:16pm  23.8   8:50am   37    0  0.05   6  36  11:37pm WNW 29.93   97
12   17.3  25.2  12:00am  14.4  11:58pm   48    0  0.00  10  32  10:51am WNW 30.07   94
13   15.7  20.4  11:50pm  10.8   6:25am   49    0  0.00   7  28   8:39am WNW 30.22   90
14   26.7  35.2   3:04pm  18.2   2:15am   38    0  0.09   4  26  11:52am WSW 30.03   90
15   32.3  46.4   2:37pm  24.5   6:45am   33    0  0.09   2  19   1:03pm  SW 30.11   73
16   38.6  50.1   2:46pm  29.2  12:00am   26    0  0.01   3  19  10:22pm SSE 30.24   63
17   40.4  46.7  11:58pm  37.1   2:15am   25    0  0.26   9  42  10:16pm SSE 30.08   87
18   43.8  50.7   5:49am  31.4  11:41pm   21    0  0.30  11  43   4:17am WSW 29.49   88
19   22.3  31.5  12:00am  18.6  11:55pm   43    0  0.00  12  50   2:27am WNW 29.95   84
20   19.3  27.8   3:02pm  12.9  10:18pm   46    0  0.00   4  25   3:55am NNW 30.55   77
21   26.3  38.4  12:31pm  12.7   1:47am   39    0  0.00   2  29  11:31am SSW 30.52   60
22   30.7  34.4  11:11pm  24.4   1:02am   34    0  0.10   1  22  11:47pm WSW 30.06   94
23   21.4  33.4  12:00am  10.8  11:52pm   44    0  0.01   9  46   2:23am WNW 29.81   92
24    7.0  10.8  12:00am   2.8  10:56pm   58    0  0.00  13  47   3:43pm WNW 29.96   90
25    9.0  18.4  10:57pm  -0.5   7:38am   56    0  0.01   5  30  12:58am WNW 30.29   85
26   23.0  27.1  12:04pm  18.2  12:00am   42    0  0.00   5  23   9:11pm  SE 30.18   89
27   30.7  41.9   9:39am  22.5  11:58pm   34    0  0.01   8  34   9:38pm  NW 29.49   99
28   11.3  22.5  12:00am   7.2   8:18pm   54    0  0.00   9  36   1:11am  NW 30.01   92
29    7.5  16.2   2:02pm  -3.5  11:56pm   57    0  0.00   3  14   3:29am  NW 30.60   91
30    8.1  17.0  11:28pm  -6.0   6:26am   57    0  0.00   4  32   8:25pm  NW 30.66   89
---------------------------------------------------------------------------------------
TOT  26.5  59.3  11/1/13  -6.0 11/30/13 1156    0  2.27   6  50 11/19/13  NW 30.08   85

HEAT BASE: 65.0
COOL BASE: 65.0