NOAA-Style Climate Reports


Report for 2013 December
                  MONTHLY CLIMATOLOGICAL SUMMARY FOR 12/2013
                                        HEAT  COOL        
     MEAN                               DEG   DEG       WIND SPEED       DOM MEAN  MEAN
DAY  TEMP  HIGH   TIME     LOW   TIME   DAYS  DAYS RAIN AVG  HI  TIME    DIR BAROM HUM
---------------------------------------------------------------------------------------
1    24.2  28.6   1:56pm  16.7  12:11am   41    0  0.00   2  24  12:20am  NW 30.18   95
2    29.3  31.9  12:33pm  24.3   2:03am   36    0  0.00   1  12   7:55pm   S 29.95   98
3    28.2  36.1  12:42pm  20.2   7:12am   37    0  0.02   2  16  11:59pm NNW 29.92   97
4    24.0  30.4   1:34pm  19.0  10:45pm   41    0  0.01   3  19  12:02am NNW 30.09   95
5    33.4  44.0  11:55pm  19.7  12:00am   32    0  0.10   7  35   7:29am   S 30.01   97
6    29.9  44.0  12:02am  24.1  11:29pm   35    0  0.28   2  24   3:57am  NW 29.98   98
7    18.1  24.1  12:00am  12.7   9:17pm   47    0  0.00   2  35   2:52pm   N 30.25   82
8    12.7  18.0   2:53pm   6.0   5:54am   52    0  0.00   3  30   1:46am   N 30.53   78
9    20.7  28.3   9:31pm  13.7   2:45am   44    0  0.00   7  40  11:37am   N 30.09   92
10   19.4  26.6  12:24am  10.8   9:48pm   46    0  0.00   6  35   5:33am WNW 29.81   87
11   11.7  17.0  10:16am   3.3  11:34pm   53    0  0.00   5  25  12:19pm   W 30.04   88
12    2.3   7.3  10:25pm  -4.9   7:41am   63    0  0.00   3  19   2:08am  NW 30.16   86
13    2.1   8.5   5:37am  -9.7   9:35pm   63    0  0.00   6  32  11:05am  NW 30.08   88
14   -5.5   2.7  11:34am -18.1   6:01am   71    0  0.00   2  18  10:49pm  SE 30.53   83
15   12.0  16.1   9:37am   2.4  12:00am   53    0  0.00   5  26   7:01am  SE 29.71   92
16    0.6   9.4   3:00am -10.4   9:36pm   64    0  0.00   5  28   6:44pm  NW 29.95   88
17   -2.7  11.3  11:56pm -19.1   6:45am   68    0  0.00   2  19   1:50pm SSE 30.20   87
18   14.7  19.0  11:27am   6.8   7:58am   50    0  0.00   2  18   8:56pm WNW 29.97   93
19   22.0  26.2   8:36pm  17.8   1:00am   43    0  0.00   4  22   5:34pm   W 29.97   95
20   29.4  34.4  11:59pm  24.6   2:47am   36    0  0.00   2  23   9:42am SSE 29.94   98
21   39.4  45.2   1:44pm  30.7  11:47pm   26    0  0.54   4  29   1:49pm SSW 29.81  100
22   35.5  43.6   8:30pm  30.5   5:52am   28    0  0.83   2  16   4:52am  SE 29.78  100
23   32.1  37.6  12:40am  20.5  11:59pm   33    0  0.12   3  30   7:30pm  NW 29.98  100
24    9.1  20.5  12:00am  -4.0  11:54pm   56    0  0.00   6  24   7:06pm  NW 30.16   92
25   -0.4   8.7   3:18pm  -9.6   7:41am   65    0  0.00   3  30   1:44am WNW 30.48   89
26   14.2  19.9   2:19pm   7.2  12:00am   51    0  0.00   3  25   5:19am   S 30.23   93
27   17.9  20.1  12:37pm  13.9  11:58pm   47    0  0.00   3  23  10:39am WNW 30.16   95
28   24.2  29.7  10:51pm  12.6  12:52am   41    0  0.00   4  19  12:41pm   W 30.01   97
29   29.7  32.9   1:12pm  24.6   5:30am   35    0  0.08   2  14  10:20am   S 29.79   98
30   10.3  31.4   1:49am  -8.4  10:45pm   55    0  0.00   4  34   9:51am  NW 29.88   92
31    0.0   7.5   9:44pm  -8.0   2:21am   65    0  0.00   1  22  11:31pm WNW 30.12   86
---------------------------------------------------------------------------------------
TOT  17.3  45.2 12/21/13 -19.1 12/17/13 1474    0  1.98   3  40  12/9/13  NW 30.06   92

HEAT BASE: 65.0
COOL BASE: 65.0