NOAA-Style Climate Reports


Report for 2014 January
                  MONTHLY CLIMATOLOGICAL SUMMARY FOR 1/2014
                                        HEAT  COOL        
     MEAN                               DEG   DEG       WIND SPEED       DOM MEAN  MEAN
DAY  TEMP  HIGH   TIME     LOW   TIME   DAYS  DAYS RAIN AVG  HI  TIME    DIR BAROM HUM
---------------------------------------------------------------------------------------
1     0.1   6.6  12:00am -10.6   9:24pm   65    0  0.00   2  18  12:00am  NW 30.30   88
2    -5.0   1.8  12:49pm -11.8   2:46am   70    0  0.00   0   5  10:39am  NE 30.26   86
3   -13.0  -4.4  12:00am -18.0   6:01pm   78    0  0.00   3  24  12:29pm  NW 30.18   82
4     0.6  14.0  11:22pm -20.3   3:16am   64    0  0.00   2  16   3:39pm SSE 30.32   80
5    20.2  29.4  11:54pm  10.1   3:31am   45    0  0.00   3  30  11:11pm SSE 30.17   86
6    29.7  41.9  10:16am  12.5  11:49pm   35    0  0.08  10  43   2:38am WNW 29.41   96
7     0.6  12.5  12:00am  -4.3   8:08pm   64    0  0.00  11  48  11:36am   W 29.74   75
8     2.6  10.1   2:28pm  -2.4  12:00am   62    0  0.00   3  26   1:45am   W 30.30   85
9     5.4  12.9   1:37pm  -2.4   6:49pm   60    0  0.00   4  35   9:58am WNW 30.53   83
10   17.2  27.4  10:59pm   5.4   5:28am   48    0  0.00   3  16   9:50pm SSW 30.39   87
11   37.8  46.1   8:05pm  27.1  12:00am   27    0  0.80   8  37  11:13pm   S 29.63   99
12   29.8  38.7  12:00am  26.3  11:37pm   35    0  0.01  10  36   8:34pm WNW 29.52   93
13   30.8  36.7   2:30pm  20.6   5:44am   34    0  0.02   5  24   6:47pm SSE 29.91   78
14   34.5  36.5   2:28pm  29.6  11:59pm   31    0  0.35   3  19  11:51pm SSE 29.69   95
15   29.4  35.4   1:36pm  19.9   6:40am   36    0  0.04   2  18   2:01pm SSE 29.86   95
16   22.4  27.3  12:00am  21.1   7:31am   43    0  0.00   2  18  12:04am   N 29.90   96
17   23.1  29.9   3:10pm  15.8  11:24pm   42    0  0.05   3  17   6:14pm SSW 29.88   93
18   21.8  34.3   1:45pm  13.0   5:16am   43    0  0.08   1  14  11:05am  NE 29.77   88
19   19.2  22.0  12:00am  15.8   5:35pm   46    0  0.00   5  24   3:53pm  SW 29.50   94
20    8.5  19.9   4:34am  -9.9  11:58pm   56    0  0.00   5  25   9:33pm  NW 29.59   91
21  -10.9  -4.8   2:26pm -17.9   7:31am   76    0  0.00   2  26   4:51am  NW 30.09   83
22  -12.7  -2.9   3:09pm -17.9   5:28am   78    0  0.00   6  30   6:03am   N 29.97   82
23   -7.5   1.8   1:02pm -13.6   1:25am   72    0  0.00   5  23  11:58pm  NW 30.09   83
24   -5.8   4.1   3:13pm -14.9   7:28am   71    0  0.00   5  28   2:19am  NW 30.15   80
25    8.9  13.5   3:34pm   2.0  12:10am   56    0  0.00   7  29   9:19am   S 29.53   85
26   -1.5  12.1  12:47am -12.3   7:28am   67    0  0.00   6  34   3:37am WNW 29.64   85
27   10.0  22.7   9:47am  -5.3  11:40pm   55    0  0.00   9  40  12:09pm   W 29.66   87
28   -0.6   7.8   2:22pm  -6.5   3:34am   66    0  0.00   5  40   8:59am   W 30.14   71
29    1.2  11.8   1:57pm -11.7   4:39am   64    0  0.00   4  34   5:23pm   W 30.05   67
30    9.8  19.7   2:32pm  -3.8   7:12am   55    0  0.03   4  26  10:07pm   S 30.23   75
31   19.8  26.9  12:01pm  12.5   5:37am   45    0  0.00   5  25  10:17am   W 30.01   69
---------------------------------------------------------------------------------------
TOT  10.5  46.1  1/11/14 -20.3   1/4/14 1689    0  1.46   5  48   1/7/14  NW 29.95   85

HEAT BASE: 65.0
COOL BASE: 65.0