NOAA-Style Climate Reports


Report for 2014 March
                  MONTHLY CLIMATOLOGICAL SUMMARY FOR 3/2014
                                        HEAT  COOL        
     MEAN                               DEG   DEG       WIND SPEED       DOM MEAN  MEAN
DAY  TEMP  HIGH   TIME     LOW   TIME   DAYS  DAYS RAIN AVG  HI  TIME    DIR BAROM HUM
---------------------------------------------------------------------------------------
1    11.8  21.6  11:30pm -10.3  12:00am   53    0  0.00   6  30   8:35am SSW 30.22   58
2     9.3  21.7  12:16am  -4.3  10:48pm   56    0  0.00   5  24   1:48pm  NW 30.05   80
3    -1.7   6.7  11:50am  -8.9   5:42am   67    0  0.00   4  30   1:56pm  NW 30.20   69
4     2.0  12.7  12:58pm -15.5   4:57am   63    0  0.00   2  16   1:36pm  NW 30.32   70
5     5.1  14.9   1:00pm  -4.2  10:51pm   60    0  0.00   3  26   2:19pm   N 30.39   76
6     7.3  24.0   1:45pm  -7.3   5:40am   58    0  0.05   2  19   2:36am NNE 30.59   44
7    20.9  34.1   2:44pm   5.0   2:05am   42    0  0.04   5  28   7:21am   S 30.17   36
8    20.9  31.8   9:57am   9.2  11:54pm   44    0  0.02   4  24   9:24am  NW 29.84   78
9    12.7  20.5   2:39pm   0.4   6:08am   50    0  0.00   4  30  10:28am  NW 29.92   68
10   20.4  26.0   3:03pm  12.6   1:26am   45    0  0.04   3  24  11:34pm   S 29.70   88
11   28.3  32.4   3:00pm  19.7  10:34pm   37    0  0.03   6  35  12:58pm WNW 29.55   94
12   19.4  26.7   8:37am   6.7  11:55pm   46    0  0.00   7  41   8:10pm NNE 29.51   93
13    1.8   6.7  12:00am  -1.5  10:21pm   63    0  0.00  11  37  12:15am  NW 29.58   88
14   11.1  23.4  11:55pm  -9.2   6:47am   54    0  0.01   6  25   4:53pm   S 29.97   87
15   28.1  40.2   9:56am  17.2  11:59pm   37    0  0.03   6  29   9:59am WNW 29.67   89
16    3.8  17.2  12:00am  -6.2  11:59pm   61    0  0.00   9  34   2:11pm WNW 30.11   86
17   -1.2  12.7   1:23pm -19.2   6:04am   66    0  0.00   2  19   2:07pm  NW 30.20   75
18   10.7  30.5   4:07pm -11.1   3:00am   54    0  0.05   1  16   1:50pm   W 30.33   63
19   22.4  29.6  11:02am   7.0  12:56am   43    0  0.00   9  37   6:44pm SSE 30.18   65
20   27.0  31.0  12:01pm  23.3  11:59pm   38    0  0.05   7  29   8:11pm   W 29.64   97
21   20.1  23.5   1:50pm  11.8  11:53pm   45    0  0.01  10  35   7:15am WNW 29.82   95
22   18.4  27.2   2:57pm   2.7   2:36am   47    0  0.00   7  46   4:14pm WNW 29.85   94
23   10.7  22.6   1:45am  -2.4   8:25pm   54    0  0.00   8  32   4:16pm  NW 30.01   91
24    0.5  13.3   3:39pm -20.8   5:31am   65    0  0.00   4  31  12:56pm  NW 30.16   87
25    7.0  22.7   3:06pm -12.8   2:57am   58    0  0.00   3  29  12:51pm SSW 30.07   85
26   11.4  18.0  12:14pm   4.2   1:30am   54    0  0.00   8  38   3:13pm  NW 29.92   84
27   16.0  28.7   3:33pm   1.1   5:06am   47    0  0.05   6  23   1:44am  NW 30.22   62
28   30.0  37.6   9:52pm  23.4   6:26am   35    0  0.36   6  25  11:57pm SSW 29.96   90
29   33.4  38.5   4:05pm  30.0   7:42am   32    0  0.07   4  43  12:42am  NW 30.15   94
30   30.3  32.9   3:05pm  24.2  11:51pm   35    0  0.77   6  28   3:55am NNE 29.82   98
31   23.6  27.2   6:06pm  20.8   5:28am   41    0  0.00  10  42  11:17pm   N 30.00   95
---------------------------------------------------------------------------------------
TOT  14.9  40.2  3/15/14 -20.8  3/24/14 1548    0  1.58   6  46  3/22/14  NW 30.00   80

HEAT BASE: 65.0
COOL BASE: 65.0