NOAA-Style Climate Reports


Report for 2014 April
                  MONTHLY CLIMATOLOGICAL SUMMARY FOR 4/2014
                                        HEAT  COOL        
     MEAN                               DEG   DEG       WIND SPEED       DOM MEAN  MEAN
DAY  TEMP  HIGH   TIME     LOW   TIME   DAYS  DAYS RAIN AVG  HI  TIME    DIR BAROM HUM
---------------------------------------------------------------------------------------
1    30.5  44.2   4:04pm  16.8   6:09am   34    0  0.31   6  34  12:02am NNE 30.09   75
2    37.4  47.9   5:00pm  28.1  11:06pm   28    0  0.00   7  25   1:24am SSE 29.98   64
3    27.2  34.0   3:28pm  20.8  11:59pm   38    0  0.00   6  29   2:39am  NW 30.10   76
4    28.5  43.0   3:07pm  14.3   6:03am   36    0  0.17   5  34   7:45pm SSE 30.01   75
5    28.8  32.3  12:42pm  24.1  11:48pm   36    0  0.11   0   0  12:00am   N 29.73   96
6    29.7  41.6   5:27pm  21.8   7:33am   35    0  0.10   4  30   2:58pm   W 30.05   74
7    37.7  50.3  12:08pm  23.4   4:39am   27    0  0.01   6  38  10:27pm SSE 30.09   64
8    37.6  46.4   3:04pm  30.5  11:28pm   27    0  0.42   9  38   4:14am SSE 29.41   97
9    29.2  34.8   2:36pm  21.8  11:58pm   36    0  0.02  10  38   3:37pm  NW 29.67   78
10   36.5  51.5   3:52pm  16.4   6:02am   29    0  0.00   8  34   1:05pm SSW 29.92   56
11   44.1  52.6   2:01pm  30.5  11:58pm   21    0  0.00   6  31  12:09pm WNW 29.89   60
12   38.8  51.9   3:11pm  26.3   4:43am   26    0  0.00   5  29   1:49pm  NW 30.10   66
13   38.1  45.8   2:54pm  32.9   1:36am   27    0  0.26   8  40   9:14am SSE 30.08   86
14   52.8  68.6   4:37pm  35.3  12:42am   12    0  0.01   7  37   3:50pm SSW 29.77   81
15   44.7  54.4  12:21pm  19.7  11:57pm   20    0  0.58  11  42  11:16am   S 29.57   97
16   15.6  23.3   5:06pm   7.9  11:34pm   49    0  0.06  10  41   7:00am  NW 30.28   88
17   24.2  39.8   4:52pm   6.8   4:56am   41    0  0.08   5  26   9:35pm SSE 30.72   67
18   32.9  43.8   2:05pm  22.2   3:25am   32    0  0.00   6  29   3:12pm SSW 30.39   52
19   33.3  38.6   5:45pm  26.5  11:45pm   32    0  0.03   5  32   4:05pm  NW 30.24   80
20   37.8  53.4   5:18pm  21.2   4:09am   27    0  0.00   2  18   4:50pm SSW 30.39   49
21   49.7  66.3   3:56pm  38.5   1:17am   15    0  0.00   4  28   3:25pm SSW 29.96   46
22   48.7  62.2  12:16pm  38.7   5:27am   16    0  0.24   4  32   1:50pm SSW 29.52   72
23   35.8  44.1  12:00am  31.2  11:41pm   29    0  0.01   8  37  11:21am  NW 29.52   96
24   33.1  40.8   5:47pm  26.1   7:55am   32    0  0.00  12  44   2:22pm   N 29.81   73
25   40.0  54.2   5:19pm  27.0   6:22am   25    0  0.00   3  19  12:28am NNW 29.90   58
26   36.3  43.2  12:19am  33.8   1:08pm   29    0  0.20   6  26   6:38am SSE 29.72   87
27   33.6  38.9   3:48pm  30.4   7:34am   31    0  0.13   5  23   3:51pm  NW 29.96   99
28   37.8  47.7   3:10pm  30.6   6:30am   27    0  0.02   7  31   6:42am   N 30.11   89
29   41.5  53.5   2:19pm  32.1   5:46am   24    0  0.00   8  30   4:05pm SSE 30.32   70
30   33.5  36.6  11:39am  31.1   4:45am   32    0  0.46   9  34   8:47pm SSE 30.33   96
---------------------------------------------------------------------------------------
TOT  35.8  68.6  4/14/14   6.8  4/17/14  875    0  3.22   6  44  4/24/14  NW 29.99   76

HEAT BASE: 65.0
COOL BASE: 65.0