NOAA-Style Climate Reports


Report for 2014 May
                  MONTHLY CLIMATOLOGICAL SUMMARY FOR 5/2014
                                        HEAT  COOL        
     MEAN                               DEG   DEG       WIND SPEED       DOM MEAN  MEAN
DAY  TEMP  HIGH   TIME     LOW   TIME   DAYS  DAYS RAIN AVG  HI  TIME    DIR BAROM HUM
---------------------------------------------------------------------------------------
1    44.0  61.7   5:16pm  33.2  12:00am   21    0  0.59   8  38  12:30am SSE 29.78   96
2    42.1  51.8   1:33pm  33.8   4:27am   23    0  0.10   5  28   1:55pm   W 29.65   84
3    43.9  56.5   3:51pm  35.2   4:44am   21    0  0.07   3  28   5:59pm  SW 29.73   83
4    39.0  41.6  11:17am  36.2   8:15am   26    0  0.58   5  26   5:21pm WNW 29.53   98
5    37.9  40.0  12:00am  36.4  10:45pm   27    0  0.21   6  28   4:15am  NW 29.78  100
6    39.8  48.8   4:21pm  33.1   6:33am   25    0  0.00   6  34   1:45pm  NW 29.90   78
7    41.5  55.2   3:52pm  26.8   5:07am   24    0  0.00   5  23   1:47pm  NW 30.14   70
8    46.3  62.2   2:16pm  27.8   5:34am   19    0  0.00   2  19   1:37pm   N 30.14   55
9    45.7  49.5   3:04pm  39.9   5:14am   19    0  0.00   7  29   3:36pm SSE 30.08   65
10   57.9  71.5   5:17pm  46.5  12:20am    8    1  0.25   8  37   4:43pm   W 29.75   77
11   53.7  64.1   4:44pm  45.7   6:35am   11    0  0.00   9  34   2:23pm   W 29.85   58
12   56.7  68.2   2:23pm  46.1   6:33am    9    0  0.00   7  38   2:08pm WNW 30.01   52
13   47.9  55.5   5:34pm  42.6   5:52am   17    0  0.04   4  24   9:41pm   S 30.16   83
14   55.7  72.6   3:24pm  43.0   5:47am   11    1  0.00   8  28   2:42am SSE 30.15   67
15   59.1  67.2   6:32pm  50.1   4:46am    6    0  0.00   9  35   2:39pm SSE 30.10   89
16   59.5  64.5  11:00am  57.5   6:40am    6    0  0.04  12  48   2:43pm SSE 29.93   93
17   51.5  58.0   4:20am  41.8  11:55pm   14    0  1.03   7  43   2:03am  NW 29.86   89
18   46.3  57.2   4:24pm  36.2   5:46am   19    0  0.00   8  26   2:22pm  NW 30.09   63
19   45.8  52.4  11:25am  35.7   5:26am   19    0  0.00   6  28   9:44am  NW 30.05   69
20   51.7  63.2   3:30pm  41.8  11:55pm   13    0  0.00   6  29  10:09am NNE 30.00   65
21   55.2  69.4   3:30pm  39.8   5:16am   10    0  0.00   3  19  12:01pm  NE 29.90   66
22   52.0  63.3  11:16am  46.7   5:50am   13    0  0.12   6  24  11:36am SSE 29.80   89
23   49.6  52.5   3:25pm  48.0   5:48am   15    0  0.22   3  16   3:53pm  SE 29.87   99
24   51.9  61.7   4:41pm  45.5   5:16am   13    0  0.06   3  24   4:06pm   N 29.97   88
25   57.6  70.3   5:03pm  44.1   5:50am    8    1  0.02   4  22   1:21pm  NW 29.96   73
26   55.1  63.7   2:52pm  49.7   1:10am   10    0  0.49   5  26   6:34pm   W 29.80   94
27   53.2  62.5   1:57pm  43.9  11:53pm   12    0  0.55   4  26  10:05pm SSE 29.79   98
28   43.3  50.3   4:29pm  35.7  11:37pm   22    0  0.10   3  18   1:43am  SE 30.03   98
29   49.2  64.5   4:49pm  33.7   3:19am   16    0  0.00   2  23   3:59pm SSW 30.15   74
30   50.6  61.9  12:33pm  40.6   5:42am   14    0  0.08   4  28   3:02pm  NW 30.02   85
31   49.8  61.8   4:17pm  43.7   2:15am   15    0  0.01   6  22   3:22am NNE 30.19   88
---------------------------------------------------------------------------------------
TOT  49.5  72.6  5/14/14  26.8   5/7/14  485    4  4.56   6  48  5/16/14  NW 29.94   80

HEAT BASE: 65.0
COOL BASE: 65.0