NOAA-Style Climate Reports


Report for 2014 June
                  MONTHLY CLIMATOLOGICAL SUMMARY FOR 6/2014
                                        HEAT  COOL        
     MEAN                               DEG   DEG       WIND SPEED       DOM MEAN  MEAN
DAY  TEMP  HIGH   TIME     LOW   TIME   DAYS  DAYS RAIN AVG  HI  TIME    DIR BAROM HUM
---------------------------------------------------------------------------------------
1    55.9  70.9   3:31pm  38.0   5:02am   10    1  0.00   3  19  10:07am  SW 30.23   70
2    64.2  79.4   3:59pm  45.4   5:06am    6    5  0.00   3  23   4:00pm  SW 30.01   61
3    65.1  78.9  12:04pm  51.8   3:17am    5    5  0.04   6  34   4:18pm   S 29.83   72
4    59.4  72.8   3:47pm  48.2  11:55pm    7    1  0.00   4  25   2:46pm   W 29.71   77
5    54.4  68.0   1:30pm  42.6   5:35am   11    0  0.96   3  19   6:35pm   N 29.66   86
6    52.4  60.0   2:27pm  48.2   5:00am   13    0  0.02   6  24   2:34pm  NW 29.77   96
7    60.8  73.1   4:35pm  49.8   4:36am    6    2  0.01   5  24   3:41pm  NW 29.89   78
8    63.5  78.8   3:48pm  47.7   4:41am    6    4  0.00   1  14   3:04pm WSW 29.86   74
9    65.8  77.6   2:52pm  53.7   1:15am    3    4  0.00   4  18   9:33am   N 29.86   73
10   61.0  68.4   1:30pm  49.8  11:49pm    4    0  0.00   3  14  11:20am  NE 29.93   83
11   54.6  68.6  12:55pm  43.4   4:45am   11    0  0.18   5  28   2:59pm SSW 30.09   82
12   49.7  53.4  11:48pm  46.7   1:22am   15    0  0.65  10  35   8:25pm SSE 30.05   97
13   54.6  59.6  11:53am  52.5   9:57pm   10    0  0.44   7  29   4:43am SSE 29.86  100
14   54.8  65.8   3:56pm  50.2   9:00pm   10    0  0.16   5  26   8:49am  NW 29.81   92
15   53.8  64.1   3:00pm  46.9   5:44am   11    0  0.00   7  28   1:15pm  NW 30.01   84
16   58.3  73.1   2:17pm  41.4   5:16am    8    2  0.00   2  16   2:14pm NNE 30.05   73
17   65.6  78.5   4:11pm  51.4   3:39am    4    4  0.04   3  23  11:56pm  NW 29.90   74
18   60.4  67.2   4:34pm  54.4  11:39pm    5    0  0.44   8  40   5:42am WNW 29.74   95
19   57.0  66.1   3:43pm  44.7  11:57pm    8    0  0.00   5  30   3:35pm  NW 29.94   74
20   49.6  57.1  10:43am  38.8  11:31pm   15    0  0.00   5  29  10:49am   N 29.94   75
21   49.0  60.7  12:40pm  35.2   4:03am   16    0  0.00   4  31  10:57am  NW 29.93   80
22   55.2  71.6   4:09pm  40.0   2:22am   11    1  0.00   2  16  11:10am  NW 29.95   77
23   60.4  75.0   2:37pm  43.7   4:47am    7    3  0.00   2  25   4:25pm  SW 30.03   76
24   62.2  67.3   5:26pm  58.0   1:52am    3    0  0.00   4  22   3:12pm SSW 29.95   88
25   63.2  65.8   4:11pm  61.4  12:54am    2    0  0.73   3  18   7:15am  SW 29.83   99
26   60.8  69.4   3:41pm  49.9  11:57pm    4    0  0.04   4  25  12:18pm   N 29.85   93
27   61.9  76.6   3:59pm  47.0   3:08am    7    4  0.00   3  22  11:43am   N 30.09   72
28   64.1  79.8   3:17pm  47.1   5:25am    6    5  0.00   1  19   2:40pm SSW 30.20   71
29   66.4  80.8   2:58pm  50.2   5:18am    4    6  0.00   2  14   2:28pm  SW 30.10   74
30   69.2  78.7   3:58pm  58.1   4:48am    1    5  0.00   4  25   1:30pm  SW 29.89   84
---------------------------------------------------------------------------------------
TOT  59.1  80.8  6/29/14  35.2  6/21/14  229   52  3.71   4  40  6/18/14  NW 29.93   81

HEAT BASE: 65.0
COOL BASE: 65.0