NOAA-Style Climate Reports


Report for 2014 July
                  MONTHLY CLIMATOLOGICAL SUMMARY FOR 7/2014
                                        HEAT  COOL        
     MEAN                               DEG   DEG       WIND SPEED       DOM MEAN  MEAN
DAY  TEMP  HIGH   TIME     LOW   TIME   DAYS  DAYS RAIN AVG  HI  TIME    DIR BAROM HUM
---------------------------------------------------------------------------------------
1    73.0  83.9   3:57pm  61.0   2:35am    1    9  0.00   6  31   1:40pm  SW 29.72   83
2    71.9  86.1   3:12pm  63.9  10:31pm    0    7  0.05   3  23  12:22pm  SW 29.74   85
3    69.0  83.7   3:46pm  58.0   4:38am    2    6  0.50   2  35   8:04pm WSW 29.85   86
4    58.6  64.3  12:45pm  53.6   9:48pm    6    0  0.11   5  22  11:47pm  NW 29.92   97
5    58.8  69.8   4:03pm  49.7   5:56am    7    1  0.00  10  50   5:31pm WNW 29.90   69
6    64.8  75.4   3:53pm  51.8  11:58pm    3    3  0.00   7  32  11:12am   W 29.83   65
7    61.6  72.2   1:16pm  51.0   4:47am    4    1  0.08   3  29  10:56am SSW 29.68   88
8    70.2  81.5   3:18pm  60.9   6:17am    1    6  0.08   3  28   9:41pm SSW 29.60   84
9    64.0  73.0   2:54pm  57.7  11:07pm    3    2  0.36   0   0  12:00am   N 29.69   86
10   58.1  68.2   2:50pm  47.0  11:59pm    7    0  0.04   0   0  12:00am   N 30.04   80
11   57.9  73.7   4:03pm  42.7   4:59am    9    2  0.00   0  13  11:42am  NW 30.19   77
12   63.5  79.1   4:35pm  45.8   4:39am    6    4  0.00   1  22   4:32pm  SW 30.11   80
13   66.5  73.7  10:03am  60.4   1:54am    1    2  0.43   4  22  10:04am SSW 29.84   92
14   65.7  77.1   4:22pm  53.7   5:30am    2    3  0.21   2  22   3:54pm   W 29.80   88
15   65.2  73.4  11:31am  55.2   3:18am    2    2  0.03   2  16   4:40pm SSW 29.71   95
16   62.8  72.8   4:31pm  50.9  11:59pm    4    2  0.32   2  22   4:15am NNW 29.73   88
17   56.2  68.7   2:55pm  46.1   4:30am    9    0  0.00   3  25   1:21pm  NW 29.93   85
18   57.5  72.6   4:05pm  43.3   5:13am    9    1  0.00   2  18  11:22am  NW 30.16   81
19   60.6  72.8   1:51pm  47.0   4:53am    6    2  0.00   0  16   2:34pm  SE 30.22   82
20   63.2  73.7   2:21pm  54.7   4:55am    4    2  0.00   2  23   2:24pm SSE 30.13   75
21   63.8  78.6   4:46pm  50.5   3:22am    5    4  0.00   1  17   9:47am   S 30.11   80
22   68.1  81.1   1:58pm  54.8   5:07am    3    6  0.00   2  18  11:21am  NW 30.01   83
23   67.8  79.7   1:07pm  59.8  11:57pm    1    4  0.71   3  28   2:42pm  SW 29.75   92
24   57.1  67.4   2:35pm  45.0  10:11pm    8    0  0.00   3  22   1:16pm   N 29.84   85
25   57.9  71.8   3:41pm  43.6   4:52am    9    1  0.00   2  26  12:43pm  NW 29.92   84
26   59.5  72.4   4:16pm  46.9   5:47am    7    1  0.00   2  22  10:55am   W 29.86   83
27   59.3  72.2   5:09pm  50.1   2:38am    6    1  1.08   2  19   9:38am SSW 29.68   95
28   58.9  66.9   3:02pm  53.9   3:50am    6    0  0.89   3  25  10:41pm NNE 29.53   98
29   54.0  65.1   4:05pm  43.6  11:42pm   11    0  0.02   3  29   1:22am  NW 29.76   89
30   55.0  70.1   3:07pm  41.6   3:30am   11    1  0.00   1  13   2:35pm SSW 29.98   83
31   56.2  65.2  10:20am  46.3  12:55am    9    0  0.08   2  28   2:28pm SSW 30.02   90
---------------------------------------------------------------------------------------
TOT  62.1  86.1   7/2/14  41.6  7/30/14  160   72  4.99   3  46   7/5/14  SW 29.88   85

HEAT BASE: 65.0
COOL BASE: 65.0