NOAA-Style Climate Reports


Report for 2014 August
                  MONTHLY CLIMATOLOGICAL SUMMARY FOR 8/2014
                                        HEAT  COOL        
     MEAN                               DEG   DEG       WIND SPEED       DOM MEAN  MEAN
DAY  TEMP  HIGH   TIME     LOW   TIME   DAYS  DAYS RAIN AVG  HI  TIME    DIR BAROM HUM
---------------------------------------------------------------------------------------
1    61.8  76.6   4:16pm  47.8   5:03am    6    3  0.00   2  18  11:00am SSW 30.13   85
2    64.5  76.9   2:14pm  54.3   5:35am    4    3  0.00   2  17   1:25pm SSW 30.10   87
3    63.3  76.0   2:10pm  51.9   5:24am    5    3  0.00   0  13  12:58pm SSE 30.04   88
4    63.2  74.9   4:05pm  53.6  10:24pm    4    2  0.08   2  16   2:09pm  NW 29.98   89
5    62.0  76.9   3:04pm  52.0   5:39am    5    2  0.04   1  17  11:24am WSW 29.94   89
6    59.4  69.7   3:19pm  46.7  11:24pm    6    0  0.12   4  25   3:31pm  NW 29.83   87
7    54.3  65.9   2:10pm  46.8  12:00am   10    0  0.07   3  25   1:32pm  NW 29.89   94
8    58.3  71.5   1:34pm  48.0   3:19am    7    1  0.01   4  23   4:07pm  NW 30.00   88
9    61.1  74.9   1:29pm  47.3   4:22am    6    2  0.00   2  22   1:29pm   N 30.06   81
10   62.6  77.6   1:30pm  48.5   3:41am    6    4  0.00   2  18  12:42pm  NW 30.09   81
11   64.2  79.2   2:51pm  51.6   3:48am    5    4  0.00   0  12  12:01pm SSW 30.07   83
12   63.8  73.8   3:00pm  51.8   4:13am    3    2  0.00   5  29   5:11pm SSE 30.00   83
13   57.2  60.8   4:50am  53.0   5:21pm    8    0  1.19   8  34   2:05am SSE 29.76   98
14   52.5  62.0   5:11pm  41.5  11:45pm   13    0  0.02   4  19   7:28am  NW 29.73   92
15   51.3  61.4   3:11pm  41.3  12:12am   14    0  0.01   2  18  11:31am   W 29.83   90
16   54.3  63.1  10:43am  49.1   2:53am   11    0  0.12   3  19  10:37am   W 29.86   91
17   53.4  58.2   4:19pm  51.5   1:30am   12    0  0.14   4  22   9:38am  NW 29.79   99
18   53.0  61.0   2:38pm  45.0  11:59pm   12    0  0.13   5  23  10:33am   N 29.83   91
19   54.7  70.9   2:33pm  40.0   4:43am   11    1  0.00   1  14  12:44pm   N 29.91   85
20   60.1  75.3   2:14pm  45.0   3:59am    8    3  0.00   1  13  11:17am SSE 29.98   83
21   57.5  68.2  12:08pm  53.0  10:45pm    8    0  0.05   1  17  11:51am SSE 30.03   90
22   56.3  60.4  11:13am  52.9   6:19am    9    0  0.29   1  14   1:53am SSE 30.08   97
23   60.1  70.0   3:10pm  52.1   9:33pm    6    1  0.01   0  13  12:06pm  NE 30.10   87
24   63.1  75.9   4:19pm  51.5   5:04am    5    3  0.00   2  18  12:29pm NNE 30.11   83
25   63.8  79.9   4:24pm  50.6   5:57am    6    5  0.01   0  13   4:37pm  NW 30.12   82
26   65.1  79.4   2:51pm  51.1   5:33am    4    5  0.00   3  26  12:54pm   W 30.04   79
27   65.3  76.9   1:46pm  55.7  11:57pm    3    3  0.00   3  22   7:06pm   N 29.87   82
28   55.2  64.3  11:57am  49.1   3:27am   10    0  0.00   4  31   2:46pm   N 29.87   87
29   55.7  69.9   5:35pm  44.0   2:56am    9    0  0.00   1  13  10:52am   N 30.12   87
30   60.2  72.1   3:57pm  47.8  12:01am    6    1  0.00   4  26  11:17am  SW 30.11   86
31   63.7  70.3  12:45pm  57.1   3:22am    2    1  0.07   3  19   2:36pm  SW 29.92   97
---------------------------------------------------------------------------------------
TOT  59.4  79.9  8/25/14  40.0  8/19/14  221   49  2.36   2  34  8/13/14 NNW 29.97   88

HEAT BASE: 65.0
COOL BASE: 65.0