NOAA-Style Climate Reports


Report for 2014 December
                  MONTHLY CLIMATOLOGICAL SUMMARY FOR 12/2014
                                        HEAT  COOL        
     MEAN                               DEG   DEG       WIND SPEED       DOM MEAN  MEAN
DAY  TEMP  HIGH   TIME     LOW   TIME   DAYS  DAYS RAIN AVG  HI  TIME    DIR BAROM HUM
---------------------------------------------------------------------------------------
1    30.5  41.8   7:38am  18.4  11:57pm   34    0  0.01   7  36   4:43pm NNW 30.11   96
2    15.4  21.4  12:45pm   4.0   7:39am   48    0  0.00   4  32  12:24am   S 30.62   82
3    29.0  34.0   1:08pm  20.3  12:00am   36    0  0.13   5  34  11:11pm   S 30.00   99
4    15.1  24.3  12:33am  -0.5  10:42pm   50    0  0.00   6  40   7:15am  NW 30.31   86
5    12.9  24.3  11:53pm  -2.8   3:03am   52    0  0.00   4  24  11:16pm   S 30.62   86
6    27.3  30.8   2:32pm  21.6  11:56pm   38    0  0.00   3  25   1:51am   N 30.27   98
7     8.1  21.7  12:01am  -6.5  10:50pm   57    0  0.00   3  19   4:44am NNE 30.63   88
8     6.8  18.5  11:21pm  -7.6   2:55am   58    0  0.00   2  26   8:37pm   S 30.73   85
9    27.0  31.4   6:23pm  18.5  12:00am   37    0  0.00   4  24  12:21am SSE 30.20   98
10   28.0  30.7   2:32pm  26.3   8:15am   36    0  0.00   3  22  12:53am NNE 29.61   98
11   26.0  28.4   3:10am  22.6  11:45pm   39    0  0.00   0   0  12:00am   N 29.56   98
12   21.3  23.7  10:30am  18.5  10:13pm   44    0  0.00   0   0  12:00am   N 29.86   96
13   20.5  21.6   9:39am  18.6  12:00am   44    0  0.00   0   0  12:00am   N 29.88   96
14   24.2  27.2  12:36pm  19.1  12:00am   41    0  0.00   0   0  12:00am   N 29.89   97
15   20.6  23.3  12:46pm  18.1   6:15am   44    0  0.00   0   0  12:00am   N 30.08   96
16   25.9  30.1  11:51pm  20.4  12:00am   39    0  0.00   0   0  12:00am   N 30.04   98
17   31.4  32.6   5:43pm  29.2  11:56pm   34    0  0.01   2  26  11:34pm NNW 29.78  100
18   24.8  29.2  12:00am  20.7  11:54pm   40    0  0.00   6  30  11:44am NNW 29.78   98
19   16.5  20.7  12:00am  10.2  11:36pm   49    0  0.00   0   0  12:00am   N 30.03   95
20   11.5  26.6   2:23pm   0.6   7:03am   53    0  0.13   0   0  12:00am   N 30.33   93
21   16.6  24.8  11:52am   5.9   1:02am   48    0  0.00   0   0  12:00am   N 30.36   95
22   23.9  28.0  12:39pm  18.9  12:00am   41    0  0.00   0   0  12:00am   N 30.36   97
23   29.9  31.6  11:59pm  27.0  12:00am   35    0  0.00   0  13  11:57pm   N 30.23   99
24   34.8  39.8  11:34pm  31.5  12:00am   30    0  1.33   5  29   7:30pm   S 29.87  100
25   36.2  44.0   6:06am  30.9  10:20pm   29    0  0.16   9  47  10:01pm WNW 29.54   92
26   30.7  33.3  12:49pm  25.7   6:21pm   34    0  0.00   6  41   7:47am WNW 30.05   84
27   32.7  34.8  11:11pm  30.7   7:04am   32    0  0.02   3  32   1:30am  NW 30.07   90
28   31.8  38.2   3:30am  20.7  11:55pm   33    0  0.10   8  36   8:11pm  NW 29.80   91
29   15.5  23.2   3:19am   7.6   9:33pm   50    0  0.00   5  35  11:22am  NW 30.12   75
30    2.8   8.0   1:24pm  -3.5  11:15pm   62    0  0.00   3  22  12:23am  NW 30.35   75
31    3.0   9.5   8:16pm  -6.5   6:58am   62    0  0.00   2  23   9:46pm   W 30.22   83
---------------------------------------------------------------------------------------
TOT  22.0  44.0 12/25/14  -7.6  12/8/14 1330    0  1.89   3  47 12/25/14  NW 30.11   92

HEAT BASE: 65.0
COOL BASE: 65.0