NOAA-Style Climate Reports


Report for 2015 January
                  MONTHLY CLIMATOLOGICAL SUMMARY FOR 1/2015
                                        HEAT  COOL        
     MEAN                               DEG   DEG       WIND SPEED       DOM MEAN  MEAN
DAY  TEMP  HIGH   TIME     LOW   TIME   DAYS  DAYS RAIN AVG  HI  TIME    DIR BAROM HUM
---------------------------------------------------------------------------------------
1    13.8  19.2  11:23pm   7.0   4:02am   51    0  0.00   4  29   8:21pm WSW 29.88   78
2    12.6  19.1  12:00am   3.3  11:59pm   52    0  0.00   5  23  10:54pm  NW 30.10   89
3     6.2  19.2  11:58pm  -6.1   7:20am   59    0  0.00   3  30  11:43pm SSE 30.54   85
4    30.7  39.0   6:05pm  19.2  12:00am   34    0  0.26   6  32  12:07am SSE 29.74   99
5     8.9  31.3  12:00am  -7.6  11:48pm   56    0  0.00  13  55   9:28am WNW 29.92   83
6    -1.2   4.9   1:56pm -10.2   7:06am   66    0  0.00   2  29   2:36am  SW 30.18   85
7    -2.4   9.2  12:02pm -21.4  11:55pm   67    0  0.00   6  36   2:40pm  NW 29.89   87
8   -10.7   3.7  11:57pm -27.4   7:21am   76    0  0.00   2  31  12:00am SSW 30.22   83
9     8.6  15.2  12:16pm   3.7  12:00am   56    0  0.00   6  36   2:18pm   W 29.89   87
10    3.0   9.5   1:23pm  -7.5   4:59am   62    0  0.00   3  31  11:18am   W 30.26   87
11    8.4  16.2  11:58pm  -0.5   7:41am   57    0  0.00   1  14  12:17am SSW 30.50   82
12   20.0  24.8   2:20pm   9.9  11:57pm   45    0  0.00   3  24  10:33pm SSW 30.23   91
13   -7.6   9.9  12:00am -16.2   8:52pm   73    0  0.00   2  24   1:07am   N 30.66   85
14    1.9  16.3   2:15pm -13.9  12:38am   63    0  0.00   2  18   3:37pm SSW 30.50   85
15    6.5  20.7   1:08pm  -8.4   5:45am   58    0  0.02   1  13   1:12pm  SW 30.07   86
16    7.7  19.0   9:52am  -7.5  11:58pm   57    0  0.00   7  40  11:33am  NW 29.80   85
17   -3.8   9.9  11:09pm -18.3   7:31am   69    0  0.00   4  32  12:53am NNW 30.31   74
18   24.2  34.0  12:42pm   9.9  12:00am   41    0  0.01   5  30   4:13am   S 29.92   91
19   24.6  30.5  12:00am  11.2  11:58pm   40    0  0.00   0   0  12:00am   N 29.60   97
20    5.4  11.8   2:05pm  -0.9  11:57pm   60    0  0.00   0   0  12:00am   N 29.88   90
21    5.1  19.1   2:22pm  -1.6   1:06am   60    0  0.00   0   0  12:00am   N 30.23   90
22   12.5  24.0  12:21pm   2.2   7:27am   52    0  0.01   1  16   2:44pm NNW 30.26   91
23   12.3  20.9   3:41pm  -1.8   1:15am   53    0  0.00   2  17   7:25pm  SW 30.13   91
24   18.6  29.0   2:41pm   6.1   3:56am   46    0  0.00   2  23   9:28pm SSW 29.54   92
25    6.9  22.3   4:23am  -6.1  11:56pm   58    0  0.00   7  37   6:00am  NW 29.68   91
26   -3.2  11.4   2:30pm -20.5   6:34am   68    0  0.00   0   8  12:00am SSE 30.20   85
27    1.4   6.6   2:52am  -1.8  11:40am   64    0  0.00   8  46   3:55pm NNE 29.89   85
28    1.7  10.4   2:32pm  -9.2  11:51pm   63    0  0.00   6  32   1:20am   N 30.11   89
29   10.1  25.5  12:17pm -10.3   1:36am   55    0  0.00   3  37   9:42pm SSE 30.22   79
30   13.7  22.1  10:31am  -1.2  11:58pm   51    0  0.00   8  35   5:29pm NNW 29.85   93
31   -7.2  -1.2  12:00am -14.6   7:57am   72    0  0.00   8  36   2:20pm NNW 30.11   85
---------------------------------------------------------------------------------------
TOT   7.4  39.0   1/4/15 -27.4   1/8/15 1786    0  0.30   4  55   1/5/15  NW 30.07   87

HEAT BASE: 65.0
COOL BASE: 65.0