NOAA-Style Climate Reports


Report for 2015 February
                  MONTHLY CLIMATOLOGICAL SUMMARY FOR 2/2015
                                        HEAT  COOL        
     MEAN                               DEG   DEG       WIND SPEED       DOM MEAN  MEAN
DAY  TEMP  HIGH   TIME     LOW   TIME   DAYS  DAYS RAIN AVG  HI  TIME    DIR BAROM HUM
---------------------------------------------------------------------------------------
1    -3.3   3.0   1:32pm -16.1  11:10pm   68    0  0.00   3  25   5:04am NNW 30.21   86
2    -2.6   4.8   1:52pm -12.4  12:00am   68    0  0.00   2  26  10:00pm NNE 29.89   86
3    -3.0   6.9   9:47pm -14.9   3:11am   68    0  0.00   2  19  12:00am NNW 30.15   87
4    12.7  21.3  11:53pm   1.8   2:25am   52    0  0.00   3  17  11:29am SSW 30.08   93
5     5.4  21.6  12:19am  -8.6  11:59pm   60    0  0.00   5  29   2:14pm NNW 30.03   89
6    -0.9  10.1  11:54pm -16.2   7:07am   66    0  0.00   2  14  12:23pm  SW 30.08   87
7    13.9  18.6   2:26pm   9.3  11:53pm   51    0  0.00   2  17   4:46am  NW 30.01   93
8    12.1  15.2  11:37pm   9.0   2:06am   53    0  0.00   1  10   9:10am ESE 30.06   92
9    16.8  18.2   5:04pm  15.2  12:00am   48    0  0.00   2  13   9:01am ESE 30.15   94
10   18.1  20.8   3:00pm  15.7   7:49pm   47    0  0.00   2  14   6:33pm   N 30.17   94
11   17.2  22.7   4:56pm  12.6   8:25am   48    0  0.00   2  14   9:23pm SSE 30.05   94
12   13.4  19.8   1:23pm  -3.1  11:59pm   52    0  0.00   4  28   7:28pm  NW 29.74   92
13  -10.6  -3.0  12:00am -18.1  11:59pm   76    0  0.00   6  32   2:58pm  NW 30.04   83
14   -2.5   7.3  11:46pm -19.0  12:54am   68    0  0.00   2  23  10:38am SSE 29.87   87
15   -6.0   7.0  12:00am -17.7  11:58pm   71    0  0.00   9  38   5:05pm   N 29.80   86
16  -11.3  -1.8   2:43pm -18.8   7:12am   76    0  0.00   6  34   5:24am NNW 30.07   83
17   -2.5  12.3   2:20pm -20.9   3:17am   67    0  0.00   1  16  12:15pm  SW 30.01   83
18    5.4  19.3   2:53pm -10.7   6:21am   60    0  0.00   1  16   1:49pm SSE 29.87   83
19    5.7  12.3   2:35am  -8.2  11:51pm   59    0  0.00   6  35  10:48pm  NW 29.63   90
20   -6.1   1.9   3:23pm -12.5   6:25am   71    0  0.00   7  38   3:36am  NW 30.05   83
21    3.9  15.0  11:56pm -14.4   2:40am   61    0  0.00   4  30   3:23pm SSW 30.32   82
22   15.9  21.8   1:37pm   8.0   3:29am   49    0  0.00   1  17  11:44pm  NW 30.15   93
23   -4.8  16.8  12:00am -18.4  11:14pm   70    0  0.00   7  36   2:23pm  NW 30.22   84
24   -4.4   7.2   4:16pm -23.3   6:56am   69    0  0.00   4  28   7:33pm SSW 30.13   75
25    8.8  19.8   2:28pm  -0.7   5:40am   56    0  0.00   4  34   1:52pm  NW 29.81   79
26   -0.9   6.6   1:58pm  -9.8   4:20am   66    0  0.00   1  14  12:25am   N 30.13   69
27   -0.8  11.1   2:49pm -12.9   4:11am   66    0  0.00   3  25  10:57am NNW 30.40   66
28    4.5  17.9   3:17pm  -7.4   3:26am   61    0  0.00   3  17  12:06am  NW 30.72   73
---------------------------------------------------------------------------------------
TOT   3.4  22.7  2/11/15 -23.3  2/24/15 1726    0  0.00   3  38  2/15/15  NW 30.06   85

HEAT BASE: 65.0
COOL BASE: 65.0