NOAA-Style Climate Reports


Report for 2015 April
                  MONTHLY CLIMATOLOGICAL SUMMARY FOR 4/2015
                                        HEAT  COOL        
     MEAN                               DEG   DEG       WIND SPEED       DOM MEAN  MEAN
DAY  TEMP  HIGH   TIME     LOW   TIME   DAYS  DAYS RAIN AVG  HI  TIME    DIR BAROM HUM
---------------------------------------------------------------------------------------
1    18.4  27.7   4:01pm   9.2  10:50pm   47    0  0.00   1  32  12:14pm NNE 30.03   56
2    29.9  48.3   6:01pm   8.1   3:23am   35    0  0.00   0  10   4:09pm  SW 30.01   56
3    45.9  55.8   3:47pm  35.6   9:23pm   19    0  0.02   0   0  12:00am   N 29.68   66
4    25.5  42.3  12:00am  15.9   9:55pm   40    0  0.04   1  30   5:02pm  NW 29.71   86
5    21.7  29.6   4:28pm  16.7   2:50am   43    0  0.10   3  31   9:32am  NW 30.06   76
6    23.2  29.3  12:07pm  12.6   6:16am   42    0  0.02   0   1  12:41am NNW 30.29   90
7    29.8  37.7   4:57pm  20.1  11:59pm   35    0  0.25   1  16   3:40pm NNE 30.32   77
8    26.5  36.9   2:38pm  14.3   2:31am   39    0  0.00   0   8   3:56am ENE 30.41   60
9    26.5  32.2   1:52pm  22.4   6:12am   38    0  0.18   2  30  11:04pm   S 30.32   93
10   33.9  43.0   8:12pm  26.6  12:00am   31    0  0.18   2  32   2:18am   S 29.80   99
11   32.6  37.0  12:00am  28.0  10:02am   32    0  0.00   8  42   6:27am  NW 29.80   81
12   39.6  54.4   4:52pm  28.0   4:56am   25    0  0.00   3  26   2:33pm  NW 30.18   62
13   48.2  61.9   3:47pm  30.3   4:35am   17    0  0.00   2  26   9:04pm SSW 30.14   56
14   44.1  51.6   4:22pm  31.8  11:58pm   21    0  0.07   0  18  12:00am   N 30.01   65
15   38.1  45.5   4:32pm  28.8   4:10am   27    0  0.00   0   0  12:00am   N 30.19   55
16   42.3  58.2   5:10pm  24.6   6:19am   23    0  0.00   0   0  12:00am   N 30.31   43
17   45.2  54.9   5:36pm  38.7   9:45pm   20    0  0.15   0  16   1:07pm   W 29.89   76
18   40.5  56.3   1:32pm  29.1   6:30am   24    0  0.01   0   0  12:00am   N 29.92   72
19   37.1  49.3   5:23pm  28.6   7:17am   28    0  0.00   1  19   3:38am   N 30.20   66
20   37.3  41.4   7:08pm  31.3  11:15am   28    0  0.13   7  54   3:23pm SSE 29.95   83
21   38.4  43.1  12:42pm  29.4  10:13pm   27    0  0.63   2  29   3:30am  SE 29.61   98
22   37.5  48.1  11:55am  29.5   1:02am   27    0  0.74   2  28   3:24pm SSW 29.63   89
23   30.5  34.6   4:26pm  26.2  11:48pm   34    0  0.07   3  25  10:59am  NW 29.55   86
24   25.4  27.3   1:08am  23.9   7:28am   40    0  0.00   8  38   2:55am  NW 29.74   93
25   27.6  33.2   2:08pm  22.6   5:56am   37    0  0.03   4  24  12:20am  NW 29.78   91
26   36.5  43.3   4:28pm  30.8  12:00am   28    0  0.03   2  19  11:54am NNW 29.67   86
27   35.6  38.6   4:29pm  31.4   5:39am   29    0  0.19   4  29   5:00pm NNE 29.66   98
28   39.9  49.2   4:50pm  32.8   6:39am   25    0  0.00   6  32   6:19pm NNE 29.76   82
29   42.9  51.3   1:57pm  37.7   5:53am   22    0  0.00   3  22  11:53am  NE 29.69   75
30   45.2  53.0   1:56pm  36.1   1:15am   20    0  0.00   1  19   5:42pm   E 29.82   75
---------------------------------------------------------------------------------------
TOT  34.9  61.9  4/13/15   8.1   4/2/15  904    0  2.84   2  46  4/20/15  NW 29.94   76

HEAT BASE: 65.0
COOL BASE: 65.0