NOAA-Style Climate Reports


Report for 2015 June
                  MONTHLY CLIMATOLOGICAL SUMMARY FOR 6/2015
                                        HEAT  COOL        
     MEAN                               DEG   DEG       WIND SPEED       DOM MEAN  MEAN
DAY  TEMP  HIGH   TIME     LOW   TIME   DAYS  DAYS RAIN AVG  HI  TIME    DIR BAROM HUM
---------------------------------------------------------------------------------------
1    41.2  44.7   1:30pm  38.7   4:22am   24    0  0.91   5  25   6:30pm ESE 30.24   99
2    43.0  48.3   3:28pm  38.8   5:42am   22    0  0.06   2  17   7:17pm  SE 30.17   98
3    45.0  57.9   4:00pm  35.8   5:24am   20    0  0.01   2  18   4:33pm NNE 30.22   85
4    52.6  69.0   4:24pm  36.8   2:59am   13    0  0.00   2  14   3:13pm   S 30.20   81
5    56.5  66.2  12:50pm  45.5   1:42am    9    0  0.54   2  17  12:06pm  SW 29.98   91
6    50.7  59.3   4:14pm  36.3  11:58pm   14    0  0.00   5  24  10:36am NNE 29.99   77
7    51.9  65.3   4:41pm  32.8   4:53am   13    0  0.00   3  24   3:26pm SSW 30.09   66
8    53.6  60.9   9:59pm  47.5   7:01am   11    0  0.20   4  23  12:35am SSE 29.76   94
9    59.3  64.9   3:38pm  54.6  11:47pm    6    0  1.41   2  23  10:35pm  SE 29.57   99
10   60.3  71.7   3:34pm  51.0   3:16am    6    1  0.04   5  28  12:44am  NW 29.71   83
11   62.8  71.6   2:20pm  50.6  11:52pm    3    1  0.07   4  36  10:46am WNW 29.73   80
12   58.6  69.6  11:43am  49.2   1:28am    7    0  0.94   0  16  11:43pm   E 29.87   89
13   60.3  71.7   1:09pm  50.9   5:32am    6    1  0.13   5  30   4:09pm   N 29.88   84
14   59.1  73.5   4:38pm  45.1   5:18am    8    2  0.00   1  16  12:10pm   N 30.02   70
15   52.9  57.5   2:03am  50.1  11:44pm   12    0  0.13   5  29   1:13pm SSE 29.98   95
16   56.2  62.0   6:06pm  49.9   3:15am    9    0  0.26   3  22  10:05pm  NW 29.85  100
17   55.6  69.7   4:19pm  43.0   5:53am   10    1  0.00   3  30  12:26am NNE 30.08   73
18   60.0  73.6   3:49pm  44.6  12:17am    7    2  0.00   3  24   3:00pm  SW 29.93   84
19   55.0  62.7   4:14pm  39.6  11:59pm   10    0  0.32   4  24   6:18am NNW 29.90   87
20   55.9  71.5   4:01pm  37.5   5:09am   10    1  0.00   3  23   3:12pm SSW 30.02   78
21   61.9  72.6   4:06pm  56.4   4:04am    4    1  0.58   0  19   1:24am SSE 29.70   97
22   60.8  70.8   5:32pm  51.9  10:46pm    5    1  0.35   2  31   1:25am  NW 29.84   91
23   61.6  76.6   5:10pm  52.1  12:13am    5    1  0.73   4  28   6:33pm WNW 29.72   93
24   58.6  67.2   4:24pm  50.5  11:59pm    7    0  0.06   5  34   8:04am  NW 29.88   75
25   57.0  66.8   3:23pm  49.2  11:58pm    8    0  0.00   2  31  11:12am  NW 29.96   80
26   56.8  67.5   3:57pm  45.4   6:00am    8    0  0.00   1  18   3:59pm   N 30.00   72
27   57.2  68.3   3:00pm  42.5   5:23am    8    0  0.00   1  17   7:24pm SSE 30.08   77
28   49.5  55.3  12:00am  45.8  11:49pm   15    0  0.94   2  31   1:09pm  SE 29.83   95
29   52.4  61.0   3:49pm  45.7  12:40am   13    0  0.02   1  14  11:21am  NW 29.79   95
30   57.9  72.5   1:53pm  45.7   3:46am    8    1  0.17   1  17  11:38pm SSE 29.92   88
---------------------------------------------------------------------------------------
TOT  55.5  76.6  6/23/15  32.8   6/7/15  300   14  7.87   3  36  6/11/15 SSE 29.93   86

HEAT BASE: 65.0
COOL BASE: 65.0