NOAA-Style Climate Reports


Report for 2015 July
                  MONTHLY CLIMATOLOGICAL SUMMARY FOR 7/2015
                                        HEAT  COOL        
     MEAN                               DEG   DEG       WIND SPEED       DOM MEAN  MEAN
DAY  TEMP  HIGH   TIME     LOW   TIME   DAYS  DAYS RAIN AVG  HI  TIME    DIR BAROM HUM
---------------------------------------------------------------------------------------
1    58.0  64.1   4:59pm  54.4  11:02pm    7    0  0.90   4  30   9:19am SSE 29.70   99
2    55.4  65.8   3:15pm  43.1  11:58pm   10    0  0.00   5  25  10:01am  NW 29.82   80
3    54.9  68.9   2:32pm  40.0   4:57am   11    1  0.00   2  22  11:13am  NW 29.93   77
4    57.7  68.0   5:35pm  46.3   3:57am    8    0  0.10   1  13  12:39pm SSW 29.93   86
5    60.5  72.1   4:04pm  49.0   4:20am    6    1  0.01   3  24   3:53pm  NW 30.02   87
6    63.1  77.4   3:13pm  50.4   4:59am    5    4  0.00   0  14   3:07pm SSW 30.09   83
7    65.9  75.6   1:21pm  53.5  12:38am    2    3  0.05   3  23   4:56pm SSW 29.92   93
8    60.4  67.1   3:46pm  46.0  11:59pm    5    0  0.15   5  24   7:32am NNW 29.90   88
9    57.6  68.0   2:36pm  46.0  12:00am    7    0  0.00   1  14  11:46am SSW 29.94   89
10   61.7  73.9   4:02pm  50.1   1:36am    5    2  0.00   2  24   3:00pm NNW 29.90   82
11
12
13
14
15   51.8  59.0   6:25pm  48.5  11:55pm    3    0  0.00   1  19   6:35pm  NW 29.92   84
16   53.8  66.9   4:20pm  42.9   4:30am   11    0  0.00   1  22   6:55am NNE 30.04   77
17   57.6  72.3   3:10pm  40.8   4:45am    8    1  0.00   1  17   1:25pm  SW 30.03   80
18   63.2  76.6   5:00pm  56.9   4:55am    3    2  0.46   1  28   3:35am SSW 29.83   96
19   65.0  78.9   3:10pm  56.7   4:55am    2    2  2.09   1  32   6:10pm WSW 29.73   97
20   67.4  77.9   3:55pm  56.3  11:30pm    1    4  0.02   2  23  12:40pm NNW 29.62   84
21   63.0  76.5   2:10pm  53.1   3:55am    4    2  0.26   1  24   3:05pm  SW 29.57   89
22   59.1  67.6   2:15pm  53.8   6:15am    6    0  0.00   2  26   4:05pm NNW 29.66   86
23   58.0  67.6   4:25pm  51.6   9:05pm    7    0  0.00   1  26  11:00am  NW 29.81   86
24   55.8  65.3   3:57pm  48.8   1:50am    9    0  0.20   1  18   5:49pm NNW 29.90   95
25   60.9  74.4   5:07pm  48.0   2:49am    6    2  0.00   0  14   8:12pm SSE 29.94   86
26   61.4  71.7   3:11pm  57.2   6:24am    4    1  0.16   0  17  12:18am SSE 29.91   98
27   67.3  80.3   3:52pm  60.4  12:23am    2    4  0.00   0  13   1:47pm   W 29.94   89
28   66.9  79.1   2:51pm  53.6   5:25am    3    5  0.25   1  24  12:41am NNW 29.93   86
29   70.2  83.6   3:10pm  58.7   5:13am    2    7  0.00   1  17  12:50pm NNW 29.89   85
30   67.2  78.7  11:09am  59.0   5:10am    1    4  0.33   1  26   3:14pm  SW 29.74   94
31   62.8  71.9   4:06pm  52.4  10:59pm    4    1  0.01   2  28   2:46pm WNW 29.72   83
---------------------------------------------------------------------------------------
TOT  61.2  83.6  7/29/15  40.0   7/3/15  144   46  5.73   2  32  7/19/15  NW 29.86   87

HEAT BASE: 65.0
COOL BASE: 65.0