NOAA-Style Climate Reports


Report for 2015 August
                  MONTHLY CLIMATOLOGICAL SUMMARY FOR 8/2015
                                        HEAT  COOL        
     MEAN                               DEG   DEG       WIND SPEED       DOM MEAN  MEAN
DAY  TEMP  HIGH   TIME     LOW   TIME   DAYS  DAYS RAIN AVG  HI  TIME    DIR BAROM HUM
---------------------------------------------------------------------------------------
1    61.5  71.5   2:57pm  50.9  11:03pm    5    1  0.03   1  26  11:30am WNW 29.70   83
2    61.5  73.8   2:17pm  47.4   5:20am    6    2  0.00   1  17   1:52pm  SW 29.80   80
3    66.0  80.2   2:59pm  55.0   5:51am    3    4  0.00   1  30   3:44pm  SW 29.69   82
4    60.4  71.8  11:36am  51.1  11:58pm    6    1  0.20   1  24   9:44pm  SW 29.78   89
5    57.3  67.8   2:27pm  49.8  12:40am    8    0  0.07   1  28   2:29pm   W 29.82   91
6    56.0  62.0   2:13pm  51.0  11:58pm    9    0  0.01   2  29  10:25am  NW 29.87   91
7    54.6  66.7   2:31pm  44.8   5:52am   10    0  0.00   0  14   2:17pm NNW 29.96   88
8    56.5  70.3   4:10pm  44.5   4:17am    9    0  0.00   1  17   4:40pm NNE 30.01   84
9    61.7  75.0   2:49pm  50.4   4:36am    5    2  0.00   0  13   9:51am  SE 30.01   84
10   64.0  77.3   2:37pm  51.4   4:06am    4    3  0.01   1  17   2:19pm  SW 29.93   85
11   59.9  63.3   3:45pm  57.6   5:31am    5    0  0.83   1  28  11:43am SSE 29.75   98
12   60.8  69.5   3:15pm  55.6  11:38pm    5    0  0.05   2  24   5:44pm  NW 29.75   96
13   57.8  68.1   4:07pm  48.8  11:56pm    7    0  0.05   1  17   1:35pm  NW 29.96   91
14   61.5  76.0   2:44pm  46.9   5:08am    6    3  0.03   1  22  12:34pm  SW 30.05   89
15   65.9  77.9   3:29pm  57.7   3:12am    2    3  0.00   0  14   1:34pm  NW 30.04   93
16   67.3  80.0   3:20pm  58.2   4:44am    2    4  0.01   0  13  11:48am  NW 30.05   90
17   68.3  81.7   4:00pm  57.2   6:13am    2    6  0.01   1  17   3:13pm WSW 30.00   85
18   69.3  84.0   2:05pm  58.2   5:50am    2    6  0.00   0  13  12:09pm  SW 29.96   83
19   71.4  82.9   3:14pm  60.7   5:05am    1    7  0.00   1  25   9:09pm SSW 29.96   83
20   68.2  77.8   2:52pm  63.1   3:51am    0    4  0.00   3  31   1:02pm SSE 29.96   88
21   63.1  73.6   3:09pm  55.6   7:56pm    3    1  0.19   1  26   1:41am SSE 29.98   94
22   62.7  73.2   1:44pm  54.3   5:05am    4    2  0.01   0  12  10:51am NNE 30.09   81
23   65.0  76.9   2:48pm  52.7   5:31am    3    4  0.00   1  14  10:31am  SE 29.99   81
24   67.4  77.7   1:40pm  60.6  12:00am    1    4  0.00   1  19   1:05pm SSW 29.83   86
25   63.3  72.1   2:53pm  56.6  11:58pm    3    1  0.67   1  19   1:24pm SSE 29.82   97
26   60.3  69.5   1:04pm  53.9   5:07am    5    1  0.01   1  18   3:43pm  NW 29.89   85
27   55.5  64.3  12:54pm  47.9   4:56am    9    0  0.03   1  19  12:48pm  NW 29.98   91
28   56.9  68.0   3:39pm  48.4  11:47pm    8    0  0.00   1  17   8:52am  NW 30.12   89
29   58.3  69.7   1:16pm  47.4   5:26am    7    1  0.00   0  13   9:20am WSW 30.10   90
30   61.9  73.3   3:47pm  52.9   4:30am    5    2  0.00   1  16  12:12pm  NW 30.00   87
31   62.4  72.6   1:40pm  54.8  12:06am    4    1  0.00   1  28   2:23pm WNW 29.91   91
---------------------------------------------------------------------------------------
TOT  62.1  84.0  8/18/15  44.5   8/8/15  150   62  2.21   1  31  8/20/15  NW 29.93   88

HEAT BASE: 65.0
COOL BASE: 65.0