NOAA-Style Climate Reports


Report for 2015 October
                  MONTHLY CLIMATOLOGICAL SUMMARY FOR 10/2015
                                        HEAT  COOL        
     MEAN                               DEG   DEG       WIND SPEED       DOM MEAN  MEAN
DAY  TEMP  HIGH   TIME     LOW   TIME   DAYS  DAYS RAIN AVG  HI  TIME    DIR BAROM HUM
---------------------------------------------------------------------------------------
1    41.1  49.7   1:52pm  37.0   6:51am   24    0  0.00   3  23   4:34am  NE 30.26   87
2    38.7  45.7  11:38am  32.3   5:35am   26    0  0.00   1  22   2:22pm ENE 30.40   79
3    39.8  51.8   1:33pm  31.2   6:23am   25    0  0.00   1  24  11:14am   E 30.49   79
4    39.7  55.5   2:52pm  27.1   6:25am   25    0  0.00   0  18  12:49am ESE 30.42   76
5    42.7  57.9   1:40pm  28.0   4:50am   22    0  0.00   1  12  11:58am  SW 30.22   81
6    44.9  49.2   2:19pm  37.3   4:47am   20    0  0.00   2  22   8:03pm NNW 30.01   88
7    48.2  57.2   1:06pm  41.1  11:59pm   17    0  0.01   1  28   3:21pm NNW 29.94   90
8    39.0  51.0   2:15pm  28.3   6:36am   26    0  0.00   1  16  11:04am  NW 30.12   82
9    42.2  52.4   4:12pm  33.3  12:00am   23    0  0.79   2  35   6:38pm  NW 29.85   97
10   36.1  44.7   1:47pm  29.2   6:58pm   29    0  0.00   1  30   3:56am  NW 30.03   87
11   46.1  59.8   3:22pm  35.9  12:59am   19    0  0.00   1  22   2:42pm  SW 29.82   79
12   53.9  70.6   1:57pm  39.4   4:53am   12    1  0.00   1  18  12:31pm SSW 29.72   77
13   52.5  63.8  12:15pm  45.4  10:19pm   13    0  0.21   2  24   7:25pm   S 29.47   88
14   42.2  50.1  10:02am  29.1  11:32pm   23    0  0.09   2  31  10:05am WNW 29.61   95
15   39.5  53.7   1:47pm  25.7   5:26am   26    0  0.03   1  24  11:52pm  SW 29.85   81
16   36.6  42.8  12:00am  28.3  10:33pm   28    0  0.11   2  30   9:52am   W 29.85   96
17   30.1  35.5   3:16am  20.6  11:41pm   35    0  0.11   2  31   8:49am  NW 29.99   97
18   21.9  28.9   1:13pm  13.9   5:34am   43    0  0.04   1  25   2:09pm  NW 30.25   90
19   25.6  37.1   2:56pm  10.0   6:00am   39    0  0.07   1  19   3:40pm SSW 30.29   79
20   44.9  57.0   1:34pm  33.5  12:00am   20    0  0.02   2  29   1:38pm WSW 30.04   85
21   45.3  54.0   3:04pm  37.7   6:37am   20    0  0.02   0  13  11:35pm WNW 30.24   73
22   48.9  59.0   3:33pm  38.8  11:59pm   16    0  0.06   3  32   6:31pm   W 30.00   87
23   29.4  38.9  12:00am  21.9  10:52pm   36    0  0.00   3  31  12:35am WNW 30.24   86
24   32.2  42.2  12:09pm  22.2   3:45am   33    0  0.01   2  28  10:11pm SSE 30.30   85
25   39.0  47.0  12:18pm  33.4  11:58pm   26    0  0.17   4  35   4:54pm WNW 30.02   97
26   31.8  39.8   2:08pm  24.6  11:59pm   33    0  0.00   1  19   3:44pm  NW 30.42   82
27   30.5  45.4   2:49pm  20.5   6:40am   35    0  0.00   0  12  12:46pm WSW 30.57   81
28   36.4  45.9  11:57pm  25.9  12:00am   29    0  0.76   4  35   5:37pm  SE 30.25   91
29   48.5  60.6  10:06am  36.2  10:59pm   17    0  0.49   3  32   3:17am WSW 29.44   93
30   32.7  38.5   4:08am  26.3  11:53pm   32    0  0.01   5  40   7:00am   W 29.82   85
31   32.4  44.7  12:39pm  20.0   6:28am   33    0  0.00   0  11  11:08am WNW 30.13   74
---------------------------------------------------------------------------------------
TOT  39.1  70.6 10/12/15  10.0 10/19/15  803    1  3.01   2  40 10/30/15 WNW 30.07   85

HEAT BASE: 65.0
COOL BASE: 65.0