NOAA-Style Climate Reports


Report for 2015 November
                  MONTHLY CLIMATOLOGICAL SUMMARY FOR 11/2015
                                        HEAT  COOL        
     MEAN                               DEG   DEG       WIND SPEED       DOM MEAN  MEAN
DAY  TEMP  HIGH   TIME     LOW   TIME   DAYS  DAYS RAIN AVG  HI  TIME    DIR BAROM HUM
---------------------------------------------------------------------------------------
1    40.3  47.4   2:39pm  34.7   4:00am   25    0  0.05   3  30   4:37pm   W 29.80   88
2    40.2  46.2  12:04pm  31.2  11:11pm   25    0  0.00   3  31   2:47am WNW 30.01   90
3    44.4  55.5  12:37pm  32.4  12:00am   21    0  0.00   1  24   3:19pm WNW 30.13   88
4    43.9  57.4   1:17pm  30.7   5:44am   21    0  0.00   0  11  11:57pm  NE 30.30   83
5    56.0  68.3  12:07pm  42.1   6:14am    9    0  0.00   0  12  12:12pm   E 30.11   75
6    56.1  66.3  12:16pm  49.2  11:54pm    9    0  0.04   3  35   6:51pm  SW 29.75   88
7    39.8  49.2  12:00am  31.5  11:54pm   25    0  0.00   3  32  11:21am   W 29.89   77
8    30.1  37.3  12:40pm  23.7  11:22pm   35    0  0.01   2  30  11:03am   W 30.24   77
9    36.0  50.6   1:46pm  25.3  12:00am   29    0  0.00   1  14  10:52am  SW 30.34   75
10   36.8  53.1  11:29am  25.4   3:54am   28    0  0.01   0  10  11:16am   E 30.16   76
11   40.1  43.6   1:02pm  36.5   7:20pm   25    0  0.07   0  18   1:55am   E 29.91   89
12   39.1  41.3   8:49pm  36.6   3:45am   26    0  0.36   2  29  11:32am SSE 29.65  100
13   37.6  40.6   9:17am  31.1  10:38pm   27    0  0.19   5  26   9:58am   W 29.39   99
14   24.3  31.2  12:00am  21.5   6:36am   41    0  0.00   3  31   3:27am  NW 29.90   97
15   31.2  36.4  12:56pm  22.8   1:55am   34    0  0.23   0  22  12:00am  NW 30.10   95
16   30.5  38.1  11:42am  17.6  11:58pm   35    0  0.02   0  10   2:49am WNW 30.23   86
17   25.3  39.1  12:53pm  16.7   2:33am   40    0  0.00   0   7   5:45am  NW 30.55   85
18   33.0  43.1  12:24pm  21.1  12:20am   32    0  0.00   4  25   3:09pm SSE 30.46   74
19   39.5  44.6  10:49pm  35.8   4:12am   26    0  0.53   5  32   7:28am SSE 30.16   99
20   36.2  45.0   1:31am  24.4  11:56pm   29    0  0.15   1  26   4:33am  NW 30.07   82
21   28.5  37.8  11:50am  19.8   4:07am   36    0  0.00   1  25  10:00pm  SE 30.19   78
22   32.4  40.6  12:07pm  25.7  11:55pm   33    0  0.01   3  26   1:00am  NW 29.89   79
23   19.0  25.7  12:00am   9.6  11:14pm   46    0  0.00   4  29  11:05am  NW 30.01   77
24   18.0  23.0   9:49am  10.4   4:22am   47    0  0.00   0  10   2:40am WNW 29.73   88
25   26.0  34.4  11:34am  11.3   2:39am   39    0  0.03   3  30   7:37pm   S 30.74   86
26   36.5  42.7  11:58pm  29.4  12:00am   28    0  0.00   4  30  12:25am SSW 30.63   86
27   46.5  52.6  10:34am  29.2  11:53pm   18    0  0.08   3  29   2:44am  SW 30.18   86
28   23.5  29.3  12:31am  17.6   9:34pm   41    0  0.00   0  18   2:16am   N 30.22   97
29   17.8  24.4   9:40am   6.2  11:47pm   47    0  0.00   1  19   6:57am WNW 30.35   93
30   15.1  26.3  10:21am   4.4   3:40am   50    0  0.00   0  14   7:27am   S 30.44   87
---------------------------------------------------------------------------------------
TOT  34.1  68.3  11/5/15   4.4 11/30/15  926    0  1.78   2  34  11/6/15 WNW 30.12   86

HEAT BASE: 65.0
COOL BASE: 65.0