NOAA-Style Climate Reports


Report for 2015 December
                  MONTHLY CLIMATOLOGICAL SUMMARY FOR 12/2015
                                        HEAT  COOL        
     MEAN                               DEG   DEG       WIND SPEED       DOM MEAN  MEAN
DAY  TEMP  HIGH   TIME     LOW   TIME   DAYS  DAYS RAIN AVG  HI  TIME    DIR BAROM HUM
---------------------------------------------------------------------------------------
1    26.7  31.9  11:37pm  12.7  12:00am   38    0  0.01   0   0  12:00am   N 30.20   95
2    35.8  39.6   2:06pm  31.7  12:15am   25    0  0.30   0  12   8:06am  NE 29.77  100
3    30.1  36.9  12:00am  27.9  11:32pm   35    0  0.06   1  24   4:43am  NW 29.74   99
4    28.5  31.0  11:09pm  25.5   3:34am   37    0  0.00   0   0  12:00am   N 30.31   99
5    31.0  38.1   2:16pm  24.9  11:43pm   34    0  0.20   1  19  10:11am  NW 30.60   99
6    29.7  44.1  12:45pm  22.7   7:53am   35    0  0.15   0  10   1:34pm  NW 30.39   95
7    27.8  34.4  11:02am  20.0  11:58pm   37    0  0.00   2  19  10:02am  NW 30.14   94
8    26.3  31.2   1:26pm  18.2   2:03am   39    0  0.00   0   0  12:00am   N 30.16   92
9    29.4  35.3  11:42am  28.6   7:45am   31    0  0.01   0   0  12:00am   N 27.87   84
10   36.8  45.6   1:16pm  32.9   4:55pm   28    0  0.01   0  17   2:53am SSE 29.92   98
11   41.0  45.9  11:39am  36.0  12:22am   24    0  0.00   1  19   1:41am SSE 29.81   94
12   37.7  41.7  12:02am  32.7   5:42pm   27    0  0.00   0   0  12:00am   N 30.05   88
13   32.3  38.6  12:56pm  26.7   7:29am   33    0  0.01   1  14   6:11am NNW 30.19   87
14   39.0  43.1  11:39pm  35.5  12:00am   26    0  0.06   1  24  11:26pm  SE 29.77   99
15   38.2  43.4   3:31am  27.1  11:53pm   27    0  0.37   2  38   2:50pm   W 29.46  100
16   26.3  28.3   8:37pm  23.8   6:14pm   39    0  0.00   0  19   1:41am  SE 30.09   96
17   33.5  40.7   9:01pm  28.1  12:00am   32    0  0.10   0  24   2:06pm  SE 29.87   99
18   30.2  41.4   1:26am  24.7  11:53pm   35    0  0.02   0  19   2:58am  NW 29.67   95
19   20.9  24.7  12:00am  17.2  11:26pm   44    0  0.00   0  28   7:46pm WNW 29.82   92
20   16.6  21.3  11:58pm  11.6   6:56am   48    0  0.01   1  30   6:24am WNW 30.34   92
21   30.1  36.1  10:34pm  21.3  12:00am   35    0  0.04   0   0  12:00am   N 30.06   83
22   38.6  42.6  10:57pm  35.2   1:47am   26    0  0.67   0  16   8:07pm   W 29.94   97
23   42.2  47.4   1:23pm  33.5   7:01am   23    0  0.30   1  25   8:25pm  SE 30.11   98
24   46.3  56.3   1:51pm  39.0  10:25pm   17    0  0.00   1  24   8:23am SSE 29.85   85
25   37.5  47.5  11:35am  29.0   3:17am   28    0  0.00   0  14   9:39pm WNW 30.15   68
26   29.0  36.9   1:45pm  24.3   4:43am   36    0  0.01   1  16  10:08am WNW 30.46   85
27   28.4  32.5   2:37pm  19.7  11:40pm   37    0  0.22   1  28   9:46pm  SE 29.96   97
28    9.5  19.7  12:00am   4.5   8:08am   55    0  0.00   1  28   2:39am  NW 30.50   90
29   15.6  21.8  11:38pm   9.3  12:22am   49    0  0.00   0   8   7:12am ESE 30.26   93
30   24.0  27.6  11:52pm  21.5   4:13am   41    0  0.00   0  12   6:18am SSE 30.21   97
31   27.7  30.1   4:16am  24.0  11:45pm   37    0  0.00   0  14   5:40pm   W 29.97   98
---------------------------------------------------------------------------------------
TOT  30.5  56.3 12/24/15   4.5 12/28/15 1058    0  2.55   1  34 12/15/15  NW 30.00   93

HEAT BASE: 65.0
COOL BASE: 65.0