NOAA-Style Climate Reports


Report for 2016 January
                  MONTHLY CLIMATOLOGICAL SUMMARY FOR 1/2016
                                        HEAT  COOL        
     MEAN                               DEG   DEG       WIND SPEED       DOM MEAN  MEAN
DAY  TEMP  HIGH   TIME     LOW   TIME   DAYS  DAYS RAIN AVG  HI  TIME    DIR BAROM HUM
---------------------------------------------------------------------------------------
1    22.9  25.7  10:29am  19.2  11:57pm   42    0  0.00   0  16   1:09am WSW 29.85   96
2    20.2  22.3   1:25pm  17.6   7:43am   45    0  0.00   0  13   3:31am WSW 29.84   95
3    22.0  25.1   5:07pm  13.1  11:56pm   43    0  0.00   0  17   9:22pm WNW 29.71   96
4    -1.7  13.1  12:00am  -6.9   6:59pm   67    0  0.00   1  24   6:10pm NNW 30.19   88
5    -2.6   8.4   2:11pm -10.7   7:20am   68    0  0.00   0  10   4:48am   N 30.60   87
6    12.8  27.9   2:09pm  -1.0  12:00am   52    0  0.12   0  12   9:36pm  SW 30.44   83
7    18.6  32.2   2:27pm   9.9   1:26am   46    0  0.01   0  16   5:58am   S 30.32   85
8    21.7  31.4   1:01pm  10.1   6:44am   43    0  0.00   2  19   2:41pm SSE 30.28   87
9    28.3  30.4  10:50pm  26.1   3:42am   37    0  0.00   0  19  12:10am   S 30.18   95
10   35.2  42.4   6:30pm  30.4  12:00am   30    0  0.38   1  34   2:43pm SSE 29.63   99
11   16.5  32.6  12:00am   2.3  11:59pm   49    0  0.00   0  28   2:02am WSW 29.65   81
12    9.3  16.2  10:23pm  -1.8   5:09am   56    0  0.00   0   0  12:00am   N 29.84   89
13    8.4  16.8   1:04am  -5.8  11:49pm   56    0  0.00   0  35   1:21pm   W 29.70   88
14    8.0  16.9   1:14pm  -5.5  12:00am   57    0  0.00   0   0  12:00am   N 29.86   88
15   15.1  22.9  11:50pm   2.0   5:26am   50    0  0.00   0   0  12:00am   N 29.92   92
16   27.6  30.8   2:04pm  22.4  11:56pm   37    0  0.00   0  16  11:30pm WNW 29.51   98
17   17.0  22.4  12:00am  13.1   9:06pm   48    0  0.00   0  12   5:30am WNW 29.77   89
18   10.1  15.2  12:00am  -0.4  11:58pm   55    0  0.00   0  31  11:57pm   W 29.60   91
19   -0.1   7.2  11:51pm  -4.0   6:24am   65    0  0.00  12  44   8:17am WNW 29.81   88
20    8.8  12.3   3:02pm   6.5   4:40am   56    0  0.00   4  40   4:04am WNW 30.06   91
21    6.3  10.4   2:09pm   4.0  11:18pm   59    0  0.00   0   0  12:00am   N 30.11   90
22    8.2  17.3  12:51pm  -0.5  11:40pm   56    0  0.00   0   0  12:00am   N 30.25   89
23    9.5  21.7   2:16pm   0.0  11:58pm   56    0  0.00   0   0  12:00am   N 30.07   84
24   11.4  20.4  12:47pm  -0.1  12:02am   54    0  0.00   0   0  12:00am   N 29.98   82
25   20.3  29.5   2:25pm  12.5  12:35am   45    0  0.02   0   0  12:00am   N 30.19   85
26   29.1  38.1   5:58pm  20.4   4:29am   36    0  0.04   0   0  12:00am   N 29.85   87
27   21.1  31.2  12:00am   2.9  11:29pm   44    0  0.00   0   0  12:00am   N 29.91   85
28   17.8  28.0   2:26pm   1.7   4:32am   47    0  0.00   0   0  12:00am   N 29.86   82
29   23.7  28.4  10:12am  17.9  11:57pm   41    0  0.00   0   0  12:00am   N 29.51   90
30   20.1  27.1  11:57pm  15.5   4:47am   45    0  0.00   0   0  12:00am   N 29.86   92
31   34.9  43.7  11:59am  23.2   7:32am   30    0  0.02   0   0  12:00am   N 29.77   72
---------------------------------------------------------------------------------------
TOT  16.2  43.7  1/31/16 -10.7   1/5/16 1513    0  0.59   1  42  1/19/16 WNW 29.94   89

HEAT BASE: 65.0
COOL BASE: 65.0