NOAA-Style Climate Reports


Report for 2016 February
                  MONTHLY CLIMATOLOGICAL SUMMARY FOR 2/2016
                                        HEAT  COOL        
     MEAN                               DEG   DEG       WIND SPEED       DOM MEAN  MEAN
DAY  TEMP  HIGH   TIME     LOW   TIME   DAYS  DAYS RAIN AVG  HI  TIME    DIR BAROM HUM
---------------------------------------------------------------------------------------
1    35.7  45.9   8:50am  24.3   9:01pm   29    0  0.00   0   0  12:00am   N 29.70   77
2    22.8  28.2  12:56am  14.0   8:39pm   42    0  0.00   0   0  12:00am   N 30.26   84
3    30.5  43.6  11:58pm  20.6  12:00am   35    0  0.46   1  41   8:30am SSE 30.02   93
4    34.4  45.0   2:03am  24.9  11:08pm   31    0  0.02   1  23   4:25am  NW 29.93   90
5    20.1  25.4  12:02am  13.0  11:30pm   45    0  0.00   0   0  12:00am   N 30.13   83
6    21.1  30.2   2:23pm   8.3   3:07am   44    0  0.00   3  29   5:41pm SSW 30.19   82
7    23.8  29.4  12:57pm  16.7   8:23pm   41    0  0.00   2  23   6:18am WSW 30.10   85
8    16.7  20.7   1:40pm  11.6  11:49pm   48    0  0.00   1  13   8:16am  NE 29.90   65
9    14.5  20.9   1:53pm   9.9   6:23am   50    0  0.05   0  10   5:11am SSE 29.65   88
10   19.9  27.8  12:27pm  11.9  11:49pm   44    0  0.01   1  23   9:02pm WNW 29.54   92
11    4.9  12.7  12:53am  -9.8  10:24pm   60    0  0.00   5  35   8:51pm WNW 29.76   87
12    0.4  13.9   2:58pm -13.9   6:40am   65    0  0.00   2  28  12:19am   S 30.04   79
13   -8.2   6.9  12:34am -24.1  11:22pm   73    0  0.00   7  37   5:40pm WNW 29.98   78
14  -18.1  -8.9   3:28pm -27.3   6:50am   83    0  0.00   4  30   1:41am WNW 30.47   74
15    1.1  13.7  11:58pm -18.9   4:46am   64    0  0.00   3  28   4:46pm SSE 30.49   72
16   32.5  44.1   5:55pm  13.7  12:00am   33    0  0.82   1  22  12:02am SSE 29.74   98
17   20.5  24.5  12:00am  16.9   9:07pm   44    0  0.00   0   0  12:00am   N 29.89   93
18    8.4  19.7  12:00am  -0.6  11:53pm   57    0  0.00   0   0  12:00am   N 30.42   82
19   17.3  30.1  12:27pm  -0.9  12:45am   48    0  0.00   0   0  12:00am   N 30.40   63
20   30.3  36.2   6:48pm  21.6   1:34am   35    0  0.22   0   0  12:00am   N 29.74   98
21   27.1  33.8  12:00am  15.7  11:58pm   38    0  0.01   0   0  12:00am   N 29.84   97
22    9.1  18.0   2:11pm  -3.3  11:48pm   56    0  0.00   0   0  12:00am   N 30.21   83
23   13.5  26.0   4:42pm  -5.0   1:11am   52    0  0.00   0   0  12:00am   N 30.44   81
24   28.3  40.1  11:46pm  21.9  12:27am   37    0  0.94   0   0  12:00am   N 29.98   97
25   37.0  46.5   8:04am  21.0  11:58pm   28    0  0.74   0  18  10:43am  SW 29.15   99
26    9.0  21.1  12:00am   2.2  11:59pm   56    0  0.00   0   0  12:00am   N 29.70   91
27   15.0  28.0   3:05pm  -3.2   6:52am   50    0  0.02   0   0  12:00am   N 29.92   83
28   32.3  41.1   4:02pm  24.5  12:00am   33    0  0.04   0   0  12:00am   N 29.70   88
29   33.7  41.6   8:45am  27.5  11:59pm   31    0  0.11   0   0  12:00am   N 29.48   86
---------------------------------------------------------------------------------------
TOT  18.4  46.5  2/25/16 -27.3  2/14/16 1350    0  3.44   1  41   2/3/16 WNW 29.96   85

HEAT BASE: 65.0
COOL BASE: 65.0