NOAA-Style Climate Reports


Report for 2016 March
                  MONTHLY CLIMATOLOGICAL SUMMARY FOR 3/2016
                                        HEAT  COOL        
     MEAN                               DEG   DEG       WIND SPEED       DOM MEAN  MEAN
DAY  TEMP  HIGH   TIME     LOW   TIME   DAYS  DAYS RAIN AVG  HI  TIME    DIR BAROM HUM
---------------------------------------------------------------------------------------
1    13.7  27.5  12:00am   1.3   7:01am   51    0  0.00   0   0  12:00am   N 30.03   61
2    16.8  31.4   6:57am   0.6  11:57pm   48    0  0.01   0   0  12:00am   N 29.65   91
3    -0.6   8.4   4:25pm  -7.9  11:02pm   66    0  0.00   0   0  12:00am   N 30.23   83
4     7.2  19.5   2:47pm  -8.1   5:35am   58    0  0.00   0   0  12:00am   N 30.26   82
5    12.4  23.4   2:45pm   1.7   2:03am   53    0  0.03   0   0  12:00am   N 30.21   71
6    19.5  32.8   3:28pm   8.3   2:40am   46    0  0.15   0   1   3:10pm  NW 30.26   72
7    27.1  30.6   6:23pm  21.6  12:00am   38    0  0.00   0   0  12:00am   N 30.03   87
8    34.1  44.8   4:02pm  29.2   6:07am   31    0  0.14   0   0  12:00am   N 30.12   88
9    50.6  58.1  12:26pm  40.0   1:40am   14    0  0.01   0   0  12:00am   N 29.90   75
10   46.2  51.3  12:20am  40.7   8:46pm   19    0  0.54   0   0  12:00am   N 29.86   99
11   30.1  40.8  12:00am  23.2  10:59pm   35    0  0.08   0   0  12:00am   N 30.11   96
12   36.8  52.6   2:30pm  19.7   4:48am   28    0  0.01   0   0  12:00am   N 30.08   65
13   35.9  44.0   3:27pm  26.4  10:14pm   28    0  0.00   0   0  12:00am   N 30.05   58
14   27.6  31.9  10:56am  25.4   2:45pm   37    0  0.00   1  31   1:45pm SSE 30.17   74
15   34.7  43.3   2:43pm  27.4  12:00am   30    0  0.21   0   0  12:00am   N 29.94   96
16   42.4  53.9   3:43pm  32.8  12:56am   23    0  0.16   0   0  12:00am   N 29.80   89
17   38.7  50.1   1:06pm  31.6  11:45pm   26    0  0.07   0   0  12:00am   N 29.67   87
18   26.0  31.9   1:50am  14.0  11:59pm   39    0  0.06   0   0  12:00am   N 29.70   86
19   15.4  24.3   4:37pm   8.0   6:34am   50    0  0.00   0   0  12:00am   N 30.09   69
20   21.2  36.8   3:56pm   4.2   7:31am   44    0  0.00   0   7  10:50pm  SE 30.14   57
21   25.4  32.9  12:59pm  20.7   2:45am   40    0  0.00   2  35   8:46pm   W 29.77   59
22   24.6  35.1   3:56pm  13.7   6:53am   40    0  0.00   2  34  12:54am   W 29.93   62
23   27.8  32.9   3:47pm  18.3  11:10pm   37    0  0.08   0   2   1:18am   S 29.96   86
24   22.3  26.5   5:02pm  19.0   5:56am   43    0  0.00   0   0  12:00am   N 30.12   88
25   29.5  37.0   3:19pm  22.8  11:55pm   35    0  0.39   0   0  12:00am   N 29.81   98
26   28.8  46.9   5:16pm  18.2   7:38am   36    0  0.01   0   0  12:00am   N 30.30   86
27   37.2  52.5   4:19pm  24.6   7:18am   28    0  0.01   0   0  12:00am   N 30.25   79
28   32.8  34.4   9:25pm  31.1   9:21am   32    0  0.49   0   0  12:00am   N 29.65   95
29   25.8  34.3  12:00am  21.3  10:41pm   39    0  0.03   0   0  12:00am   N 29.77   91
30   32.8  47.5   3:18pm  14.9   6:09am   32    0  0.02   0   0  12:00am   N 30.14   59
31   46.7  55.3   8:17pm  38.0   5:47am   18    0  0.00   0   0  12:00am   N 29.74   65
---------------------------------------------------------------------------------------
TOT  28.0  58.1   3/9/16  -8.1   3/4/16 1143    0  2.50   0  32  3/21/16   W 29.99   79

HEAT BASE: 65.0
COOL BASE: 65.0