NOAA-Style Climate Reports


Report for 2016 April
                  MONTHLY CLIMATOLOGICAL SUMMARY FOR 4/2016
                                        HEAT  COOL        
     MEAN                               DEG   DEG       WIND SPEED       DOM MEAN  MEAN
DAY  TEMP  HIGH   TIME     LOW   TIME   DAYS  DAYS RAIN AVG  HI  TIME    DIR BAROM HUM
---------------------------------------------------------------------------------------
1    49.4  57.0   9:19am  36.0  11:39pm   16    0  0.79   0   0  12:00am   N 29.45   89
2    32.9  41.7   3:18pm  23.3  11:58pm   32    0  0.03   0   0  12:00am   N 29.42   86
3    15.1  23.3  12:00am   7.4  11:51pm   50    0  0.00   0   0  12:00am   N 29.59   76
4    11.9  22.4   4:07pm   3.2   4:53am   53    0  0.03   0   0  12:00am   N 30.06   68
5    13.5  22.9   3:09pm   4.0   5:42am   52    0  0.00   0   0  12:00am   N 30.28   61
6    20.9  34.5   2:48pm   6.0   5:29am   44    0  0.01   0   0  12:00am   N 30.19   67
7    36.6  49.2   1:17pm  24.2   1:00am   28    0  0.63   0   0  12:00am   N 29.58   96
8    29.3  36.2  12:01am  16.1  11:59pm   36    0  0.19   0   0  12:00am   N 29.43   96
9    19.2  26.0   4:29pm  15.3  12:31am   46    0  0.09   0   0  12:00am   N 29.83   91
10   19.9  30.7   5:12pm   8.5   6:42am   45    0  0.02   0   0  12:00am   N 30.20   78
11   30.8  39.0  11:17pm  23.1  12:00am   34    0  0.29   0   0  12:00am   N 30.06   94
12   34.4  41.4   7:57am  27.6   9:54pm   31    0  0.46   0   0  12:00am   N 29.98   94
13   30.5  40.9   3:59pm  22.9   5:51am   35    0  0.01   0   0  12:00am   N 30.37   74
14   35.0  46.1   2:53pm  24.0   5:51am   30    0  0.00   0   0  12:00am   N 30.40   51
15   39.1  51.5   2:36pm  23.9   4:33am   26    0  0.00   0   0  12:00am   N 30.45   46
16   42.8  59.2   3:47pm  23.8   5:44am   22    0  0.00   0   0  12:00am   N 30.47   40
17   49.6  67.5   3:24pm  29.4   4:59am   16    0  0.00   0   0  12:00am   N 30.35   42
18   47.5  60.4   1:05pm  39.9  11:36pm   18    0  0.09   0   0  12:00am   N 30.17   61
19   40.2  47.8   3:56pm  32.9   7:00am   25    0  0.35   0   0  12:00am   N 30.03   75
20   36.7  52.0   4:03pm  24.4   6:11am   28    0  0.00   0   0  12:00am   N 30.21   57
21   47.1  68.0   5:00pm  26.6   5:50am   18    0  0.00   0   0  12:00am   N 30.02   44
22   53.0  68.3   1:36pm  43.4  12:05am   12    0  0.08   0   0  12:00am   N 29.82   78
23   38.5  48.7  12:00am  30.2  11:54pm   26    0  0.01   0   0  12:00am   N 29.90   76
24   32.9  45.9   4:25pm  22.6   6:00am   32    0  0.00   0   0  12:00am   N 30.05   46
25   34.4  46.1   1:41pm  23.0   2:39am   31    0  0.00   0   0  12:00am   N 30.00   49
26   29.1  33.4   3:06pm  21.5  11:37pm   36    0  0.19   0   0  12:00am   N 29.84   84
27   29.4  41.5   4:27pm  19.7   6:03am   36    0  0.10   0   0  12:00am   N 29.88   67
28   29.2  42.5   4:09pm  16.9   5:09am   36    0  0.00   0   0  12:00am   N 30.05   60
29   37.4  53.5   4:58pm  19.9   4:23am   28    0  0.00   0   0  12:00am   N 30.12   53
30   43.2  56.9   3:52pm  27.6   4:38am   22    0  0.00   0   0  12:00am   N 30.16   42
---------------------------------------------------------------------------------------
TOT  33.6  68.3  4/22/16   3.2   4/4/16  941    1  3.37   0   0   4/1/16   N 30.01   68

HEAT BASE: 65.0
COOL BASE: 65.0