NOAA-Style Climate Reports


Report for 2016 July
                  MONTHLY CLIMATOLOGICAL SUMMARY FOR 7/2016
                                        HEAT  COOL        
     MEAN                               DEG   DEG       WIND SPEED       DOM MEAN  MEAN
DAY  TEMP  HIGH   TIME     LOW   TIME   DAYS  DAYS RAIN AVG  HI  TIME    DIR BAROM HUM
---------------------------------------------------------------------------------------
1    61.9  76.1   2:10pm  49.7   5:15am    6    3  0.62   1  22   1:08pm SSW 29.89   82
2    53.6  59.5   3:42pm  43.3  11:38pm   11    0  0.01   2  32   4:05pm WSW 29.83   90
3    57.8  71.2   3:55pm  40.7   5:30am    8    1  0.00   2  30  10:45am  SW 29.96   72
4    47.5  75.2   6:08pm  47.2   2:42am   15    1  0.00   0  13   9:05am   S 24.56   64
5    64.8  78.9   3:32pm  49.9   3:27am    5    5  0.00   1  19   4:20pm WSW 29.76   74
6    68.6  82.6   3:36pm  52.1   2:50am    3    6  0.00   1  17   4:50pm WSW 29.77   76
7    68.0  82.3   2:15pm  60.8  10:23pm    1    4  0.08   1  19   1:20pm SSE 29.72   89
8    63.9  73.7   2:00pm  56.5   6:12am    3    2  0.00   1  14  10:53pm ESE 29.80   88
9    53.9  57.5  12:00am  52.3  11:53pm   11    0  0.54   2  24   4:35pm   S 29.83   99
10   54.6  60.4   4:52pm  51.1   4:58am   10    0  0.23   1  17  12:24am SSE 29.86   99
11   59.1  73.1   5:30pm  49.1   5:53am    7    2  0.04   1  18   9:25am NNE 30.05   87
12   63.2  79.3   3:45pm  48.3   4:32am    6    4  0.00   0   0  12:00am   N 30.04   80
13   69.5  84.3   2:20pm  52.5   2:50am    3    8  0.00   1  23   2:47pm  SW 29.93   81
14   68.6  79.4   3:27pm  62.1   9:24pm    0    4  0.49   1  29   4:36pm SSW 29.75   93
15   67.8  78.4   5:23pm  56.8  11:57pm    2    4  0.08   1  24   3:09pm WSW 29.76   87
16   61.4  70.7   4:19pm  53.0   5:01am    4    1  0.01   1  16   9:21am WNW 29.97   92
17   63.5  75.2   3:07pm  55.5  11:40pm    4    2  0.03   1  18   3:07pm   W 30.06   90
18   64.3  76.3  12:24pm  54.8   1:21am    3    2  0.29   1  25  11:31am   S 29.91   92
19   55.7  62.3   2:55pm  44.6  11:48pm    9    0  0.01   0  23  10:55am WNW 30.03   89
20   55.6  69.0   2:12pm  42.6   3:31am   10    0  0.00   0   0  12:00am   N 30.16   85
21   63.9  78.2   3:55pm  47.7   5:15am    5    4  0.00   1  18   2:45pm WSW 30.03   79
22
23   62.4  75.7  12:49pm   0.0   4:09am    3    1  0.72   1  18   1:04pm WSW 29.77   95
24   60.6  70.5   4:33pm  51.8  11:10pm    5    1  0.00   1  18  11:15am WSW 29.95   89
25   64.6  79.4   1:08pm  52.3   5:40am    4    3  0.03   0   8  10:47pm SSW 29.85   89
26   66.2  72.9   4:16pm  57.3  11:32pm    1    2  0.00   0  14   9:45am   S 29.79   89
27   66.8  81.3   3:30pm  53.9   3:03am    4    5  0.01   0  13   4:03pm   S 29.88   83
28   64.9  76.2  10:35am  57.2   3:32am    3    3  0.01   0  16   4:20pm WSW 29.86   91
29   65.4  77.7   3:28pm  55.5  11:58pm    3    3  0.02   1  16   1:23pm  NW 29.89   84
30   59.6  72.4   2:24pm  48.0   5:37am    7    1  0.01   0  14   8:18am   W 30.03   82
31   59.7  74.0   4:09pm  47.7   5:40am    7    2  0.00   0  12   3:17pm  SE 30.10   86
---------------------------------------------------------------------------------------
TOT  62.3  84.3  7/13/16  40.7   7/3/16  164   76  3.23   1  32   7/2/16 WSW 29.76   86

HEAT BASE: 65.0
COOL BASE: 65.0