NOAA-Style Climate Reports


Report for 2016 August
                  MONTHLY CLIMATOLOGICAL SUMMARY FOR 8/2016
                                        HEAT  COOL        
     MEAN                               DEG   DEG       WIND SPEED       DOM MEAN  MEAN
DAY  TEMP  HIGH   TIME     LOW   TIME   DAYS  DAYS RAIN AVG  HI  TIME    DIR BAROM HUM
---------------------------------------------------------------------------------------
1    57.1  59.7  10:13am  51.3  11:58pm    8    0  0.87   0  10   2:16pm  NE 30.10   98
2    61.4  75.7   5:36pm  49.5  12:49am    6    3  0.00   0  12   9:34am ENE 30.13   86
3    63.5  78.6   4:30pm  50.8   5:50am    6    4  0.00   0  13   4:31pm SSW 30.13   80
4    65.0  79.3   4:47pm  51.8   5:01am    4    4  0.00   1  17   3:18pm   S 30.06   82
5    68.8  82.1   4:20pm  54.7   5:02am    3    6  0.00   1  22   2:25pm   S 29.85   77
6    66.6  77.0   1:50pm  50.6  11:57pm    1    3  0.03   1  26  12:40pm   W 29.64   85
7    58.0  70.5   3:28pm  48.1   3:53am    8    1  0.03   1  26   3:15pm WSW 29.82   88
8    59.5  72.1   4:31pm  45.9   5:30am    7    1  0.01   1  26   5:35pm WSW 30.01   82
9    60.5  76.4   4:13pm  42.8   5:31am    8    3  0.00   0  14   1:28pm WSW 30.16   79
10   65.3  78.3   5:31pm  54.4   1:34am    3    3  0.00   0  12  12:01pm  SE 30.07   91
11   71.5  84.6   4:25pm  60.1   3:36am    1    8  0.02   0  17  11:57am WSW 29.96   85
12   70.5  82.1   3:34pm  62.7   1:27am    0    6  0.35   1  22  12:47pm WSW 29.77   96
13   67.1  71.2   4:27pm  64.0  11:27pm    0    2  0.34   0  18   9:17pm  SE 29.82  100
14   69.7  77.7   3:06pm  62.3  11:55pm    0    5  0.10   1  22  10:47am  SW 29.82   94
15   62.5  73.7   3:58pm  52.7  11:47pm    4    2  0.00   1  18  12:24pm WSW 30.10   88
16   60.1  68.6  12:36pm  51.1   4:54am    5    0  0.69   0  22   9:52pm  SE 30.09   96
17   61.7  68.3   4:21pm  52.8  11:46pm    4    0  0.99   2  34   7:10am  NW 29.89   97
18   63.3  76.1   2:57pm  52.2   1:42am    4    3  0.01   1  18   6:08pm WNW 29.94   90
19   61.7  74.9   5:41pm  50.8  11:58pm    6    3  0.00   1  14  11:54am  NW 29.94   84
20   64.0  77.6   4:05pm  48.8   5:40am    5    4  0.01   1  19   3:42pm SSE 29.92   84
21   64.7  74.3   2:23pm  59.0   9:57pm    2    2  0.56   2  29   1:40pm SSE 29.81   91
22   52.9  59.1  12:00am  46.7  10:04pm   12    0  0.45   3  32   9:51am  NW 29.93   94
23   56.9  70.7   4:40pm  41.5   4:16am    9    1  0.00   1  19   3:49pm  SW 30.21   82
24   63.9  78.9   3:18pm  49.0   5:20am    5    4  0.00   1  14  11:58am   S 30.16   81
25   65.9  75.0   1:01pm  58.4   5:58am    2    2  0.00   1  23   3:59pm   S 29.95   90
26   67.5  76.4   2:04pm  60.3  10:39pm    1    3  0.02   1  26   3:01pm   W 29.93   86
27   63.0  75.9   1:52pm  52.5   5:11am    5    3  0.00   0  14   1:48pm   W 30.16   83
28   65.6  78.4   4:53pm  53.6   3:07am    3    3  0.14   1  29   6:48pm SSW 30.14   89
29   60.5  65.6   2:46am  50.0   8:50pm    5    0  0.00   2  32  10:34am  NW 30.07   92
30   57.8  69.2   2:47pm  46.4   3:55am    8    1  0.01   0  12  10:17am  NW 30.10   89
31   61.6  71.8   4:01pm  54.2  12:24am    4    1  0.71   0  14   3:46pm WSW 29.88   95
---------------------------------------------------------------------------------------
TOT  63.1  84.6  8/11/16  41.5  8/23/16  138   81  5.35   1  34  8/17/16   S 29.99   88

HEAT BASE: 65.0
COOL BASE: 65.0