NOAA-Style Climate Reports


Report for 2016 November
                  MONTHLY CLIMATOLOGICAL SUMMARY FOR 11/2016
                                        HEAT  COOL        
     MEAN                               DEG   DEG       WIND SPEED       DOM MEAN  MEAN
DAY  TEMP  HIGH   TIME     LOW   TIME   DAYS  DAYS RAIN AVG  HI  TIME    DIR BAROM HUM
---------------------------------------------------------------------------------------
1    31.8  42.5   3:28pm  19.6   2:48am   33    0  0.02   1  28   8:53pm  SE 30.31   88
2    45.8  58.5   3:18pm  38.5  12:04am   19    0  0.00   0  12  12:05am WNW 30.15   93
3    43.2  48.4   2:04pm  36.5  10:34pm   22    0  0.55   1  19   5:38pm NNE 29.93   99
4    29.6  37.1  12:00am  19.7  10:50pm   35    0  0.07   1  30  10:51am NNW 30.11   97
5    30.4  36.9   8:45pm  19.4   1:29am   34    0  0.05   0  26   9:43pm  NW 30.13   98
6    31.3  35.2  12:33pm  24.4  11:58pm   34    0  0.05   0  18   9:28am   N 30.27   95
7    30.5  44.9   2:17pm  20.8   4:01am   35    0  0.00   0   6  11:21am NNW 30.44   84
8    42.0  58.5   2:08pm  30.5  12:00am   23    0  0.00   0  11  12:55am NNW 30.09   76
9    37.2  44.4   3:09am  28.3  11:57pm   28    0  0.04   1  19  11:57pm NNW 29.86   93
10   33.0  42.4   1:33pm  22.7   6:11am   32    0  0.00   1  19  12:00am  SW 29.80   78
11   31.5  42.4   4:46am  23.0  11:40pm   33    0  0.15   4  37   6:35am   W 29.69   86
12   27.3  35.4   2:07pm  19.4   6:50am   38    0  0.03   2  36  12:16am   W 30.13   76
13   37.7  47.7   2:05pm  26.6  12:17am   27    0  0.01   1  19  12:54pm SSW 29.94   77
14   39.5  52.7   2:54pm  30.7   6:30am   25    0  0.00   0  16   9:36am  SW 29.95   67
15   41.0  54.2  12:45pm  31.9   6:15am   24    0  0.24   1  30   9:16pm  SE 29.95   77
16   40.9  47.0   8:45am  37.3   6:02pm   24    0  0.20   2  24   5:52pm   N 29.69   98
17   36.7  38.0  12:00am  35.4  10:08pm   28    0  0.01   1  19   8:32am   N 30.00   99
18   39.1  55.6   2:54pm  30.7   8:45pm   26    0  0.00   0  11  12:50am  NE 30.12   92
19   43.9  58.4  12:34pm  31.6  12:06am   21    0  0.01   0   6   9:35pm SSE 29.85   77
20   30.0  38.9   3:02am  21.6  11:53pm   35    0  0.20   2  32   3:24pm   N 29.27   97
21   19.8  21.6  12:00am  18.7   5:58pm   45    0  0.00   2  29   9:45pm  NW 29.39   95
22   20.4  21.4  10:53pm  19.0   1:58am   44    0  0.00   7  47   7:36am NNW 29.88   95
23   21.2  22.6   1:31pm  19.9   7:31am   44    0  0.00   0   0  12:00am   N 30.24   96
24   24.5  28.1  11:42pm  20.9   4:41am   41    0  0.00   0   0  12:00am   N 30.31   97
25   30.3  31.4   2:38pm  28.0  12:18am   35    0  0.00   0   0  12:00am   N 30.21   99
26   31.3  37.3  11:37am  25.1  11:57pm   33    0  0.41   0  14   9:54pm NNW 30.08   99
27   24.4  26.0  12:25pm  22.2  11:21pm   40    0  0.00   1  22  10:23am NNW 30.05   96
28   20.4  26.9   2:56pm  15.0  11:53pm   45    0  0.00   0  14   6:32am NNW 30.17   95
29   30.2  35.9   8:57pm  15.0  12:00am   35    0  0.03   1  26   9:31am SSE 30.03   97
30   38.0  43.1  10:49am  33.5  11:20pm   27    0  0.48   2  28   6:08pm SSE 29.88  100
---------------------------------------------------------------------------------------
TOT  32.8  58.5  11/2/16  15.0 11/28/16  964    0  2.55   1  41 11/22/16 NNW 30.00   91

HEAT BASE: 65.0
COOL BASE: 65.0